000
CDUS41 KCLE 020540
CLIMFD


CLIMATE REPORT
NATIONAL WEATHER SERVICE CLEVELAND OH
1240 AM EST FRI DEC 2 2016


...................................

...THE MANSFIELD OH CLIMATE SUMMARY FOR DECEMBER 1 2016...

CLIMATE NORMAL PERIOD 1981 TO 2010
CLIMATE RECORD PERIOD 1916 TO 2016


WEATHER ITEM   OBSERVED TIME   RECORD YEAR NORMAL DEPARTURE LAST
                VALUE   (LST)  VALUE       VALUE  FROM      YEAR
                                                  NORMAL
..................................................................
TEMPERATURE (F)
 YESTERDAY
  MAXIMUM         38    216 PM  67    1970  42     -4       56
  MINIMUM         34    609 AM   2    1929  28      6       39
  AVERAGE         36                        35      1       48

PRECIPITATION (IN)
  YESTERDAY        T                         0.11  -0.11     0.06
  MONTH TO DATE    T                         0.11  -0.11     0.06
  SINCE DEC 1      T                         0.11  -0.11     0.06
  SINCE JAN 1     32.10                     41.01  -8.91    35.41

SNOWFALL (IN)
  YESTERDAY        T                         0.2   -0.2      0.0
  MONTH TO DATE    T                         0.2   -0.2      0.0
  SINCE DEC 1      T                         0.2   -0.2      0.0
  SINCE JUL 1      0.2                       2.9   -2.7      0.0
  SNOW DEPTH       0

DEGREE DAYS
 HEATING
  YESTERDAY       29                        30     -1       17
  MONTH TO DATE   29                        30     -1       17
  SINCE DEC 1     29                        30     -1       17
  SINCE JUL 1    906                      1311   -405      957

 COOLING
  YESTERDAY        0                         0      0        0
  MONTH TO DATE    0                         0      0        0
  SINCE DEC 1      0                         0      0        0
  SINCE JAN 1   1084                       632    452      778
..................................................................


WIND (MPH)
  HIGHEST WIND SPEED    22   HIGHEST WIND DIRECTION    SW (240)
  HIGHEST GUST SPEED    33   HIGHEST GUST DIRECTION     W (270)
  AVERAGE WIND SPEED    13.8


SKY COVER
  POSSIBLE SUNSHINE  MM
  AVERAGE SKY COVER 1.0


WEATHER CONDITIONS
 THE FOLLOWING WEATHER WAS RECORDED YESTERDAY.
  LIGHT SNOW
  FOG


RELATIVE HUMIDITY (PERCENT)
 HIGHEST    96           500 AM
 LOWEST     70           300 AM
 AVERAGE    83

..........................................................


THE MANSFIELD OH CLIMATE NORMALS FOR TODAY
                         NORMAL    RECORD    YEAR
 MAXIMUM TEMPERATURE (F)   41        68      1982
 MINIMUM TEMPERATURE (F)   27        -7      1976


SUNRISE AND SUNSET
DECEMBER  2 2016......SUNRISE   736 AM EST   SUNSET   503 PM EST
DECEMBER  3 2016......SUNRISE   737 AM EST   SUNSET   503 PM EST


-  INDICATES NEGATIVE NUMBERS.
R  INDICATES RECORD WAS SET OR TIED.
MM INDICATES DATA IS MISSING.
T  INDICATES TRACE AMOUNT.




$$
