000
CDUS41 KCLE 190545
CLIMFD


CLIMATE REPORT
NATIONAL WEATHER SERVICE CLEVELAND OH
145 AM EDT SUN OCT 19 2014


...................................

...THE MANSFIELD OH CLIMATE SUMMARY FOR OCTOBER 18 2014...

CLIMATE NORMAL PERIOD 1981 TO 2010
CLIMATE RECORD PERIOD 1916 TO 2014


WEATHER ITEM   OBSERVED TIME   RECORD YEAR NORMAL DEPARTURE LAST
                VALUE   (LST)  VALUE       VALUE  FROM      YEAR
                                                  NORMAL
..................................................................
TEMPERATURE (F)
 YESTERDAY
  MAXIMUM         54   1242 AM  85    1938  61     -7       63
  MINIMUM         43    659 AM  21    1939  41      2       41
  AVERAGE         49                        51     -2       52

PRECIPITATION (IN)
  YESTERDAY        T                         0.09  -0.09     0.00
  MONTH TO DATE    1.15                      1.69  -0.54     3.15
  SINCE SEP 1      2.62                      5.01  -2.39     5.88
  SINCE JAN 1     31.84                     35.84  -4.00    34.80

SNOWFALL (IN)
  YESTERDAY       MM                         0.0   MM        0.0
  MONTH TO DATE    0.0                       0.1   -0.1      0.0
  SINCE SEP 1      0.0                       0.1   -0.1      0.0
  SINCE JUL 1      0.0                       0.1   -0.1      0.0
  SNOW DEPTH       0

DEGREE DAYS
 HEATING
  YESTERDAY       16                        14      2       13
  MONTH TO DATE  185                       208    -23      118
  SINCE SEP 1    297                       333    -36      236
  SINCE JUL 1    324                       358    -34      264

 COOLING
  YESTERDAY        0                         0      0        0
  MONTH TO DATE    4                         5     -1       24
  SINCE SEP 1     69                        68      1       99
  SINCE JAN 1    623                       630     -7      741
..................................................................


WIND (MPH)
  HIGHEST WIND SPEED    20   HIGHEST WIND DIRECTION    NW (310)
  HIGHEST GUST SPEED    31   HIGHEST GUST DIRECTION     W (290)
  AVERAGE WIND SPEED    11.2


SKY COVER
  POSSIBLE SUNSHINE  MM
  AVERAGE SKY COVER 0.9


WEATHER CONDITIONS
 THE FOLLOWING WEATHER WAS RECORDED YESTERDAY.
  LIGHT RAIN


RELATIVE HUMIDITY (PERCENT)
 HIGHEST    89           600 AM
 LOWEST     66          1000 AM
 AVERAGE    78

..........................................................


THE MANSFIELD OH CLIMATE NORMALS FOR TODAY
                         NORMAL    RECORD    YEAR
 MAXIMUM TEMPERATURE (F)   61        81      1953
 MINIMUM TEMPERATURE (F)   41        25      1958


SUNRISE AND SUNSET
OCTOBER 19 2014.......SUNRISE   746 AM EDT   SUNSET   644 PM EDT
OCTOBER 20 2014.......SUNRISE   747 AM EDT   SUNSET   642 PM EDT


-  INDICATES NEGATIVE NUMBERS.
R  INDICATES RECORD WAS SET OR TIED.
MM INDICATES DATA IS MISSING.
T  INDICATES TRACE AMOUNT.




$$
