000
CDUS41 KCLE 260530
CLIMFD


CLIMATE REPORT
NATIONAL WEATHER SERVICE CLEVELAND OH
1230 AM EST MON JAN 26 2015


...................................

...THE MANSFIELD OH CLIMATE SUMMARY FOR JANUARY 25 2015...

CLIMATE NORMAL PERIOD 1981 TO 2010
CLIMATE RECORD PERIOD 1916 TO 2015


WEATHER ITEM   OBSERVED TIME   RECORD YEAR NORMAL DEPARTURE LAST
                VALUE   (LST)  VALUE       VALUE  FROM      YEAR
                                                  NORMAL
..................................................................
TEMPERATURE (F)
 YESTERDAY
  MAXIMUM         35    939 AM  69    1950  33      2       28
  MINIMUM         19   1159 PM -10    1961  18      1        8
                                      1936
  AVERAGE         27                        26      1       18

PRECIPITATION (IN)
  YESTERDAY        0.35                      0.09   0.26     0.18
  MONTH TO DATE    2.98                      2.36   0.62     1.95
  SINCE DEC 1      4.84                      5.65  -0.81     6.13
  SINCE JAN 1      2.98                      2.36   0.62     1.95

SNOWFALL (IN)
  YESTERDAY        4.3                       0.4    3.9      2.9
  MONTH TO DATE   18.7                      10.8    7.9     18.7
  SINCE DEC 1     18.9                      21.3   -2.4     35.1
  SINCE JUL 1     24.8                      24.0    0.8     36.7
  SNOW DEPTH       2

DEGREE DAYS
 HEATING
  YESTERDAY       38                        39     -1       47
  MONTH TO DATE 1041                       991     50     1121
  SINCE DEC 1   2004                      2087    -83     2188
  SINCE JUL 1   3392                      3368     24     3520

 COOLING
  YESTERDAY        0                         0      0        0
  MONTH TO DATE    0                         0      0        0
  SINCE DEC 1      0                         0      0        0
  SINCE JAN 1      0                         0      0        0
..................................................................


WIND (MPH)
  HIGHEST WIND SPEED    17   HIGHEST WIND DIRECTION    SW (220)
  HIGHEST GUST SPEED    26   HIGHEST GUST DIRECTION    SW (230)
  AVERAGE WIND SPEED     9.8


SKY COVER
  POSSIBLE SUNSHINE  MM
  AVERAGE SKY COVER 1.0


WEATHER CONDITIONS
 THE FOLLOWING WEATHER WAS RECORDED YESTERDAY.
  SNOW
  LIGHT SNOW
  FOG


RELATIVE HUMIDITY (PERCENT)
 HIGHEST   100          1100 AM
 LOWEST     85           200 PM
 AVERAGE    93

..........................................................


THE MANSFIELD OH CLIMATE NORMALS FOR TODAY
                         NORMAL    RECORD    YEAR
 MAXIMUM TEMPERATURE (F)   33        67      1950
 MINIMUM TEMPERATURE (F)   18        -9      1924


SUNRISE AND SUNSET
JANUARY 26 2015.......SUNRISE   746 AM EST   SUNSET   540 PM EST
JANUARY 27 2015.......SUNRISE   745 AM EST   SUNSET   541 PM EST


-  INDICATES NEGATIVE NUMBERS.
R  INDICATES RECORD WAS SET OR TIED.
MM INDICATES DATA IS MISSING.
T  INDICATES TRACE AMOUNT.




$$
