000
CDUS41 KCLE 052114
CLIMFD


CLIMATE REPORT
NATIONAL WEATHER SERVICE CLEVELAND OH
512 PM EDT FRI MAY 5 2017


...................................

...THE MANSFIELD OH CLIMATE SUMMARY FOR MAY 5 2017...
VALID TODAY AS OF 0500 PM LOCAL TIME.

CLIMATE NORMAL PERIOD 1981 TO 2010
CLIMATE RECORD PERIOD 1916 TO 2017


WEATHER ITEM   OBSERVED TIME   RECORD YEAR NORMAL DEPARTURE LAST
                VALUE   (LST)  VALUE       VALUE  FROM      YEAR
                                                  NORMAL
..................................................................
TEMPERATURE (F)
 TODAY
  MAXIMUM         49    119 AM  86    1952  66    -17       59
  MINIMUM         45    359 PM  26    1957  45      0       43
  AVERAGE         47                        56     -9       51

PRECIPITATION (IN)
  TODAY            0.94                      0.14   0.80     0.13
  MONTH TO DATE    1.90                      0.68   1.22     0.67
  SINCE MAR 1      9.66                      8.21   1.45     8.34
  SINCE JAN 1     17.52                     13.47   4.05    13.24

SNOWFALL (IN)
  TODAY            0.0                       0.0    0.0      0.0
  MONTH TO DATE    0.0                       0.0    0.0      0.0
  SINCE MAR 1     15.0                      10.4    4.6      7.2
  SINCE JUL 1     36.6                      48.3  -11.7     27.6
  SNOW DEPTH       0

DEGREE DAYS
 HEATING
  TODAY           18                        10      8       14
  MONTH TO DATE   70                        53     17       65
  SINCE MAR 1   1175                      1413   -238     1216
  SINCE JUL 1   4845                      6038  -1193     4988

 COOLING
  TODAY            0                         0      0        0
  MONTH TO DATE    0                         0      0        0
  SINCE MAR 1     18                         8     10        0
  SINCE JAN 1     18                         8     10        0
..................................................................


WIND (MPH)
  HIGHEST WIND SPEED    24   HIGHEST WIND DIRECTION     N (350)
  HIGHEST GUST SPEED    33   HIGHEST GUST DIRECTION     N (360)


SKY COVER
  POSSIBLE SUNSHINE  MM
  AVERAGE SKY COVER 1.0


WEATHER CONDITIONS
 THE FOLLOWING WEATHER WAS RECORDED TODAY.
  HEAVY RAIN
  RAIN
  LIGHT RAIN
  FOG


RELATIVE HUMIDITY (PERCENT)
 HIGHEST   100          1200 AM
 LOWEST     93           200 PM
 AVERAGE    97

..........................................................


THE MANSFIELD OH CLIMATE NORMALS FOR TOMORROW
                         NORMAL    RECORD    YEAR
 MAXIMUM TEMPERATURE (F)   67        86      1959
 MINIMUM TEMPERATURE (F)   45        24      1957


SUNRISE AND SUNSET
MAY  5 2017...........SUNRISE   623 AM EDT   SUNSET   831 PM EDT
MAY  6 2017...........SUNRISE   622 AM EDT   SUNSET   832 PM EDT


-  INDICATES NEGATIVE NUMBERS.
R  INDICATES RECORD WAS SET OR TIED.
MM INDICATES DATA IS MISSING.
T  INDICATES TRACE AMOUNT.




$$
