000
CDUS41 KCLE 150529
CLIMFD


CLIMATE REPORT
NATIONAL WEATHER SERVICE CLEVELAND OH
129 AM EDT WED JUL 15 2015


...................................

...THE MANSFIELD OH CLIMATE SUMMARY FOR JULY 14 2015...

CLIMATE NORMAL PERIOD 1981 TO 2010
CLIMATE RECORD PERIOD 1916 TO 2015


WEATHER ITEM   OBSERVED TIME   RECORD YEAR NORMAL DEPARTURE LAST
                VALUE   (LST)  VALUE       VALUE  FROM      YEAR
                                                  NORMAL
..................................................................
TEMPERATURE (F)
 YESTERDAY
  MAXIMUM         83   1152 AM 104    1936  82      1       84
  MINIMUM         66    545 AM  43    1940  62      4       65
  AVERAGE         75                        72      3       75

PRECIPITATION (IN)
  YESTERDAY        0.25                      0.14   0.11     0.05
  MONTH TO DATE    1.06                      2.06  -1.00     1.29
  SINCE JUN 1      8.50                      6.81   1.69     7.77
  SINCE JAN 1     26.29                     24.14   2.15    24.10

SNOWFALL (IN)
  YESTERDAY        0.0                       0.0    0.0      0.0
  MONTH TO DATE    0.0                       0.0    0.0      0.0
  SINCE JUN 1      0.0                       0.0    0.0      0.0
  SINCE JUL 1      0.0                       0.0    0.0      0.0
  SNOW DEPTH       0

DEGREE DAYS
 HEATING
  YESTERDAY        0                         0      0        0
  MONTH TO DATE    0                         0      0        4
  SINCE JUN 1     33                        53    -20       28
  SINCE JUL 1      0                         0      0        4

 COOLING
  YESTERDAY       10                         7      3       10
  MONTH TO DATE   50                        98    -48       87
  SINCE JUN 1    206                       232    -26      256
  SINCE JAN 1    324                       278     46      319
..................................................................


WIND (MPH)
  HIGHEST WIND SPEED    29   HIGHEST WIND DIRECTION    NW (320)
  HIGHEST GUST SPEED    34   HIGHEST GUST DIRECTION    NW (320)
  AVERAGE WIND SPEED    10.4


SKY COVER
  POSSIBLE SUNSHINE  MM
  AVERAGE SKY COVER 0.6


WEATHER CONDITIONS
 THE FOLLOWING WEATHER WAS RECORDED YESTERDAY.
  THUNDERSTORM
  RAIN
  LIGHT RAIN
  FOG


RELATIVE HUMIDITY (PERCENT)
 HIGHEST   100          1100 PM
 LOWEST     65          1200 PM
 AVERAGE    83

..........................................................


THE MANSFIELD OH CLIMATE NORMALS FOR TODAY
                         NORMAL    RECORD    YEAR
 MAXIMUM TEMPERATURE (F)   82        96      1995
 MINIMUM TEMPERATURE (F)   62        40      1930


SUNRISE AND SUNSET
JULY 15 2015..........SUNRISE   611 AM EDT   SUNSET   900 PM EDT
JULY 16 2015..........SUNRISE   612 AM EDT   SUNSET   900 PM EDT


-  INDICATES NEGATIVE NUMBERS.
R  INDICATES RECORD WAS SET OR TIED.
MM INDICATES DATA IS MISSING.
T  INDICATES TRACE AMOUNT.




$$
