000
CDUS41 KCLE 010538
CLIMFD


CLIMATE REPORT
NATIONAL WEATHER SERVICE CLEVELAND OH
137 AM EDT MON AUG 1 2016


...................................

...THE MANSFIELD OH CLIMATE SUMMARY FOR JULY 31 2016...

CLIMATE NORMAL PERIOD 1981 TO 2010
CLIMATE RECORD PERIOD 1916 TO 2016


WEATHER ITEM   OBSERVED TIME   RECORD YEAR NORMAL DEPARTURE LAST
                VALUE   (LST)  VALUE       VALUE  FROM      YEAR
                                                  NORMAL
..................................................................
TEMPERATURE (F)
 YESTERDAY
  MAXIMUM         88    409 PM  96    1933  81      7       86
  MINIMUM         64    548 AM  45    1936  61      3       64
  AVERAGE         76                        71      5       75

PRECIPITATION (IN)
  YESTERDAY        T                         0.13  -0.13     0.00
  MONTH TO DATE    1.75                      4.38  -2.63     1.49
  SINCE JUN 1      3.84                      9.13  -5.29     8.93
  SINCE JAN 1     20.24                     26.46  -6.22    26.72

SNOWFALL (IN)
  YESTERDAY        0.0                       0.0    0.0      0.0
  MONTH TO DATE    0.0                       0.0    0.0      0.0
  SINCE JUN 1      0.0                       0.0    0.0      0.0
  SINCE JUL 1      0.0                       0.0    0.0      0.0
  SNOW DEPTH       0

DEGREE DAYS
 HEATING
  YESTERDAY        0                         0      0        0
  MONTH TO DATE    1                         0      1        3
  SINCE JUN 1     14                        61    -47       36
  SINCE JUL 1      1                         8     -7        3

 COOLING
  YESTERDAY       11                         6      5       10
  MONTH TO DATE  318                       210    108      189
  SINCE JUN 1    500                       344    156      345
  SINCE JAN 1    562                       390    172      463
..................................................................


WIND (MPH)
  HIGHEST WIND SPEED    15   HIGHEST WIND DIRECTION    NW (330)
  HIGHEST GUST SPEED    20   HIGHEST GUST DIRECTION    NW (330)
  AVERAGE WIND SPEED     4.5


SKY COVER
  POSSIBLE SUNSHINE  MM
  AVERAGE SKY COVER 0.3


WEATHER CONDITIONS
 THE FOLLOWING WEATHER WAS RECORDED YESTERDAY.
  FOG
  FOG W/VISIBILITY <= 1/4 MILE


RELATIVE HUMIDITY (PERCENT)
 HIGHEST   100           100 AM
 LOWEST     42           400 PM
 AVERAGE    71

..........................................................


THE MANSFIELD OH CLIMATE NORMALS FOR TODAY
                         NORMAL    RECORD    YEAR
 MAXIMUM TEMPERATURE (F)   81        94      1935
                                             1933
 MINIMUM TEMPERATURE (F)   61        41      1947


SUNRISE AND SUNSET
AUGUST  1 2016........SUNRISE   627 AM EDT   SUNSET   845 PM EDT
AUGUST  2 2016........SUNRISE   628 AM EDT   SUNSET   844 PM EDT


-  INDICATES NEGATIVE NUMBERS.
R  INDICATES RECORD WAS SET OR TIED.
MM INDICATES DATA IS MISSING.
T  INDICATES TRACE AMOUNT.




$$
