000
CDUS41 KCLE 180527
CLIMFD


CLIMATE REPORT
NATIONAL WEATHER SERVICE CLEVELAND OH
1226 AM EST WED FEB 18 2015


...................................

...THE MANSFIELD OH CLIMATE SUMMARY FOR FEBRUARY 17 2015...

CLIMATE NORMAL PERIOD 1981 TO 2010
CLIMATE RECORD PERIOD 1916 TO 2015


WEATHER ITEM   OBSERVED TIME   RECORD YEAR NORMAL DEPARTURE LAST
                VALUE   (LST)  VALUE       VALUE  FROM      YEAR
                                                  NORMAL
..................................................................
TEMPERATURE (F)
 YESTERDAY
  MAXIMUM         18   1159 PM  57    2011  37    -19       34
                                      2006
                                      1961
  MINIMUM         -7    635 AM -11    1979  21    -28        1
  AVERAGE          6                        29    -23       18

PRECIPITATION (IN)
  YESTERDAY        T                         0.08  -0.08     0.18
  MONTH TO DATE    1.16                      1.43  -0.27     1.50
  SINCE DEC 1      6.48                      7.59  -1.11     7.70
  SINCE JAN 1      4.62                      4.30   0.32     3.52

SNOWFALL (IN)
  YESTERDAY        0.2                       0.5   -0.3      2.2
  MONTH TO DATE   13.3                       6.9    6.4     14.7
  SINCE DEC 1     38.5                      30.7    7.8     50.7
  SINCE JUL 1     44.4                      33.4   11.0     52.3
  SNOW DEPTH       4

DEGREE DAYS
 HEATING
  YESTERDAY       59                        36     23       47
  MONTH TO DATE  792                       643    149      814
  SINCE DEC 1   3075                      2962    113     3304
  SINCE JUL 1   4463                      4243    220     4636

 COOLING
  YESTERDAY        0                         0      0        0
  MONTH TO DATE    0                         0      0        0
  SINCE DEC 1      0                         0      0        0
  SINCE JAN 1      0                         0      0        0
..................................................................


WIND (MPH)
  HIGHEST WIND SPEED    18   HIGHEST WIND DIRECTION     S (180)
  HIGHEST GUST SPEED    23   HIGHEST GUST DIRECTION     S (200)
  AVERAGE WIND SPEED     8.5


SKY COVER
  POSSIBLE SUNSHINE  MM
  AVERAGE SKY COVER 0.5


WEATHER CONDITIONS
 THE FOLLOWING WEATHER WAS RECORDED YESTERDAY.
  LIGHT SNOW
  FOG
  HAZE


RELATIVE HUMIDITY (PERCENT)
 HIGHEST    91           800 AM
 LOWEST     42           100 PM
 AVERAGE    67

..........................................................


THE MANSFIELD OH CLIMATE NORMALS FOR TODAY
                         NORMAL    RECORD    YEAR
 MAXIMUM TEMPERATURE (F)   37        60      1961
                                             1948
 MINIMUM TEMPERATURE (F)   21        -9      1936


SUNRISE AND SUNSET
FEBRUARY 18 2015......SUNRISE   720 AM EST   SUNSET   608 PM EST
FEBRUARY 19 2015......SUNRISE   719 AM EST   SUNSET   609 PM EST


-  INDICATES NEGATIVE NUMBERS.
R  INDICATES RECORD WAS SET OR TIED.
MM INDICATES DATA IS MISSING.
T  INDICATES TRACE AMOUNT.




$$
