000
CDUS41 KCLE 090527
CLIMFD


CLIMATE REPORT
NATIONAL WEATHER SERVICE CLEVELAND OH
126 AM EDT MON MAY 9 2016


...................................

...THE MANSFIELD OH CLIMATE SUMMARY FOR MAY 8 2016...

CLIMATE NORMAL PERIOD 1981 TO 2010
CLIMATE RECORD PERIOD 1916 TO 2016


WEATHER ITEM   OBSERVED TIME   RECORD YEAR NORMAL DEPARTURE LAST
                VALUE   (LST)  VALUE       VALUE  FROM      YEAR
                                                  NORMAL
..................................................................
TEMPERATURE (F)
 YESTERDAY
  MAXIMUM         65    559 PM  87    2015  67     -2       87
  MINIMUM         40    537 AM  26    1958  46     -6       62
  AVERAGE         53                        56     -3       75

PRECIPITATION (IN)
  YESTERDAY        0.00                      0.13  -0.13     0.00
  MONTH TO DATE    1.41                      1.07   0.34     0.66
  SINCE MAR 1      9.08                      8.60   0.48     8.90
  SINCE JAN 1     13.98                     13.86   0.12    14.06

SNOWFALL (IN)
  YESTERDAY        0.0                       0.0    0.0      0.0
  MONTH TO DATE    0.0                       0.0    0.0      0.0
  SINCE MAR 1      7.2                      10.4   -3.2     10.7
  SINCE JUL 1     27.6                      48.3  -20.7     63.2
  SNOW DEPTH       0

DEGREE DAYS
 HEATING
  YESTERDAY       12                         9      3        0
  MONTH TO DATE   96                        81     15       20
  SINCE MAR 1   1247                      1441   -194     1397
  SINCE JUL 1   5019                      6066  -1047     6469

 COOLING
  YESTERDAY        0                         1     -1       10
  MONTH TO DATE    0                         3     -3       21
  SINCE MAR 1      0                        11    -11       21
  SINCE JAN 1      0                        11    -11       21
..................................................................


WIND (MPH)
  HIGHEST WIND SPEED    15   HIGHEST WIND DIRECTION    SW (230)
  HIGHEST GUST SPEED    21   HIGHEST GUST DIRECTION    SW (240)
  AVERAGE WIND SPEED     6.5


SKY COVER
  POSSIBLE SUNSHINE  MM
  AVERAGE SKY COVER 0.2


WEATHER CONDITIONS
 THE FOLLOWING WEATHER WAS RECORDED YESTERDAY.
  NO SIGNIFICANT WEATHER WAS OBSERVED.


RELATIVE HUMIDITY (PERCENT)
 HIGHEST    92           200 AM
 LOWEST     31           400 PM
 AVERAGE    62

..........................................................


THE MANSFIELD OH CLIMATE NORMALS FOR TODAY
                         NORMAL    RECORD    YEAR
 MAXIMUM TEMPERATURE (F)   68        88      1936
                                             1930
 MINIMUM TEMPERATURE (F)   46        27      1966


SUNRISE AND SUNSET
MAY  9 2016...........SUNRISE   618 AM EDT   SUNSET   835 PM EDT
MAY 10 2016...........SUNRISE   617 AM EDT   SUNSET   836 PM EDT


-  INDICATES NEGATIVE NUMBERS.
R  INDICATES RECORD WAS SET OR TIED.
MM INDICATES DATA IS MISSING.
T  INDICATES TRACE AMOUNT.




$$
