000
CDUS41 KCLE 272213
CLIMFD


CLIMATE REPORT
NATIONAL WEATHER SERVICE CLEVELAND OH
513 PM EST FRI FEB 27 2015


...................................

...THE MANSFIELD OH CLIMATE SUMMARY FOR FEBRUARY 27 2015...
VALID TODAY AS OF 0500 PM LOCAL TIME.

CLIMATE NORMAL PERIOD 1981 TO 2010
CLIMATE RECORD PERIOD 1916 TO 2015


WEATHER ITEM   OBSERVED TIME   RECORD YEAR NORMAL DEPARTURE LAST
                VALUE   (LST)  VALUE       VALUE  FROM      YEAR
                                                  NORMAL
..................................................................
TEMPERATURE (F)
 TODAY
  MAXIMUM         15    323 PM  67    1996  40    -25       17
  MINIMUM          1    513 AM  -8    1934  23    -22        1
  AVERAGE          8                        31    -23        9

PRECIPITATION (IN)
  TODAY            T                         0.09  -0.09     0.02
  MONTH TO DATE    1.68                      2.30  -0.62     2.31
  SINCE DEC 1      7.00                      8.46  -1.46     8.51
  SINCE JAN 1      5.14                      5.17  -0.03     4.33

SNOWFALL (IN)
  TODAY            T                         0.4   -0.4      0.4
  MONTH TO DATE   21.1                      11.0   10.1     16.3
  SINCE DEC 1     46.3                      34.8   11.5     52.3
  SINCE JUL 1     52.2                      37.5   14.7     53.9
  SNOW DEPTH       3

DEGREE DAYS
 HEATING
  TODAY           57                        34     23       56
  MONTH TO DATE 1345                       993    352     1169
  SINCE DEC 1   3628                      3312    316     3659
  SINCE JUL 1   5016                      4593    423     4991

 COOLING
  TODAY            0                         0      0        0
  MONTH TO DATE    0                         0      0        0
  SINCE DEC 1      0                         0      0        0
  SINCE JAN 1      0                         0      0        0
..................................................................


WIND (MPH)
  HIGHEST WIND SPEED    12   HIGHEST WIND DIRECTION    NW (310)
  HIGHEST GUST SPEED    14   HIGHEST GUST DIRECTION    NW (310)


SKY COVER
  POSSIBLE SUNSHINE  MM
  AVERAGE SKY COVER 0.6


WEATHER CONDITIONS
 THE FOLLOWING WEATHER WAS RECORDED TODAY.
  LIGHT SNOW
  FOG


RELATIVE HUMIDITY (PERCENT)
 HIGHEST    91           200 AM
 LOWEST     53           200 PM
 AVERAGE    72

..........................................................


THE MANSFIELD OH CLIMATE NORMALS FOR TOMORROW
                         NORMAL    RECORD    YEAR
 MAXIMUM TEMPERATURE (F)   40        63      1939
 MINIMUM TEMPERATURE (F)   23        -3      1934


SUNRISE AND SUNSET
FEBRUARY 27 2015......SUNRISE   707 AM EST   SUNSET   619 PM EST
FEBRUARY 28 2015......SUNRISE   706 AM EST   SUNSET   620 PM EST


-  INDICATES NEGATIVE NUMBERS.
R  INDICATES RECORD WAS SET OR TIED.
MM INDICATES DATA IS MISSING.
T  INDICATES TRACE AMOUNT.




$$
