000
CDUS41 KCLE 280545
CLIMFD


CLIMATE REPORT
NATIONAL WEATHER SERVICE CLEVELAND OH
145 AM EDT THU APR 28 2016


...................................

...THE MANSFIELD OH CLIMATE SUMMARY FOR APRIL 27 2016...

CLIMATE NORMAL PERIOD 1981 TO 2010
CLIMATE RECORD PERIOD 1916 TO 2016


WEATHER ITEM   OBSERVED TIME   RECORD YEAR NORMAL DEPARTURE LAST
                VALUE   (LST)  VALUE       VALUE  FROM      YEAR
                                                  NORMAL
..................................................................
TEMPERATURE (F)
 YESTERDAY
  MAXIMUM         62    325 PM  86    1990  64     -2       45
                                      1986
  MINIMUM         38    621 AM  26    1971  42     -4       33
  AVERAGE         50                        53     -3       39

PRECIPITATION (IN)
  YESTERDAY        0.00                      0.13  -0.13      T
  MONTH TO DATE    2.59                      3.74  -1.15     5.01
  SINCE MAR 1      6.74                      7.13  -0.39     7.88
  SINCE JAN 1     11.64                     12.39  -0.75    13.04

SNOWFALL (IN)
  YESTERDAY        0.0                       0.0    0.0      0.0
  MONTH TO DATE    4.2                       2.5    1.7      0.0
  SINCE MAR 1      7.2                      10.3   -3.1     10.7
  SINCE JUL 1     27.6                      48.2  -20.6     63.2
  SNOW DEPTH       0

DEGREE DAYS
 HEATING
  YESTERDAY       15                        12      3       26
  MONTH TO DATE  473                       458     15      371
  SINCE MAR 1   1092                      1323   -231     1324
  SINCE JUL 1   4864                      5948  -1084     6396

 COOLING
  YESTERDAY        0                         0      0        0
  MONTH TO DATE    0                         0      0        0
  SINCE MAR 1      0                         1     -1        0
  SINCE JAN 1      0                         1     -1        0
..................................................................


WIND (MPH)
  HIGHEST WIND SPEED    15   HIGHEST WIND DIRECTION     N (20)
  HIGHEST GUST SPEED    19   HIGHEST GUST DIRECTION     N (20)
  AVERAGE WIND SPEED     8.6


SKY COVER
  POSSIBLE SUNSHINE  MM
  AVERAGE SKY COVER 0.7


WEATHER CONDITIONS
 THE FOLLOWING WEATHER WAS RECORDED YESTERDAY.
  NO SIGNIFICANT WEATHER WAS OBSERVED.


RELATIVE HUMIDITY (PERCENT)
 HIGHEST    92           100 AM
 LOWEST     39           800 PM
 AVERAGE    66

..........................................................


THE MANSFIELD OH CLIMATE NORMALS FOR TODAY
                         NORMAL    RECORD    YEAR
 MAXIMUM TEMPERATURE (F)   64        83      1986
 MINIMUM TEMPERATURE (F)   42        19      1946


SUNRISE AND SUNSET
APRIL 28 2016.........SUNRISE   632 AM EDT   SUNSET   824 PM EDT
APRIL 29 2016.........SUNRISE   630 AM EDT   SUNSET   825 PM EDT


-  INDICATES NEGATIVE NUMBERS.
R  INDICATES RECORD WAS SET OR TIED.
MM INDICATES DATA IS MISSING.
T  INDICATES TRACE AMOUNT.




$$
