000
CDUS41 KCLE 220534
CLIMFD


CLIMATE REPORT
NATIONAL WEATHER SERVICE CLEVELAND OH
1234 AM EST SAT NOV 22 2014


...................................

...THE MANSFIELD OH CLIMATE SUMMARY FOR NOVEMBER 21 2014...

CLIMATE NORMAL PERIOD 1981 TO 2010
CLIMATE RECORD PERIOD 1916 TO 2014


WEATHER ITEM   OBSERVED TIME   RECORD YEAR NORMAL DEPARTURE LAST
                VALUE   (LST)  VALUE       VALUE  FROM      YEAR
                                                  NORMAL
..................................................................
TEMPERATURE (F)
 YESTERDAY
  MAXIMUM         24    257 PM  69    1934  47    -23       48
  MINIMUM         12R   724 AM  13    1964  31    -19       37
  AVERAGE         18                        39    -21       43

PRECIPITATION (IN)
  YESTERDAY        T                         0.13  -0.13     0.12
  MONTH TO DATE    1.15                      2.67  -1.52     2.03
  SINCE SEP 1      4.45                      8.93  -4.48     9.70
  SINCE JAN 1     33.67                     39.76  -6.09    38.62

SNOWFALL (IN)
  YESTERDAY        T                         0.1   -0.1       T
  MONTH TO DATE    4.4                       1.1    3.3      0.5
  SINCE SEP 1      4.4                       1.6    2.8      0.5
  SINCE JUL 1      4.4                       1.6    2.8      0.5
  SNOW DEPTH       3

DEGREE DAYS
 HEATING
  YESTERDAY       47                        26     21       22
  MONTH TO DATE  628                       460    168      478
  SINCE SEP 1   1126                      1003    123      966
  SINCE JUL 1   1153                      1028    125      994

 COOLING
  YESTERDAY        0                         0      0        0
  MONTH TO DATE    0                         0      0        0
  SINCE SEP 1     69                        70     -1       99
  SINCE JAN 1    623                       632     -9      741
..................................................................


WIND (MPH)
  HIGHEST WIND SPEED    14   HIGHEST WIND DIRECTION     S (170)
  HIGHEST GUST SPEED    19   HIGHEST GUST DIRECTION     S (180)
  AVERAGE WIND SPEED     7.0


SKY COVER
  POSSIBLE SUNSHINE  MM
  AVERAGE SKY COVER 0.2


WEATHER CONDITIONS
 THE FOLLOWING WEATHER WAS RECORDED YESTERDAY.
  LIGHT SNOW


RELATIVE HUMIDITY (PERCENT)
 HIGHEST    76           600 AM
 LOWEST     54           100 PM
 AVERAGE    65

..........................................................


THE MANSFIELD OH CLIMATE NORMALS FOR TODAY
                         NORMAL    RECORD    YEAR
 MAXIMUM TEMPERATURE (F)   46        68      2010
                                             1934
 MINIMUM TEMPERATURE (F)   31        10      1964


SUNRISE AND SUNSET
NOVEMBER 22 2014......SUNRISE   725 AM EST   SUNSET   507 PM EST
NOVEMBER 23 2014......SUNRISE   726 AM EST   SUNSET   506 PM EST


-  INDICATES NEGATIVE NUMBERS.
R  INDICATES RECORD WAS SET OR TIED.
MM INDICATES DATA IS MISSING.
T  INDICATES TRACE AMOUNT.




$$
