000
CDUS41 KCLE 170526
CLIMFD


CLIMATE REPORT
NATIONAL WEATHER SERVICE CLEVELAND OH
126 AM EDT WED SEP 17 2014


...................................

...THE MANSFIELD OH CLIMATE SUMMARY FOR SEPTEMBER 16 2014...

CLIMATE NORMAL PERIOD 1981 TO 2010
CLIMATE RECORD PERIOD 1916 TO 2014


WEATHER ITEM   OBSERVED TIME   RECORD YEAR NORMAL DEPARTURE LAST
                VALUE   (LST)  VALUE       VALUE  FROM      YEAR
                                                  NORMAL
..................................................................
TEMPERATURE (F)
 YESTERDAY
  MAXIMUM         68    332 PM  95    1939  73     -5       69
                                      1927
  MINIMUM         46   1159 PM  36    1923  53     -7       48
  AVERAGE         57                        63     -6       59

PRECIPITATION (IN)
  YESTERDAY        T                         0.11  -0.11      T
  MONTH TO DATE    0.93                      1.83  -0.90     1.27
  SINCE SEP 1      0.93                      1.83  -0.90     1.27
  SINCE JAN 1     30.15                     32.66  -2.51    30.19

SNOWFALL (IN)
  YESTERDAY        0.0                       0.0    0.0      0.0
  MONTH TO DATE    0.0                       0.0    0.0      0.0
  SINCE SEP 1      0.0                       0.0    0.0      0.0
  SINCE JUL 1      0.0                       0.0    0.0      0.0
  SNOW DEPTH       0

DEGREE DAYS
 HEATING
  YESTERDAY        8                         4      4        6
  MONTH TO DATE   50                        37     13       45
  SINCE SEP 1     50                        37     13       45
  SINCE JUL 1     77                        62     15       73

 COOLING
  YESTERDAY        0                         2     -2        0
  MONTH TO DATE   59                        46     13       63
  SINCE SEP 1     59                        46     13       63
  SINCE JAN 1    613                       608      5      705
..................................................................


WIND (MPH)
  HIGHEST WIND SPEED    12   HIGHEST WIND DIRECTION    NW (320)
  HIGHEST GUST SPEED    24   HIGHEST GUST DIRECTION     N (20)
  AVERAGE WIND SPEED     4.8


SKY COVER
  POSSIBLE SUNSHINE  MM
  AVERAGE SKY COVER 0.6


WEATHER CONDITIONS
 THE FOLLOWING WEATHER WAS RECORDED YESTERDAY.
  FOG


RELATIVE HUMIDITY (PERCENT)
 HIGHEST   100           100 AM
 LOWEST     52           400 PM
 AVERAGE    76

..........................................................


THE MANSFIELD OH CLIMATE NORMALS FOR TODAY
                         NORMAL    RECORD    YEAR
 MAXIMUM TEMPERATURE (F)   73        91      1955
                                             1931
 MINIMUM TEMPERATURE (F)   52        29      1959


SUNRISE AND SUNSET
SEPTEMBER 17 2014.....SUNRISE   713 AM EDT   SUNSET   736 PM EDT
SEPTEMBER 18 2014.....SUNRISE   714 AM EDT   SUNSET   734 PM EDT


-  INDICATES NEGATIVE NUMBERS.
R  INDICATES RECORD WAS SET OR TIED.
MM INDICATES DATA IS MISSING.
T  INDICATES TRACE AMOUNT.




$$
