768
CDUS41 KCLE 131311
CLIMFD


CLIMATE REPORT
NATIONAL WEATHER SERVICE CLEVELAND OH
810 AM EST SAT FEB 13 2016


...................................

...THE MANSFIELD OH CLIMATE SUMMARY FOR FEBRUARY 12 2016...

CLIMATE NORMAL PERIOD 1981 TO 2010
CLIMATE RECORD PERIOD 1916 TO 2016


WEATHER ITEM   OBSERVED TIME   RECORD YEAR NORMAL DEPARTURE LAST
                VALUE   (LST)  VALUE       VALUE  FROM      YEAR
                                                  NORMAL
..................................................................
TEMPERATURE (F)
 YESTERDAY
  MAXIMUM         22    406 PM  64    1999  36    -14       29
  MINIMUM          6    517 AM -16    1917  20    -14        0
  AVERAGE         14                        28    -14       15

PRECIPITATION (IN)
  YESTERDAY        0.01                      0.09  -0.08     0.02
  MONTH TO DATE    1.30                      1.02   0.28     0.96
  SINCE DEC 1      7.00                      7.18  -0.18     6.28
  SINCE JAN 1      2.84                      3.89  -1.05     4.42

SNOWFALL (IN)
  YESTERDAY       MM                         0.4   MM        0.6
  MONTH TO DATE    6.0                       4.8    1.2      9.1
  SINCE DEC 1     14.9                      28.6  -13.7     34.3
  SINCE JUL 1     14.9                      31.3  -16.4     40.2
  SNOW DEPTH       0

DEGREE DAYS
 HEATING
  YESTERDAY       51                        37     14       50
  MONTH TO DATE  420                       459    -39      493
  SINCE DEC 1   2292                      2778   -486     2776
  SINCE JUL 1   3232                      4059   -827     4164

 COOLING
  YESTERDAY        0                         0      0        0
  MONTH TO DATE    0                         0      0        0
  SINCE DEC 1      0                         0      0        0
  SINCE JAN 1      0                         0      0        0
..................................................................


WIND (MPH)
  HIGHEST WIND SPEED    21   HIGHEST WIND DIRECTION    NW (300)
  HIGHEST GUST SPEED    31   HIGHEST GUST DIRECTION    NW (310)
  AVERAGE WIND SPEED    10.2


SKY COVER
  POSSIBLE SUNSHINE  MM
  AVERAGE SKY COVER 0.9


WEATHER CONDITIONS
 THE FOLLOWING WEATHER WAS RECORDED YESTERDAY.
  SNOW
  LIGHT SNOW
  FOG
  HAZE


RELATIVE HUMIDITY (PERCENT)
 HIGHEST    84           600 PM
 LOWEST     52           300 PM
 AVERAGE    68

..........................................................


THE MANSFIELD OH CLIMATE NORMALS FOR TODAY
                         NORMAL    RECORD    YEAR
 MAXIMUM TEMPERATURE (F)   36        67      1938
 MINIMUM TEMPERATURE (F)   20       -10      1917


SUNRISE AND SUNSET
FEBRUARY 13 2016......SUNRISE   727 AM EST   SUNSET   602 PM EST
FEBRUARY 14 2016......SUNRISE   726 AM EST   SUNSET   603 PM EST


-  INDICATES NEGATIVE NUMBERS.
R  INDICATES RECORD WAS SET OR TIED.
MM INDICATES DATA IS MISSING.
T  INDICATES TRACE AMOUNT.




$$
