000
CDUS41 KCLE 010546
CLIMFD


CLIMATE REPORT
NATIONAL WEATHER SERVICE CLEVELAND OH
145 AM EDT TUE SEP 1 2015


...................................

...THE MANSFIELD OH CLIMATE SUMMARY FOR AUGUST 31 2015...

CLIMATE NORMAL PERIOD 1981 TO 2010
CLIMATE RECORD PERIOD 1916 TO 2015


WEATHER ITEM   OBSERVED TIME   RECORD YEAR NORMAL DEPARTURE LAST
                VALUE   (LST)  VALUE       VALUE  FROM      YEAR
                                                  NORMAL
..................................................................
TEMPERATURE (F)
 YESTERDAY
  MAXIMUM         87    348 PM  97    1932  78      9       81
  MINIMUM         64    625 AM  36    1946  58      6       70
  AVERAGE         76                        68      8       76

PRECIPITATION (IN)
  YESTERDAY        0.00                      0.14  -0.14     0.11
  MONTH TO DATE    1.27                      4.37  -3.10     3.67
  SINCE JUN 1     10.20                     13.50  -3.30    12.89
  SINCE JAN 1     27.99                     30.83  -2.84    29.22

SNOWFALL (IN)
  YESTERDAY        0.0                       0.0    0.0      0.0
  MONTH TO DATE    0.0                       0.0    0.0      0.0
  SINCE JUN 1      0.0                       0.0    0.0      0.0
  SINCE JUL 1      0.0                       0.0    0.0      0.0
  SNOW DEPTH       0

DEGREE DAYS
 HEATING
  YESTERDAY        0                         1     -1        0
  MONTH TO DATE   14                        12      2       10
  SINCE JUN 1     50                        78    -28       51
  SINCE JUL 1     17                        25     -8       27

 COOLING
  YESTERDAY       11                         4      7       11
  MONTH TO DATE  168                       172     -4      185
  SINCE JUN 1    513                       516     -3      491
  SINCE JAN 1    631                       562     69      554
..................................................................


WIND (MPH)
  HIGHEST WIND SPEED    12   HIGHEST WIND DIRECTION     W (260)
  HIGHEST GUST SPEED    16   HIGHEST GUST DIRECTION     W (270)
  AVERAGE WIND SPEED     5.1


SKY COVER
  POSSIBLE SUNSHINE  MM
  AVERAGE SKY COVER 0.0


WEATHER CONDITIONS
 THE FOLLOWING WEATHER WAS RECORDED YESTERDAY.
  NO SIGNIFICANT WEATHER WAS OBSERVED.


RELATIVE HUMIDITY (PERCENT)
 HIGHEST   100           600 AM
 LOWEST     48           400 PM
 AVERAGE    74

..........................................................


THE MANSFIELD OH CLIMATE NORMALS FOR TODAY
                         NORMAL    RECORD    YEAR
 MAXIMUM TEMPERATURE (F)   78        95      1953
                                             1932
 MINIMUM TEMPERATURE (F)   58        43      2009
                                             1935


SUNRISE AND SUNSET
SEPTEMBER  1 2015.....SUNRISE   657 AM EDT   SUNSET   803 PM EDT
SEPTEMBER  2 2015.....SUNRISE   658 AM EDT   SUNSET   801 PM EDT


-  INDICATES NEGATIVE NUMBERS.
R  INDICATES RECORD WAS SET OR TIED.
MM INDICATES DATA IS MISSING.
T  INDICATES TRACE AMOUNT.




$$
