000
CDUS41 KCLE 230528
CLIMFD


CLIMATE REPORT
NATIONAL WEATHER SERVICE CLEVELAND OH
127 AM EDT SAT MAY 23 2015


...................................

...THE MANSFIELD OH CLIMATE SUMMARY FOR MAY 22 2015...

CLIMATE NORMAL PERIOD 1981 TO 2010
CLIMATE RECORD PERIOD 1916 TO 2015


WEATHER ITEM   OBSERVED TIME   RECORD YEAR NORMAL DEPARTURE LAST
                VALUE   (LST)  VALUE       VALUE  FROM      YEAR
                                                  NORMAL
..................................................................
TEMPERATURE (F)
 YESTERDAY
  MAXIMUM         66    516 PM  90    1941  71     -5       73
  MINIMUM         43    218 AM  31    2002  50     -7       57
  AVERAGE         55                        60     -5       65

PRECIPITATION (IN)
  YESTERDAY        0.00                      0.16  -0.16     0.00
  MONTH TO DATE    1.82                      3.09  -1.27     2.81
  SINCE MAR 1     10.06                     10.62  -0.56    11.81
  SINCE JAN 1     15.22                     15.88  -0.66    16.14

SNOWFALL (IN)
  YESTERDAY        0.0                       0.0    0.0      0.0
  MONTH TO DATE    0.0                       0.0    0.0      0.0
  SINCE MAR 1     10.7                      10.4    0.3     11.5
  SINCE JUL 1     63.2                      48.3   14.9     65.4
  SNOW DEPTH       0

DEGREE DAYS
 HEATING
  YESTERDAY       10                         6      4        0
  MONTH TO DATE  108                       187    -79      168
  SINCE MAR 1   1485                      1547    -62     1637
  SINCE JUL 1   6557                      6172    385     6681

 COOLING
  YESTERDAY        0                         2     -2        0
  MONTH TO DATE   70                        18     52       38
  SINCE MAR 1     70                        26     44       40
  SINCE JAN 1     70                        26     44       40
..................................................................


WIND (MPH)
  HIGHEST WIND SPEED    17   HIGHEST WIND DIRECTION     N (340)
  HIGHEST GUST SPEED    20   HIGHEST GUST DIRECTION    NW (320)
  AVERAGE WIND SPEED     7.8


SKY COVER
  POSSIBLE SUNSHINE  MM
  AVERAGE SKY COVER 0.1


WEATHER CONDITIONS
 THE FOLLOWING WEATHER WAS RECORDED YESTERDAY.
  NO SIGNIFICANT WEATHER WAS OBSERVED.


RELATIVE HUMIDITY (PERCENT)
 HIGHEST    76           300 AM
 LOWEST     28           100 PM
 AVERAGE    52

..........................................................


THE MANSFIELD OH CLIMATE NORMALS FOR TODAY
                         NORMAL    RECORD    YEAR
 MAXIMUM TEMPERATURE (F)   71        90      1921
 MINIMUM TEMPERATURE (F)   50        30      1963


SUNRISE AND SUNSET
MAY 23 2015...........SUNRISE   606 AM EDT   SUNSET   848 PM EDT
MAY 24 2015...........SUNRISE   606 AM EDT   SUNSET   849 PM EDT


-  INDICATES NEGATIVE NUMBERS.
R  INDICATES RECORD WAS SET OR TIED.
MM INDICATES DATA IS MISSING.
T  INDICATES TRACE AMOUNT.




$$
