000
CDUS41 KCLE 220545
CLIMFD


CLIMATE REPORT
NATIONAL WEATHER SERVICE CLEVELAND OH
145 AM EDT SAT APR 22 2017


...................................

...THE MANSFIELD OH CLIMATE SUMMARY FOR APRIL 21 2017...

CLIMATE NORMAL PERIOD 1981 TO 2010
CLIMATE RECORD PERIOD 1916 TO 2017


WEATHER ITEM   OBSERVED TIME   RECORD YEAR NORMAL DEPARTURE LAST
                VALUE   (LST)  VALUE       VALUE  FROM      YEAR
                                                  NORMAL
..................................................................
TEMPERATURE (F)
 YESTERDAY
  MAXIMUM         64    112 AM  84    1985  62      2       66
  MINIMUM         46   1159 PM  25    1981  40      6       56
  AVERAGE         55                        51      4       61

PRECIPITATION (IN)
  YESTERDAY        0.00                      0.13  -0.13     0.19
  MONTH TO DATE    2.53                      2.93  -0.40     2.11
  SINCE MAR 1      6.29                      6.32  -0.03     6.26
  SINCE JAN 1     14.15                     11.58   2.57    11.16

SNOWFALL (IN)
  YESTERDAY        0.0                       0.0    0.0      0.0
  MONTH TO DATE    4.3                       2.3    2.0      4.2
  SINCE MAR 1     15.0                      10.1    4.9      7.2
  SINCE JUL 1     36.6                      48.0  -11.4     27.6
  SNOW DEPTH       0

DEGREE DAYS
 HEATING
  YESTERDAY       10                        14     -4        4
  MONTH TO DATE  215                       379   -164      407
  SINCE MAR 1   1037                      1244   -207     1026
  SINCE JUL 1   4707                      5869  -1162     4798

 COOLING
  YESTERDAY        0                         0      0        0
  MONTH TO DATE   14                         0     14        0
  SINCE MAR 1     14                         1     13        0
  SINCE JAN 1     14                         1     13        0
..................................................................


WIND (MPH)
  HIGHEST WIND SPEED    21   HIGHEST WIND DIRECTION    NW (310)
  HIGHEST GUST SPEED    28   HIGHEST GUST DIRECTION    NW (310)
  AVERAGE WIND SPEED    10.6


SKY COVER
  POSSIBLE SUNSHINE  MM
  AVERAGE SKY COVER 0.6


WEATHER CONDITIONS
 THE FOLLOWING WEATHER WAS RECORDED YESTERDAY.
  NO SIGNIFICANT WEATHER WAS OBSERVED.


RELATIVE HUMIDITY (PERCENT)
 HIGHEST    93           100 AM
 LOWEST     55           300 PM
 AVERAGE    74

..........................................................


THE MANSFIELD OH CLIMATE NORMALS FOR TODAY
                         NORMAL    RECORD    YEAR
 MAXIMUM TEMPERATURE (F)   62        84      1985
 MINIMUM TEMPERATURE (F)   40        23      1922


SUNRISE AND SUNSET
APRIL 22 2017.........SUNRISE   640 AM EDT   SUNSET   817 PM EDT
APRIL 23 2017.........SUNRISE   639 AM EDT   SUNSET   818 PM EDT


-  INDICATES NEGATIVE NUMBERS.
R  INDICATES RECORD WAS SET OR TIED.
MM INDICATES DATA IS MISSING.
T  INDICATES TRACE AMOUNT.




$$
