000
CDUS41 KCLE 260527
CLIMFD


CLIMATE REPORT
NATIONAL WEATHER SERVICE CLEVELAND OH
1227 AM EST WED NOV 26 2014


...................................

...THE MANSFIELD OH CLIMATE SUMMARY FOR NOVEMBER 25 2014...

CLIMATE NORMAL PERIOD 1981 TO 2010
CLIMATE RECORD PERIOD 1916 TO 2014


WEATHER ITEM   OBSERVED TIME   RECORD YEAR NORMAL DEPARTURE LAST
                VALUE   (LST)  VALUE       VALUE  FROM      YEAR
                                                  NORMAL
..................................................................
TEMPERATURE (F)
 YESTERDAY
  MAXIMUM         36   1202 AM  65    2006  45     -9       34
  MINIMUM         28   1159 PM   5    1950  30     -2       16
  AVERAGE         32                        37     -5       25

PRECIPITATION (IN)
  YESTERDAY        0.00                      0.13  -0.13      T
  MONTH TO DATE    1.83                      3.20  -1.37     2.16
  SINCE SEP 1      5.13                      9.46  -4.33     9.83
  SINCE JAN 1     34.35                     40.29  -5.94    38.75

SNOWFALL (IN)
  YESTERDAY        0.0                       0.1   -0.1       T
  MONTH TO DATE    4.4                       1.5    2.9      0.7
  SINCE SEP 1      4.4                       2.0    2.4      0.7
  SINCE JUL 1      4.4                       2.0    2.4      0.7
  SNOW DEPTH       0

DEGREE DAYS
 HEATING
  YESTERDAY       33                        28      5       40
  MONTH TO DATE  720                       568    152      629
  SINCE SEP 1   1218                      1111    107     1117
  SINCE JUL 1   1245                      1136    109     1145

 COOLING
  YESTERDAY        0                         0      0        0
  MONTH TO DATE    0                         0      0        0
  SINCE SEP 1     69                        70     -1       99
  SINCE JAN 1    623                       632     -9      741
..................................................................


WIND (MPH)
  HIGHEST WIND SPEED    23   HIGHEST WIND DIRECTION    SW (220)
  HIGHEST GUST SPEED    30   HIGHEST GUST DIRECTION    SW (230)
  AVERAGE WIND SPEED    12.5


SKY COVER
  POSSIBLE SUNSHINE  MM
  AVERAGE SKY COVER 0.9


WEATHER CONDITIONS
 THE FOLLOWING WEATHER WAS RECORDED YESTERDAY.
  NO SIGNIFICANT WEATHER WAS OBSERVED.


RELATIVE HUMIDITY (PERCENT)
 HIGHEST    85           600 PM
 LOWEST     69           100 PM
 AVERAGE    77

..........................................................


THE MANSFIELD OH CLIMATE NORMALS FOR TODAY
                         NORMAL    RECORD    YEAR
 MAXIMUM TEMPERATURE (F)   44        65      2006
 MINIMUM TEMPERATURE (F)   29         7      1950


SUNRISE AND SUNSET
NOVEMBER 26 2014......SUNRISE   730 AM EST   SUNSET   505 PM EST
NOVEMBER 27 2014......SUNRISE   731 AM EST   SUNSET   504 PM EST


-  INDICATES NEGATIVE NUMBERS.
R  INDICATES RECORD WAS SET OR TIED.
MM INDICATES DATA IS MISSING.
T  INDICATES TRACE AMOUNT.




$$
