000
CDUS41 KCLE 230545
CLIMFD


CLIMATE REPORT
NATIONAL WEATHER SERVICE CLEVELAND OH
145 AM EDT SAT JUL 23 2016


...................................

...THE MANSFIELD OH CLIMATE SUMMARY FOR JULY 22 2016...

CLIMATE NORMAL PERIOD 1981 TO 2010
CLIMATE RECORD PERIOD 1916 TO 2016


WEATHER ITEM   OBSERVED TIME   RECORD YEAR NORMAL DEPARTURE LAST
                VALUE   (LST)  VALUE       VALUE  FROM      YEAR
                                                  NORMAL
..................................................................
TEMPERATURE (F)
 YESTERDAY
  MAXIMUM         89    438 PM 103    1934  82      7       78
  MINIMUM         68    650 AM  45    1936  62      6       58
  AVERAGE         79                        72      7       68

PRECIPITATION (IN)
  YESTERDAY        0.40                      0.14   0.26     0.00
  MONTH TO DATE    1.68                      3.15  -1.47     1.49
  SINCE JUN 1      3.77                      7.90  -4.13     8.93
  SINCE JAN 1     20.17                     25.23  -5.06    26.72

SNOWFALL (IN)
  YESTERDAY        0.0                       0.0    0.0      0.0
  MONTH TO DATE    0.0                       0.0    0.0      0.0
  SINCE JUN 1      0.0                       0.0    0.0      0.0
  SINCE JUL 1      0.0                       0.0    0.0      0.0
  SNOW DEPTH       0

DEGREE DAYS
 HEATING
  YESTERDAY        0                         0      0        0
  MONTH TO DATE    1                         0      1        3
  SINCE JUN 1     14                        53    -39       36
  SINCE JUL 1      1                         0      1        3

 COOLING
  YESTERDAY       14                         7      7        3
  MONTH TO DATE  201                       154     47      103
  SINCE JUN 1    383                       288     95      259
  SINCE JAN 1    445                       334    111      377
..................................................................


WIND (MPH)
  HIGHEST WIND SPEED    26   HIGHEST WIND DIRECTION    SW (220)
  HIGHEST GUST SPEED    34   HIGHEST GUST DIRECTION    SW (230)
  AVERAGE WIND SPEED     9.0


SKY COVER
  POSSIBLE SUNSHINE  MM
  AVERAGE SKY COVER 0.2


WEATHER CONDITIONS
 THE FOLLOWING WEATHER WAS RECORDED YESTERDAY.
  THUNDERSTORM
  HEAVY RAIN
  RAIN
  LIGHT RAIN
  FOG
  HAZE


RELATIVE HUMIDITY (PERCENT)
 HIGHEST    90           300 AM
 LOWEST     59           500 PM
 AVERAGE    75

..........................................................


THE MANSFIELD OH CLIMATE NORMALS FOR TODAY
                         NORMAL    RECORD    YEAR
 MAXIMUM TEMPERATURE (F)   82        99      1933
 MINIMUM TEMPERATURE (F)   61        48      1944


SUNRISE AND SUNSET
JULY 23 2016..........SUNRISE   619 AM EDT   SUNSET   854 PM EDT
JULY 24 2016..........SUNRISE   620 AM EDT   SUNSET   853 PM EDT


-  INDICATES NEGATIVE NUMBERS.
R  INDICATES RECORD WAS SET OR TIED.
MM INDICATES DATA IS MISSING.
T  INDICATES TRACE AMOUNT.




$$
