439
CDUS41 KCLE 302115
CLIMFD


CLIMATE REPORT
NATIONAL WEATHER SERVICE CLEVELAND OH
515 PM EDT MON MAY 30 2016


...................................

...THE MANSFIELD OH CLIMATE SUMMARY FOR MAY 30 2016...
VALID TODAY AS OF 0500 PM LOCAL TIME.

CLIMATE NORMAL PERIOD 1981 TO 2010
CLIMATE RECORD PERIOD 1916 TO 2016


WEATHER ITEM   OBSERVED TIME   RECORD YEAR NORMAL DEPARTURE LAST
                VALUE   (LST)  VALUE       VALUE  FROM      YEAR
                                                  NORMAL
..................................................................
TEMPERATURE (F)
 TODAY
  MAXIMUM         83    359 PM  91    1929  73     10       85
  MINIMUM         60    501 AM  32    1947  53      7       65
  AVERAGE         72                        63      9       75

PRECIPITATION (IN)
  TODAY            0.00                      0.16  -0.16     0.86
  MONTH TO DATE    3.83                      4.37  -0.54     3.68
  SINCE MAR 1     11.50                     11.90  -0.40    11.92
  SINCE JAN 1     16.40                     17.16  -0.76    17.08

SNOWFALL (IN)
  TODAY            0.0                       0.0    0.0      0.0
  MONTH TO DATE    0.0                       0.0    0.0      0.0
  SINCE MAR 1      7.2                      10.4   -3.2     10.7
  SINCE JUL 1     27.6                      48.3  -20.7     63.2
  SNOW DEPTH       0

DEGREE DAYS
 HEATING
  TODAY            0                         4     -4        0
  MONTH TO DATE  239                       228     11      115
  SINCE MAR 1   1390                      1588   -198     1492
  SINCE JUL 1   5162                      6213  -1051     6564

 COOLING
  TODAY            7                         2      5       10
  MONTH TO DATE   55                        34     21      118
  SINCE MAR 1     55                        42     13      118
  SINCE JAN 1     55                        42     13      118
..................................................................


WIND (MPH)
  HIGHEST WIND SPEED    14   HIGHEST WIND DIRECTION    NW (310)
  HIGHEST GUST SPEED    18   HIGHEST GUST DIRECTION    NW (320)


SKY COVER
  POSSIBLE SUNSHINE  MM
  AVERAGE SKY COVER 0.1


WEATHER CONDITIONS
 THE FOLLOWING WEATHER WAS RECORDED TODAY.
  FOG


RELATIVE HUMIDITY (PERCENT)
 HIGHEST   100           400 AM
 LOWEST     40           400 PM
 AVERAGE    70

..........................................................


THE MANSFIELD OH CLIMATE NORMALS FOR TOMORROW
                         NORMAL    RECORD    YEAR
 MAXIMUM TEMPERATURE (F)   74        95      1919
 MINIMUM TEMPERATURE (F)   53        37      1947
                                             1930


SUNRISE AND SUNSET
MAY 30 2016...........SUNRISE   602 AM EDT   SUNSET   854 PM EDT
MAY 31 2016...........SUNRISE   601 AM EDT   SUNSET   855 PM EDT


-  INDICATES NEGATIVE NUMBERS.
R  INDICATES RECORD WAS SET OR TIED.
MM INDICATES DATA IS MISSING.
T  INDICATES TRACE AMOUNT.




$$
