000
CDUS41 KCLE 160529
CLIMFD


CLIMATE REPORT
NATIONAL WEATHER SERVICE CLEVELAND OH
1229 AM EST FRI FEB 16 2018


...................................

...THE MANSFIELD OH CLIMATE SUMMARY FOR FEBRUARY 15 2018...

CLIMATE NORMAL PERIOD 1981 TO 2010
CLIMATE RECORD PERIOD 1916 TO 2018


WEATHER ITEM   OBSERVED TIME   RECORD YEAR NORMAL DEPARTURE LAST
                VALUE   (LST)  VALUE       VALUE  FROM      YEAR
                                                  NORMAL
..................................................................
TEMPERATURE (F)
 YESTERDAY
  MAXIMUM         60    927 PM  65    1954  36     24       39
  MINIMUM         48   1159 PM -11    2015  20     28       25
  AVERAGE         54                        28     26       32

PRECIPITATION (IN)
  YESTERDAY        0.65                      0.09   0.56      T
  MONTH TO DATE    1.43                      1.27   0.16     1.24
  SINCE DEC 1      5.79                      7.43  -1.64    10.29
  SINCE JAN 1      3.94                      4.14  -0.20     7.15

SNOWFALL (IN)
  YESTERDAY        0.0                       0.4   -0.4       T
  MONTH TO DATE    7.6                       6.0    1.6      3.8
  SINCE DEC 1     29.4                      29.8   -0.4     21.4
  SINCE JUL 1     29.5                      32.5   -3.0     21.6
  SNOW DEPTH       0

DEGREE DAYS
 HEATING
  YESTERDAY       11                        37    -26       33
  MONTH TO DATE  575                       570      5      471
  SINCE DEC 1   2976                      2889     87     2573
  SINCE JUL 1   4058                      4170   -112     3450

 COOLING
  YESTERDAY        0                         0      0        0
  MONTH TO DATE    0                         0      0        0
  SINCE DEC 1      0                         0      0        0
  SINCE JAN 1      0                         0      0        0
..................................................................


WIND (MPH)
  HIGHEST WIND SPEED    24   HIGHEST WIND DIRECTION    SW (230)
  HIGHEST GUST SPEED    34   HIGHEST GUST DIRECTION    SW (220)
  AVERAGE WIND SPEED    13.6


SKY COVER
  POSSIBLE SUNSHINE  MM
  AVERAGE SKY COVER 1.0


WEATHER CONDITIONS
 THE FOLLOWING WEATHER WAS RECORDED YESTERDAY.
  HEAVY RAIN
  LIGHT RAIN
  FOG


RELATIVE HUMIDITY (PERCENT)
 HIGHEST   100          1200 AM
 LOWEST     80           100 PM
 AVERAGE    90

..........................................................


THE MANSFIELD OH CLIMATE NORMALS FOR TODAY
                         NORMAL    RECORD    YEAR
 MAXIMUM TEMPERATURE (F)   36        64      1927
 MINIMUM TEMPERATURE (F)   21        -9      2015
                                             1939


SUNRISE AND SUNSET
FEBRUARY 16 2018......SUNRISE   723 AM EST   SUNSET   606 PM EST
FEBRUARY 17 2018......SUNRISE   721 AM EST   SUNSET   607 PM EST


-  INDICATES NEGATIVE NUMBERS.
R  INDICATES RECORD WAS SET OR TIED.
MM INDICATES DATA IS MISSING.
T  INDICATES TRACE AMOUNT.




$$
