000
CDUS41 KCLE 160610
CLIMFD


CLIMATE REPORT
NATIONAL WEATHER SERVICE CLEVELAND OH
127 AM EDT MON OCT 16 2017


...................................

...THE MANSFIELD OH CLIMATE SUMMARY FOR OCTOBER 15 2017...

CLIMATE NORMAL PERIOD 1981 TO 2010
CLIMATE RECORD PERIOD 1916 TO 2017


WEATHER ITEM   OBSERVED TIME   RECORD YEAR NORMAL DEPARTURE LAST
                VALUE   (LST)  VALUE       VALUE  FROM      YEAR
                                                  NORMAL
..................................................................
TEMPERATURE (F)
 YESTERDAY
  MAXIMUM         78   1149 AM  86    1928  62     16       75
  MINIMUM         50   1159 PM  19    1939  42      8       44
  AVERAGE         64                        52     12       60

PRECIPITATION (IN)
  YESTERDAY        T                         0.09  -0.09     0.00
  MONTH TO DATE    2.21                      1.42   0.79     0.27
  SINCE SEP 1      3.81                      4.74  -0.93     3.98
  SINCE JAN 1     40.39                     35.57   4.82    27.61

SNOWFALL (IN)
  YESTERDAY        0.0                       0.0    0.0      0.0
  MONTH TO DATE    0.0                       0.1   -0.1      0.0
  SINCE SEP 1      0.0                       0.1   -0.1      0.0
  SINCE JUL 1      0.0                       0.1   -0.1      0.0
  SNOW DEPTH       0

DEGREE DAYS
 HEATING
  YESTERDAY        1                        13    -12        5
  MONTH TO DATE   29                       167   -138       99
  SINCE SEP 1    119                       292   -173      133
  SINCE JUL 1    133                       317   -184      134

 COOLING
  YESTERDAY        0                         0      0        0
  MONTH TO DATE   19                         5     14        8
  SINCE SEP 1    131                        68     63      154
  SINCE JAN 1    748                       630    118     1058
..................................................................


WIND (MPH)
  HIGHEST WIND SPEED    31   HIGHEST WIND DIRECTION    SW (240)
  HIGHEST GUST SPEED    43   HIGHEST GUST DIRECTION    SW (220)
  AVERAGE WIND SPEED    17.4


SKY COVER
  POSSIBLE SUNSHINE  MM
  AVERAGE SKY COVER 0.7


WEATHER CONDITIONS
 THE FOLLOWING WEATHER WAS RECORDED YESTERDAY.
  LIGHT RAIN
  FOG


RELATIVE HUMIDITY (PERCENT)
 HIGHEST    90           700 AM
 LOWEST     61           100 PM
 AVERAGE    76

..........................................................


THE MANSFIELD OH CLIMATE NORMALS FOR TODAY
                         NORMAL    RECORD    YEAR
 MAXIMUM TEMPERATURE (F)   62        85      1938
 MINIMUM TEMPERATURE (F)   42        21      1937


SUNRISE AND SUNSET
OCTOBER 16 2017.......SUNRISE   743 AM EDT   SUNSET   648 PM EDT
OCTOBER 17 2017.......SUNRISE   744 AM EDT   SUNSET   646 PM EDT


-  INDICATES NEGATIVE NUMBERS.
R  INDICATES RECORD WAS SET OR TIED.
MM INDICATES DATA IS MISSING.
T  INDICATES TRACE AMOUNT.




$$
