000
CDUS41 KCLE 050532
CLIMFD


CLIMATE REPORT
NATIONAL WEATHER SERVICE CLEVELAND OH
1231 AM EST FRI FEB 5 2016


...................................

...THE MANSFIELD OH CLIMATE SUMMARY FOR FEBRUARY 4 2016...

CLIMATE NORMAL PERIOD 1981 TO 2010
CLIMATE RECORD PERIOD 1916 TO 2016


WEATHER ITEM   OBSERVED TIME   RECORD YEAR NORMAL DEPARTURE LAST
                VALUE   (LST)  VALUE       VALUE  FROM      YEAR
                                                  NORMAL
..................................................................
TEMPERATURE (F)
 YESTERDAY
  MAXIMUM         35   1228 AM  58    1991  34      1       36
                                      1924
  MINIMUM         24   1159 PM  -7    1996  19      5       20
  AVERAGE         30                        26      4       28

PRECIPITATION (IN)
  YESTERDAY        T                         0.09  -0.09     0.22
  MONTH TO DATE    0.71                      0.34   0.37     0.81
  SINCE DEC 1      6.41                      6.50  -0.09     6.13
  SINCE JAN 1      2.25                      3.21  -0.96     4.27

SNOWFALL (IN)
  YESTERDAY        T                         0.4   -0.4      4.5
  MONTH TO DATE    T                         1.7   -1.7      8.5
  SINCE DEC 1      8.9                      25.5  -16.6     33.7
  SINCE JUL 1      8.9                      28.2  -19.3     39.6
  SNOW DEPTH       0

DEGREE DAYS
 HEATING
  YESTERDAY       35                        39     -4       37
  MONTH TO DATE  105                       156    -51      158
  SINCE DEC 1   1977                      2475   -498     2441
  SINCE JUL 1   2917                      3756   -839     3829

 COOLING
  YESTERDAY        0                         0      0        0
  MONTH TO DATE    0                         0      0        0
  SINCE DEC 1      0                         0      0        0
  SINCE JAN 1      0                         0      0        0
..................................................................


WIND (MPH)
  HIGHEST WIND SPEED    21   HIGHEST WIND DIRECTION     W (260)
  HIGHEST GUST SPEED    28   HIGHEST GUST DIRECTION     W (270)
  AVERAGE WIND SPEED     9.2


SKY COVER
  POSSIBLE SUNSHINE  MM
  AVERAGE SKY COVER 1.0


WEATHER CONDITIONS
 THE FOLLOWING WEATHER WAS RECORDED YESTERDAY.
  LIGHT SNOW
  FOG
  HAZE


RELATIVE HUMIDITY (PERCENT)
 HIGHEST    92           800 AM
 LOWEST     63          1100 PM
 AVERAGE    78

..........................................................


THE MANSFIELD OH CLIMATE NORMALS FOR TODAY
                         NORMAL    RECORD    YEAR
 MAXIMUM TEMPERATURE (F)   34        60      1938
 MINIMUM TEMPERATURE (F)   19       -17      1918


SUNRISE AND SUNSET
FEBRUARY  5 2016......SUNRISE   737 AM EST   SUNSET   552 PM EST
FEBRUARY  6 2016......SUNRISE   736 AM EST   SUNSET   553 PM EST


-  INDICATES NEGATIVE NUMBERS.
R  INDICATES RECORD WAS SET OR TIED.
MM INDICATES DATA IS MISSING.
T  INDICATES TRACE AMOUNT.




$$
