000
CDUS41 KCLE 200545
CLIMFD


CLIMATE REPORT
NATIONAL WEATHER SERVICE CLEVELAND OH
145 AM EDT SUN APR 20 2014


...................................

...THE MANSFIELD OH CLIMATE SUMMARY FOR APRIL 19 2014...

CLIMATE NORMAL PERIOD 1981 TO 2010
CLIMATE RECORD PERIOD 1916 TO 2014


WEATHER ITEM   OBSERVED TIME   RECORD YEAR NORMAL DEPARTURE LAST
                VALUE   (LST)  VALUE       VALUE  FROM      YEAR
                                                  NORMAL
..................................................................
TEMPERATURE (F)
 YESTERDAY
  MAXIMUM         59    331 PM  83    2002  61     -2       70
  MINIMUM         36    638 AM  24    1926  39     -3       36
  AVERAGE         48                        50     -2       53

PRECIPITATION (IN)
  YESTERDAY        0.00                      0.14  -0.14     0.48
  MONTH TO DATE    3.98                      2.66   1.32     3.40
  SINCE MAR 1      5.82                      6.05  -0.23     5.35
  SINCE JAN 1     10.15                     11.31  -1.16    10.08

SNOWFALL (IN)
  YESTERDAY        0.0                       0.0    0.0      0.0
  MONTH TO DATE    1.0                       2.2   -1.2      0.0
  SINCE MAR 1     11.5                      10.0    1.5      9.5
  SINCE JUL 1     65.4                      47.9   17.5     39.3
  SNOW DEPTH       0

DEGREE DAYS
 HEATING
  YESTERDAY       17                        15      2       12
  MONTH TO DATE  306                       350    -44      309
  SINCE MAR 1   1333                      1215    118     1284
  SINCE JUL 1   6377                      5840    537     5657

 COOLING
  YESTERDAY        0                         0      0        0
  MONTH TO DATE    2                         0      2        6
  SINCE MAR 1      2                         1      1        6
  SINCE JAN 1      2                         1      1        6
..................................................................


WIND (MPH)
  HIGHEST WIND SPEED    15   HIGHEST WIND DIRECTION    NE (40)
  HIGHEST GUST SPEED    22   HIGHEST GUST DIRECTION    NE (40)
  AVERAGE WIND SPEED     8.4


SKY COVER
  POSSIBLE SUNSHINE  MM
  AVERAGE SKY COVER 0.0


WEATHER CONDITIONS
 THE FOLLOWING WEATHER WAS RECORDED YESTERDAY.
  FOG


RELATIVE HUMIDITY (PERCENT)
 HIGHEST    92           400 AM
 LOWEST     25           400 PM
 AVERAGE    59

..........................................................


THE MANSFIELD OH CLIMATE NORMALS FOR TODAY
                         NORMAL    RECORD    YEAR
 MAXIMUM TEMPERATURE (F)   61        82      1987
                                             1985
 MINIMUM TEMPERATURE (F)   40        24      1926


SUNRISE AND SUNSET
APRIL 20 2014.........SUNRISE   644 AM EDT   SUNSET   815 PM EDT
APRIL 21 2014.........SUNRISE   642 AM EDT   SUNSET   816 PM EDT


-  INDICATES NEGATIVE NUMBERS.
R  INDICATES RECORD WAS SET OR TIED.
MM INDICATES DATA IS MISSING.
T  INDICATES TRACE AMOUNT.




$$
