000
CDUS41 KCLE 270526
CLIMFD


CLIMATE REPORT
NATIONAL WEATHER SERVICE CLEVELAND OH
125 AM EDT TUE SEP 27 2016


...................................

...THE MANSFIELD OH CLIMATE SUMMARY FOR SEPTEMBER 26 2016...

CLIMATE NORMAL PERIOD 1981 TO 2010
CLIMATE RECORD PERIOD 1916 TO 2016


WEATHER ITEM   OBSERVED TIME   RECORD YEAR NORMAL DEPARTURE LAST
                VALUE   (LST)  VALUE       VALUE  FROM      YEAR
                                                  NORMAL
..................................................................
TEMPERATURE (F)
 YESTERDAY
  MAXIMUM         68    803 AM  87    1998  69     -1       76
                                      1934
  MINIMUM         50   1057 PM  22    1947  49      1       59
  AVERAGE         59                        59      0       68

PRECIPITATION (IN)
  YESTERDAY        0.17                      0.11   0.06     0.00
  MONTH TO DATE    2.54                      2.91  -0.37     2.13
  SINCE SEP 1      2.54                      2.91  -0.37     2.13
  SINCE JAN 1     26.17                     33.74  -7.57    30.12

SNOWFALL (IN)
  YESTERDAY        0.0                       0.0    0.0      0.0
  MONTH TO DATE    0.0                       0.0    0.0      0.0
  SINCE SEP 1      0.0                       0.0    0.0      0.0
  SINCE JUL 1      0.0                       0.0    0.0      0.0
  SNOW DEPTH       0

DEGREE DAYS
 HEATING
  YESTERDAY        6                         7     -1        0
  MONTH TO DATE   10                        92    -82       34
  SINCE SEP 1     10                        92    -82       34
  SINCE JUL 1     11                       117   -106       51

 COOLING
  YESTERDAY        0                         1     -1        3
  MONTH TO DATE  146                        60     86      131
  SINCE SEP 1    146                        60     86      131
  SINCE JAN 1   1050                       622    428      762
..................................................................


WIND (MPH)
  HIGHEST WIND SPEED    20   HIGHEST WIND DIRECTION     W (270)
  HIGHEST GUST SPEED    31   HIGHEST GUST DIRECTION     W (270)
  AVERAGE WIND SPEED     7.7


SKY COVER
  POSSIBLE SUNSHINE  MM
  AVERAGE SKY COVER 0.4


WEATHER CONDITIONS
 THE FOLLOWING WEATHER WAS RECORDED YESTERDAY.
  RAIN
  LIGHT RAIN
  FOG


RELATIVE HUMIDITY (PERCENT)
 HIGHEST    97          1100 AM
 LOWEST     52          1200 AM
 AVERAGE    75

..........................................................


THE MANSFIELD OH CLIMATE NORMALS FOR TODAY
                         NORMAL    RECORD    YEAR
 MAXIMUM TEMPERATURE (F)   69        85      1973
                                             1946
 MINIMUM TEMPERATURE (F)   48        27      1947


SUNRISE AND SUNSET
SEPTEMBER 27 2016.....SUNRISE   723 AM EDT   SUNSET   718 PM EDT
SEPTEMBER 28 2016.....SUNRISE   724 AM EDT   SUNSET   716 PM EDT


-  INDICATES NEGATIVE NUMBERS.
R  INDICATES RECORD WAS SET OR TIED.
MM INDICATES DATA IS MISSING.
T  INDICATES TRACE AMOUNT.




$$
