000
CDUS41 KCLE 242111
CLIMFD


CLIMATE REPORT
NATIONAL WEATHER SERVICE CLEVELAND OH
510 PM EDT WED MAY 24 2017


...................................

...THE MANSFIELD OH CLIMATE SUMMARY FOR MAY 24 2017...
VALID TODAY AS OF 0500 PM LOCAL TIME.

CLIMATE NORMAL PERIOD 1981 TO 2010
CLIMATE RECORD PERIOD 1916 TO 2017


WEATHER ITEM   OBSERVED TIME   RECORD YEAR NORMAL DEPARTURE LAST
                VALUE   (LST)  VALUE       VALUE  FROM      YEAR
                                                  NORMAL
..................................................................
TEMPERATURE (F)
 TODAY
  MAXIMUM         65   1120 AM  85    2007  72     -7       81
  MINIMUM         58    403 AM  32    1945  51      7       50
  AVERAGE         62                        61      1       66

PRECIPITATION (IN)
  TODAY            0.05                      0.16  -0.11     0.00
  MONTH TO DATE    4.46                      3.41   1.05     3.14
  SINCE MAR 1     12.22                     10.94   1.28    10.81
  SINCE JAN 1     20.08                     16.20   3.88    15.71

SNOWFALL (IN)
  TODAY            0.0                       0.0    0.0      0.0
  MONTH TO DATE    0.0                       0.0    0.0      0.0
  SINCE MAR 1     15.0                      10.4    4.6      7.2
  SINCE JUL 1     36.6                      48.3  -11.7     27.6
  SNOW DEPTH       0

DEGREE DAYS
 HEATING
  TODAY            3                         6     -3        0
  MONTH TO DATE  214                       199     15      239
  SINCE MAR 1   1319                      1559   -240     1390
  SINCE JUL 1   4989                      6184  -1195     5162

 COOLING
  TODAY            0                         2     -2        1
  MONTH TO DATE   29                        22      7        4
  SINCE MAR 1     47                        30     17        4
  SINCE JAN 1     47                        30     17        4
..................................................................


WIND (MPH)
  HIGHEST WIND SPEED    16   HIGHEST WIND DIRECTION     E (110)
  HIGHEST GUST SPEED    20   HIGHEST GUST DIRECTION     E (100)


SKY COVER
  POSSIBLE SUNSHINE  MM
  AVERAGE SKY COVER 0.8


WEATHER CONDITIONS
 THE FOLLOWING WEATHER WAS RECORDED TODAY.
  LIGHT RAIN
  FOG


RELATIVE HUMIDITY (PERCENT)
 HIGHEST   100           600 AM
 LOWEST     72          1200 AM
 AVERAGE    86

..........................................................


THE MANSFIELD OH CLIMATE NORMALS FOR TOMORROW
                         NORMAL    RECORD    YEAR
 MAXIMUM TEMPERATURE (F)   72        88      2012
                                             1918
 MINIMUM TEMPERATURE (F)   51        28      1925


SUNRISE AND SUNSET
MAY 24 2017...........SUNRISE   605 AM EDT   SUNSET   849 PM EDT
MAY 25 2017...........SUNRISE   604 AM EDT   SUNSET   850 PM EDT


-  INDICATES NEGATIVE NUMBERS.
R  INDICATES RECORD WAS SET OR TIED.
MM INDICATES DATA IS MISSING.
T  INDICATES TRACE AMOUNT.




$$
