000
CDUS41 KCLE 262130
CLIMFD


CLIMATE REPORT
NATIONAL WEATHER SERVICE CLEVELAND OH
530 PM EDT SAT JUL 26 2014


...................................

...THE MANSFIELD OH CLIMATE SUMMARY FOR JULY 26 2014...
VALID TODAY AS OF 0500 PM LOCAL TIME.

CLIMATE NORMAL PERIOD 1981 TO 2010
CLIMATE RECORD PERIOD 1916 TO 2014


WEATHER ITEM   OBSERVED TIME   RECORD YEAR NORMAL DEPARTURE LAST
                VALUE   (LST)  VALUE       VALUE  FROM      YEAR
                                                  NORMAL
..................................................................
TEMPERATURE (F)
 TODAY
  MAXIMUM         82    139 PM 102    1934  81      1       79
  MINIMUM         60    515 AM  42    1946  61     -1       53
  AVERAGE         71                        71      0       66

PRECIPITATION (IN)
  TODAY            0.00                      0.14  -0.14     0.00
  MONTH TO DATE    2.66                      3.72  -1.06     5.63
  SINCE JUN 1      9.14                      8.47   0.67    12.62
  SINCE JAN 1     25.47                     25.80  -0.33    26.49

SNOWFALL (IN)
  TODAY            0.0                       0.0    0.0      0.0
  MONTH TO DATE    0.0                       0.0    0.0      0.0
  SINCE JUN 1      0.0                       0.0    0.0      0.0
  SINCE JUL 1      0.0                       0.0    0.0      0.0
  SNOW DEPTH       0

DEGREE DAYS
 HEATING
  TODAY            0                         0      0        0
  MONTH TO DATE   13                         0     13        3
  SINCE JUN 1     37                        53    -16       42
  SINCE JUL 1     13                         0     13        3

 COOLING
  TODAY            6                         7     -1        1
  MONTH TO DATE  125                       182    -57      232
  SINCE JUN 1    294                       316    -22      380
  SINCE JAN 1    357                       362     -5      475
..................................................................


WIND (MPH)
  HIGHEST WIND SPEED    17   HIGHEST WIND DIRECTION     S (190)
  HIGHEST GUST SPEED    21   HIGHEST GUST DIRECTION    SW (210)


SKY COVER
  POSSIBLE SUNSHINE  MM
  AVERAGE SKY COVER 0.6


WEATHER CONDITIONS
 THE FOLLOWING WEATHER WAS RECORDED TODAY.
  THUNDERSTORM


RELATIVE HUMIDITY (PERCENT)
 HIGHEST    90           400 AM
 LOWEST     54           100 PM
 AVERAGE    72

..........................................................


THE MANSFIELD OH CLIMATE NORMALS FOR TOMORROW
                         NORMAL    RECORD    YEAR
 MAXIMUM TEMPERATURE (F)   81        98      1941
                                             1936
 MINIMUM TEMPERATURE (F)   61        41      1946


SUNRISE AND SUNSET
JULY 26 2014..........SUNRISE   621 AM EDT   SUNSET   852 PM EDT
JULY 27 2014..........SUNRISE   622 AM EDT   SUNSET   851 PM EDT


-  INDICATES NEGATIVE NUMBERS.
R  INDICATES RECORD WAS SET OR TIED.
MM INDICATES DATA IS MISSING.
T  INDICATES TRACE AMOUNT.




$$
