000
CDUS41 KCLE 280545
CLIMFD


CLIMATE REPORT
NATIONAL WEATHER SERVICE CLEVELAND OH
145 AM EDT THU MAY 28 2015


...................................

...THE MANSFIELD OH CLIMATE SUMMARY FOR MAY 27 2015...

CLIMATE NORMAL PERIOD 1981 TO 2010
CLIMATE RECORD PERIOD 1916 TO 2015


WEATHER ITEM   OBSERVED TIME   RECORD YEAR NORMAL DEPARTURE LAST
                VALUE   (LST)  VALUE       VALUE  FROM      YEAR
                                                  NORMAL
..................................................................
TEMPERATURE (F)
 YESTERDAY
  MAXIMUM         81        MM  90    2012  73      8       85
                                      1918
  MINIMUM         64        MM  33    1947  52     12       66
  AVERAGE         73                        62     11       76

PRECIPITATION (IN)
  YESTERDAY        0.51                      0.16   0.35     0.04
  MONTH TO DATE    2.61                      3.89  -1.28     2.85
  SINCE MAR 1     10.85                     11.42  -0.57    11.85
  SINCE JAN 1     16.01                     16.68  -0.67    16.18

SNOWFALL (IN)
  YESTERDAY        0.0                       0.0    0.0      0.0
  MONTH TO DATE    0.0                       0.0    0.0      0.0
  SINCE MAR 1     10.7                      10.4    0.3     11.5
  SINCE JUL 1     63.2                      48.3   14.9     65.4
  SNOW DEPTH       0

DEGREE DAYS
 HEATING
  YESTERDAY        0                         5     -5        0
  MONTH TO DATE  115                       214    -99      178
  SINCE MAR 1   1492                      1574    -82     1647
  SINCE JUL 1   6564                      6199    365     6691

 COOLING
  YESTERDAY        8                         2      6       11
  MONTH TO DATE   96                        28     68       53
  SINCE MAR 1     96                        36     60       55
  SINCE JAN 1     96                        36     60       55
..................................................................


WIND (MPH)
  HIGHEST WIND SPEED    22   HIGHEST WIND DIRECTION     S (190)
  HIGHEST GUST SPEED    31   HIGHEST GUST DIRECTION     S (200)
  AVERAGE WIND SPEED    15.8


SKY COVER
  POSSIBLE SUNSHINE  MM
  AVERAGE SKY COVER 0.6


WEATHER CONDITIONS
 THE FOLLOWING WEATHER WAS RECORDED YESTERDAY.
  THUNDERSTORM
  HEAVY RAIN
  RAIN
  LIGHT RAIN
  FOG


RELATIVE HUMIDITY (PERCENT)
 HIGHEST   100           100 AM
 LOWEST     51           300 PM
 AVERAGE    76

..........................................................


THE MANSFIELD OH CLIMATE NORMALS FOR TODAY
                         NORMAL    RECORD    YEAR
 MAXIMUM TEMPERATURE (F)   73        91      2012
 MINIMUM TEMPERATURE (F)   52        35      1949


SUNRISE AND SUNSET
MAY 28 2015...........SUNRISE   603 AM EDT   SUNSET   852 PM EDT
MAY 29 2015...........SUNRISE   602 AM EDT   SUNSET   853 PM EDT


-  INDICATES NEGATIVE NUMBERS.
R  INDICATES RECORD WAS SET OR TIED.
MM INDICATES DATA IS MISSING.
T  INDICATES TRACE AMOUNT.




$$
