000
CDUS41 KCLE 220542
CLIMFD


CLIMATE REPORT
NATIONAL WEATHER SERVICE CLEVELAND OH
141 AM EDT WED MAR 22 2017


...................................

...THE MANSFIELD OH CLIMATE SUMMARY FOR MARCH 21 2017...

CLIMATE NORMAL PERIOD 1981 TO 2010
CLIMATE RECORD PERIOD 1916 TO 2017


WEATHER ITEM   OBSERVED TIME   RECORD YEAR NORMAL DEPARTURE LAST
                VALUE   (LST)  VALUE       VALUE  FROM      YEAR
                                                  NORMAL
..................................................................
TEMPERATURE (F)
 YESTERDAY
  MAXIMUM         55    328 PM  82    2012  48      7       46
  MINIMUM         30   1159 PM  12    1986  30      0       26
                                      1940
  AVERAGE         43                        39      4       36

PRECIPITATION (IN)
  YESTERDAY        0.00                      0.12  -0.12     0.00
  MONTH TO DATE    2.38                      2.15   0.23     2.44
  SINCE MAR 1      2.38                      2.15   0.23     2.44
  SINCE JAN 1     10.24                      7.41   2.83     7.34

SNOWFALL (IN)
  YESTERDAY        0.0                       0.2   -0.2      0.0
  MONTH TO DATE   10.7                       6.1    4.6      3.0
  SINCE MAR 1     10.7                       6.1    4.6      3.0
  SINCE JUL 1     32.3                      44.0  -11.7     23.4
  SNOW DEPTH       0

DEGREE DAYS
 HEATING
  YESTERDAY       22                        26     -4       29
  MONTH TO DATE  666                       626     40      463
  SINCE MAR 1    666                       626     40      463
  SINCE JUL 1   4336                      5251   -915     4235

 COOLING
  YESTERDAY        0                         0      0        0
  MONTH TO DATE    0                         0      0        0
  SINCE MAR 1      0                         0      0        0
  SINCE JAN 1      0                         0      0        0
..................................................................


WIND (MPH)
  HIGHEST WIND SPEED    25   HIGHEST WIND DIRECTION     N (350)
  HIGHEST GUST SPEED    35   HIGHEST GUST DIRECTION     N (340)
  AVERAGE WIND SPEED     8.9


SKY COVER
  POSSIBLE SUNSHINE  MM
  AVERAGE SKY COVER 0.6


WEATHER CONDITIONS
 THE FOLLOWING WEATHER WAS RECORDED YESTERDAY.
  FOG
  FOG W/VISIBILITY <= 1/4 MILE
  HAZE


RELATIVE HUMIDITY (PERCENT)
 HIGHEST   100          1200 AM
 LOWEST     39           700 PM
 AVERAGE    70

..........................................................


THE MANSFIELD OH CLIMATE NORMALS FOR TODAY
                         NORMAL    RECORD    YEAR
 MAXIMUM TEMPERATURE (F)   49        84      2012
 MINIMUM TEMPERATURE (F)   30        12      1959


SUNRISE AND SUNSET
MARCH 22 2017.........SUNRISE   730 AM EDT   SUNSET   745 PM EDT
MARCH 23 2017.........SUNRISE   728 AM EDT   SUNSET   746 PM EDT


-  INDICATES NEGATIVE NUMBERS.
R  INDICATES RECORD WAS SET OR TIED.
MM INDICATES DATA IS MISSING.
T  INDICATES TRACE AMOUNT.




$$
