000
CDUS41 KCLE 280526
CLIMFD


CLIMATE REPORT
NATIONAL WEATHER SERVICE CLEVELAND OH
125 AM EDT MON JUL 28 2014


...................................

...THE MANSFIELD OH CLIMATE SUMMARY FOR JULY 27 2014...

CLIMATE NORMAL PERIOD 1981 TO 2010
CLIMATE RECORD PERIOD 1916 TO 2014


WEATHER ITEM   OBSERVED TIME   RECORD YEAR NORMAL DEPARTURE LAST
                VALUE   (LST)  VALUE       VALUE  FROM      YEAR
                                                  NORMAL
..................................................................
TEMPERATURE (F)
 YESTERDAY
  MAXIMUM         81   1127 AM  98    1941  81      0       72
                                      1936
  MINIMUM         62   1159 PM  41    1946  61      1       59
  AVERAGE         72                        71      1       66

PRECIPITATION (IN)
  YESTERDAY        0.05                      0.14  -0.09     0.36
  MONTH TO DATE    2.72                      3.86  -1.14     5.99
  SINCE JUN 1      9.20                      8.61   0.59    12.98
  SINCE JAN 1     25.53                     25.94  -0.41    26.85

SNOWFALL (IN)
  YESTERDAY        0.0                       0.0    0.0      0.0
  MONTH TO DATE    0.0                       0.0    0.0      0.0
  SINCE JUN 1      0.0                       0.0    0.0      0.0
  SINCE JUL 1      0.0                       0.0    0.0      0.0
  SNOW DEPTH       0

DEGREE DAYS
 HEATING
  YESTERDAY        0                         0      0        0
  MONTH TO DATE   13                         0     13        3
  SINCE JUN 1     37                        53    -16       42
  SINCE JUL 1     13                         0     13        3

 COOLING
  YESTERDAY        7                         7      0        1
  MONTH TO DATE  132                       189    -57      233
  SINCE JUN 1    301                       323    -22      381
  SINCE JAN 1    364                       369     -5      476
..................................................................


WIND (MPH)
  HIGHEST WIND SPEED    25   HIGHEST WIND DIRECTION    NW (330)
  HIGHEST GUST SPEED    33   HIGHEST GUST DIRECTION     N (350)
  AVERAGE WIND SPEED     7.3


SKY COVER
  POSSIBLE SUNSHINE  MM
  AVERAGE SKY COVER 0.9


WEATHER CONDITIONS
 THE FOLLOWING WEATHER WAS RECORDED YESTERDAY.
  LIGHT RAIN
  FOG
  HAZE


RELATIVE HUMIDITY (PERCENT)
 HIGHEST   100           400 AM
 LOWEST     73           400 PM
 AVERAGE    87

..........................................................


THE MANSFIELD OH CLIMATE NORMALS FOR TODAY
                         NORMAL    RECORD    YEAR
 MAXIMUM TEMPERATURE (F)   81       101      1930
 MINIMUM TEMPERATURE (F)   61        46      1946
                                             1937


SUNRISE AND SUNSET
JULY 28 2014..........SUNRISE   623 AM EDT   SUNSET   850 PM EDT
JULY 29 2014..........SUNRISE   624 AM EDT   SUNSET   849 PM EDT


-  INDICATES NEGATIVE NUMBERS.
R  INDICATES RECORD WAS SET OR TIED.
MM INDICATES DATA IS MISSING.
T  INDICATES TRACE AMOUNT.




$$
