000
CDUS41 KCLE 070526
CLIMFD


CLIMATE REPORT
NATIONAL WEATHER SERVICE CLEVELAND OH
1226 AM EST SUN FEB 7 2016


...................................

...THE MANSFIELD OH CLIMATE SUMMARY FOR FEBRUARY 6 2016...

CLIMATE NORMAL PERIOD 1981 TO 2010
CLIMATE RECORD PERIOD 1916 TO 2016


WEATHER ITEM   OBSERVED TIME   RECORD YEAR NORMAL DEPARTURE LAST
                VALUE   (LST)  VALUE       VALUE  FROM      YEAR
                                                  NORMAL
..................................................................
TEMPERATURE (F)
 YESTERDAY
  MAXIMUM         39    404 PM  57    1938  34      5       28
  MINIMUM         22    619 AM  -7    1948  19      3        4
  AVERAGE         31                        27      4       16

PRECIPITATION (IN)
  YESTERDAY        0.00                      0.08  -0.08     0.00
  MONTH TO DATE    0.71                      0.51   0.20     0.81
  SINCE DEC 1      6.41                      6.67  -0.26     6.13
  SINCE JAN 1      2.25                      3.38  -1.13     4.27

SNOWFALL (IN)
  YESTERDAY        0.0                       0.4   -0.4      0.0
  MONTH TO DATE    T                         2.5   -2.5      8.5
  SINCE DEC 1      8.9                      26.3  -17.4     33.7
  SINCE JUL 1      8.9                      29.0  -20.1     39.6
  SNOW DEPTH       0

DEGREE DAYS
 HEATING
  YESTERDAY       34                        38     -4       49
  MONTH TO DATE  176                       232    -56      261
  SINCE DEC 1   2048                      2551   -503     2544
  SINCE JUL 1   2988                      3832   -844     3932

 COOLING
  YESTERDAY        0                         0      0        0
  MONTH TO DATE    0                         0      0        0
  SINCE DEC 1      0                         0      0        0
  SINCE JAN 1      0                         0      0        0
..................................................................


WIND (MPH)
  HIGHEST WIND SPEED    16   HIGHEST WIND DIRECTION     S (190)
  HIGHEST GUST SPEED    22   HIGHEST GUST DIRECTION     S (190)
  AVERAGE WIND SPEED     7.4


SKY COVER
  POSSIBLE SUNSHINE  MM
  AVERAGE SKY COVER 0.3


WEATHER CONDITIONS
 THE FOLLOWING WEATHER WAS RECORDED YESTERDAY.
  FOG


RELATIVE HUMIDITY (PERCENT)
 HIGHEST    92           600 AM
 LOWEST     48           400 PM
 AVERAGE    70

..........................................................


THE MANSFIELD OH CLIMATE NORMALS FOR TODAY
                         NORMAL    RECORD    YEAR
 MAXIMUM TEMPERATURE (F)   35        58      1925
 MINIMUM TEMPERATURE (F)   19        -8      1948


SUNRISE AND SUNSET
FEBRUARY  7 2016......SUNRISE   734 AM EST   SUNSET   554 PM EST
FEBRUARY  8 2016......SUNRISE   733 AM EST   SUNSET   556 PM EST


-  INDICATES NEGATIVE NUMBERS.
R  INDICATES RECORD WAS SET OR TIED.
MM INDICATES DATA IS MISSING.
T  INDICATES TRACE AMOUNT.




$$
