000
CDUS41 KCLE 200528
CLIMFD


CLIMATE REPORT
NATIONAL WEATHER SERVICE CLEVELAND OH
1227 AM EST MON NOV 20 2017


...................................

...THE MANSFIELD OH CLIMATE SUMMARY FOR NOVEMBER 19 2017...

CLIMATE NORMAL PERIOD 1981 TO 2010
CLIMATE RECORD PERIOD 1916 TO 2017


WEATHER ITEM   OBSERVED TIME   RECORD YEAR NORMAL DEPARTURE LAST
                VALUE   (LST)  VALUE       VALUE  FROM      YEAR
                                                  NORMAL
..................................................................
TEMPERATURE (F)
 YESTERDAY
  MAXIMUM         37   1137 AM  69    1985  48    -11       65
  MINIMUM         29   1159 PM  12    2014  32     -3       31
  AVERAGE         33                        40     -7       48

PRECIPITATION (IN)
  YESTERDAY        0.01                      0.13  -0.12     0.18
  MONTH TO DATE    6.08                      2.41   3.67     0.52
  SINCE SEP 1     10.61                      8.67   1.94     7.70
  SINCE JAN 1     47.19                     39.50   7.69    31.33

SNOWFALL (IN)
  YESTERDAY        T                         0.0    0.0      0.2
  MONTH TO DATE    0.1                       0.9   -0.8      0.2
  SINCE SEP 1      0.1                       1.4   -1.3      0.2
  SINCE JUL 1      0.1                       1.4   -1.3      0.2
  SNOW DEPTH       0

DEGREE DAYS
 HEATING
  YESTERDAY       32                        25      7       17
  MONTH TO DATE  435                       409     26      279
  SINCE SEP 1    798                       952   -154      587
  SINCE JUL 1    812                       977   -165      588

 COOLING
  YESTERDAY        0                         0      0        0
  MONTH TO DATE    0                         0      0        6
  SINCE SEP 1    131                        70     61      180
  SINCE JAN 1    748                       632    116     1084
..................................................................


WIND (MPH)
  HIGHEST WIND SPEED    23   HIGHEST WIND DIRECTION     W (270)
  HIGHEST GUST SPEED    33   HIGHEST GUST DIRECTION    NW (300)
  AVERAGE WIND SPEED    11.2


SKY COVER
  POSSIBLE SUNSHINE  MM
  AVERAGE SKY COVER 1.0


WEATHER CONDITIONS
 THE FOLLOWING WEATHER WAS RECORDED YESTERDAY.
  LIGHT SNOW
  FOG


RELATIVE HUMIDITY (PERCENT)
 HIGHEST   100          1200 AM
 LOWEST     63           700 PM
 AVERAGE    82

..........................................................


THE MANSFIELD OH CLIMATE NORMALS FOR TODAY
                         NORMAL    RECORD    YEAR
 MAXIMUM TEMPERATURE (F)   47        72      1931
 MINIMUM TEMPERATURE (F)   32        10      1951


SUNRISE AND SUNSET
NOVEMBER 20 2017......SUNRISE   723 AM EST   SUNSET   508 PM EST
NOVEMBER 21 2017......SUNRISE   724 AM EST   SUNSET   507 PM EST


-  INDICATES NEGATIVE NUMBERS.
R  INDICATES RECORD WAS SET OR TIED.
MM INDICATES DATA IS MISSING.
T  INDICATES TRACE AMOUNT.




$$
