003
CDUS41 KCLE 142215
CLIMFD


CLIMATE REPORT
NATIONAL WEATHER SERVICE CLEVELAND OH
514 PM EST SUN FEB 14 2016


...................................

...THE MANSFIELD OH CLIMATE SUMMARY FOR FEBRUARY 14 2016...
VALID TODAY AS OF 0500 PM LOCAL TIME.

CLIMATE NORMAL PERIOD 1981 TO 2010
CLIMATE RECORD PERIOD 1916 TO 2016


WEATHER ITEM   OBSERVED TIME   RECORD YEAR NORMAL DEPARTURE LAST
                VALUE   (LST)  VALUE       VALUE  FROM      YEAR
                                                  NORMAL
..................................................................
TEMPERATURE (F)
 TODAY
  MAXIMUM         17    427 PM  62    1950  36    -19       27
                                      1938
  MINIMUM         -6R   757 AM  -2    1943  20    -26        0
  AVERAGE          6                        28    -22       14

PRECIPITATION (IN)
  TODAY            T                         0.08  -0.08     0.20
  MONTH TO DATE    1.33                      1.18   0.15     1.16
  SINCE DEC 1      7.03                      7.34  -0.31     6.48
  SINCE JAN 1      2.87                      4.05  -1.18     4.62

SNOWFALL (IN)
  TODAY            T                         0.4   -0.4      4.0
  MONTH TO DATE    7.4                       5.6    1.8     13.1
  SINCE DEC 1     16.3                      29.4  -13.1     38.3
  SINCE JUL 1     16.3                      32.1  -15.8     44.2
  SNOW DEPTH       2

DEGREE DAYS
 HEATING
  TODAY           59                        37     22       51
  MONTH TO DATE  536                       533      3      597
  SINCE DEC 1   2408                      2852   -444     2880
  SINCE JUL 1   3348                      4133   -785     4268

 COOLING
  TODAY            0                         0      0        0
  MONTH TO DATE    0                         0      0        0
  SINCE DEC 1      0                         0      0        0
  SINCE JAN 1      0                         0      0        0
..................................................................


WIND (MPH)
  HIGHEST WIND SPEED    15   HIGHEST WIND DIRECTION    SE (120)
  HIGHEST GUST SPEED    19   HIGHEST GUST DIRECTION    SE (150)


SKY COVER
  POSSIBLE SUNSHINE  MM
  AVERAGE SKY COVER 0.2


WEATHER CONDITIONS
 THE FOLLOWING WEATHER WAS RECORDED TODAY.
  LIGHT SNOW
  FOG


RELATIVE HUMIDITY (PERCENT)
 HIGHEST   100           600 AM
 LOWEST     53           100 PM
 AVERAGE    77

..........................................................


THE MANSFIELD OH CLIMATE NORMALS FOR TOMORROW
                         NORMAL    RECORD    YEAR
 MAXIMUM TEMPERATURE (F)   36        65      1954
 MINIMUM TEMPERATURE (F)   20       -11      2015


SUNRISE AND SUNSET
FEBRUARY 14 2016......SUNRISE   726 AM EST   SUNSET   603 PM EST
FEBRUARY 15 2016......SUNRISE   725 AM EST   SUNSET   604 PM EST


-  INDICATES NEGATIVE NUMBERS.
R  INDICATES RECORD WAS SET OR TIED.
MM INDICATES DATA IS MISSING.
T  INDICATES TRACE AMOUNT.




$$
