000
CDUS41 KCLE 240545
CLIMFD


CLIMATE REPORT
NATIONAL WEATHER SERVICE CLEVELAND OH
145 AM EDT SUN SEP 24 2017


...................................

...THE MANSFIELD OH CLIMATE SUMMARY FOR SEPTEMBER 23 2017...

CLIMATE NORMAL PERIOD 1981 TO 2010
CLIMATE RECORD PERIOD 1916 TO 2017


WEATHER ITEM   OBSERVED TIME   RECORD YEAR NORMAL DEPARTURE LAST
                VALUE   (LST)  VALUE       VALUE  FROM      YEAR
                                                  NORMAL
..................................................................
TEMPERATURE (F)
 YESTERDAY
  MAXIMUM         89    339 PM  90    2010  71     18       89
                                      1936
  MINIMUM         61    614 AM  30    1947  50     11       64
  AVERAGE         75                        60     15       77

PRECIPITATION (IN)
  YESTERDAY        0.00                      0.11  -0.11     0.00
  MONTH TO DATE    1.60                      2.59  -0.99     2.37
  SINCE SEP 1      1.60                      2.59  -0.99     2.37
  SINCE JAN 1     38.18                     33.42   4.76    26.00

SNOWFALL (IN)
  YESTERDAY        0.0                       0.0    0.0      0.0
  MONTH TO DATE    0.0                       0.0    0.0      0.0
  SINCE SEP 1      0.0                       0.0    0.0      0.0
  SINCE JUL 1      0.0                       0.0    0.0      0.0
  SNOW DEPTH       0

DEGREE DAYS
 HEATING
  YESTERDAY        0                         6     -6        0
  MONTH TO DATE   65                        72     -7        2
  SINCE SEP 1     65                        72     -7        2
  SINCE JUL 1     79                        97    -18        3

 COOLING
  YESTERDAY       10                         1      9       12
  MONTH TO DATE   70                        57     13      146
  SINCE SEP 1     70                        57     13      146
  SINCE JAN 1    687                       619     68     1050
..................................................................


WIND (MPH)
  HIGHEST WIND SPEED    13   HIGHEST WIND DIRECTION    NE (50)
  HIGHEST GUST SPEED    16   HIGHEST GUST DIRECTION    NE (50)
  AVERAGE WIND SPEED     4.3


SKY COVER
  POSSIBLE SUNSHINE  MM
  AVERAGE SKY COVER 0.0


WEATHER CONDITIONS
 THE FOLLOWING WEATHER WAS RECORDED YESTERDAY.
  NO SIGNIFICANT WEATHER WAS OBSERVED.


RELATIVE HUMIDITY (PERCENT)
 HIGHEST    93           100 AM
 LOWEST     34           200 PM
 AVERAGE    64

..........................................................


THE MANSFIELD OH CLIMATE NORMALS FOR TODAY
                         NORMAL    RECORD    YEAR
 MAXIMUM TEMPERATURE (F)   70        89      2010
                                             1934
 MINIMUM TEMPERATURE (F)   49        31      1944


SUNRISE AND SUNSET
SEPTEMBER 24 2017.....SUNRISE   720 AM EDT   SUNSET   723 PM EDT
SEPTEMBER 25 2017.....SUNRISE   721 AM EDT   SUNSET   722 PM EDT


-  INDICATES NEGATIVE NUMBERS.
R  INDICATES RECORD WAS SET OR TIED.
MM INDICATES DATA IS MISSING.
T  INDICATES TRACE AMOUNT.




$$
