000
CDUS41 KCLE 210529
CLIMFD


CLIMATE REPORT
NATIONAL WEATHER SERVICE CLEVELAND OH
1229 AM EST SUN DEC 21 2014


...................................

...THE MANSFIELD OH CLIMATE SUMMARY FOR DECEMBER 20 2014...

CLIMATE NORMAL PERIOD 1981 TO 2010
CLIMATE RECORD PERIOD 1916 TO 2014


WEATHER ITEM   OBSERVED TIME   RECORD YEAR NORMAL DEPARTURE LAST
                VALUE   (LST)  VALUE       VALUE  FROM      YEAR
                                                  NORMAL
..................................................................
TEMPERATURE (F)
 YESTERDAY
  MAXIMUM         29   1156 PM  57    1988  35     -6       56
  MINIMUM         27    147 PM  -6    1963  21      6       44
  AVERAGE         28                        28      0       50

PRECIPITATION (IN)
  YESTERDAY        T                         0.10  -0.10     0.12
  MONTH TO DATE    1.32                      2.14  -0.82     1.11
  SINCE DEC 1      1.32                      2.14  -0.82     1.11
  SINCE JAN 1     35.98                     43.04  -7.06    39.95

SNOWFALL (IN)
  YESTERDAY        T                         0.3   -0.3      0.0
  MONTH TO DATE    0.2                       6.1   -5.9     13.0
  SINCE DEC 1      0.2                       6.1   -5.9     13.0
  SINCE JUL 1      6.1                       8.8   -2.7     14.6
  SNOW DEPTH       0

DEGREE DAYS
 HEATING
  YESTERDAY       37                        37      0       15
  MONTH TO DATE  625                       678    -53      703
  SINCE DEC 1    625                       678    -53      703
  SINCE JUL 1   2013                      1959     54     2035

 COOLING
  YESTERDAY        0                         0      0        0
  MONTH TO DATE    0                         0      0        0
  SINCE DEC 1      0                         0      0        0
  SINCE JAN 1    623                       632     -9      741
..................................................................


WIND (MPH)
  HIGHEST WIND SPEED     7   HIGHEST WIND DIRECTION     S (160)
  HIGHEST GUST SPEED     9   HIGHEST GUST DIRECTION     E (70)
  AVERAGE WIND SPEED     1.2


SKY COVER
  POSSIBLE SUNSHINE  MM
  AVERAGE SKY COVER 1.0


WEATHER CONDITIONS
 THE FOLLOWING WEATHER WAS RECORDED YESTERDAY.
  LIGHT SNOW
  FOG
  HAZE


RELATIVE HUMIDITY (PERCENT)
 HIGHEST    85          1100 PM
 LOWEST     69           100 AM
 AVERAGE    77

..........................................................


THE MANSFIELD OH CLIMATE NORMALS FOR TODAY
                         NORMAL    RECORD    YEAR
 MAXIMUM TEMPERATURE (F)   35        63      1967
 MINIMUM TEMPERATURE (F)   21       -12      1989


SUNRISE AND SUNSET
DECEMBER 21 2014......SUNRISE   751 AM EST   SUNSET   506 PM EST
DECEMBER 22 2014......SUNRISE   751 AM EST   SUNSET   506 PM EST


-  INDICATES NEGATIVE NUMBERS.
R  INDICATES RECORD WAS SET OR TIED.
MM INDICATES DATA IS MISSING.
T  INDICATES TRACE AMOUNT.




$$
