000
CDUS41 KCLE 270545
CLIMFD


CLIMATE REPORT
NATIONAL WEATHER SERVICE CLEVELAND OH
145 AM EDT WED AUG 27 2014


...................................

...THE MANSFIELD OH CLIMATE SUMMARY FOR AUGUST 26 2014...

CLIMATE NORMAL PERIOD 1981 TO 2010
CLIMATE RECORD PERIOD 1916 TO 2014


WEATHER ITEM   OBSERVED TIME   RECORD YEAR NORMAL DEPARTURE LAST
                VALUE   (LST)  VALUE       VALUE  FROM      YEAR
                                                  NORMAL
..................................................................
TEMPERATURE (F)
 YESTERDAY
  MAXIMUM         87    310 PM  92    1953  79      8       85
  MINIMUM         65    550 AM  38    1958  59      6       63
  AVERAGE         76                        69      7       74

PRECIPITATION (IN)
  YESTERDAY        0.02                      0.14  -0.12     0.01
  MONTH TO DATE    3.56                      3.67  -0.11     1.61
  SINCE JUN 1     12.78                     12.80  -0.02    14.78
  SINCE JAN 1     29.11                     30.13  -1.02    28.65

SNOWFALL (IN)
  YESTERDAY        0.0                       0.0    0.0      0.0
  MONTH TO DATE    0.0                       0.0    0.0      0.0
  SINCE JUN 1      0.0                       0.0    0.0      0.0
  SINCE JUL 1      0.0                       0.0    0.0      0.0
  SNOW DEPTH       0

DEGREE DAYS
 HEATING
  YESTERDAY        0                         1     -1        0
  MONTH TO DATE   10                         7      3       18
  SINCE JUN 1     51                        68    -17       67
  SINCE JUL 1     27                        15     12       28

 COOLING
  YESTERDAY       11                         5      6        9
  MONTH TO DATE  150                       148      2      108
  SINCE JUN 1    456                       492    -36      494
  SINCE JAN 1    519                       538    -19      589
..................................................................


WIND (MPH)
  HIGHEST WIND SPEED    13   HIGHEST WIND DIRECTION     S (200)
  HIGHEST GUST SPEED    16   HIGHEST GUST DIRECTION    SW (240)
  AVERAGE WIND SPEED     6.7


SKY COVER
  POSSIBLE SUNSHINE  MM
  AVERAGE SKY COVER 0.2


WEATHER CONDITIONS
 THE FOLLOWING WEATHER WAS RECORDED YESTERDAY.
  THUNDERSTORM
  LIGHT RAIN


RELATIVE HUMIDITY (PERCENT)
 HIGHEST   100          1000 PM
 LOWEST     57           200 PM
 AVERAGE    79

..........................................................


THE MANSFIELD OH CLIMATE NORMALS FOR TODAY
                         NORMAL    RECORD    YEAR
 MAXIMUM TEMPERATURE (F)   79        93      1983
 MINIMUM TEMPERATURE (F)   59        36      1946


SUNRISE AND SUNSET
AUGUST 27 2014........SUNRISE   652 AM EDT   SUNSET   810 PM EDT
AUGUST 28 2014........SUNRISE   653 AM EDT   SUNSET   809 PM EDT


-  INDICATES NEGATIVE NUMBERS.
R  INDICATES RECORD WAS SET OR TIED.
MM INDICATES DATA IS MISSING.
T  INDICATES TRACE AMOUNT.




$$
