000
CDUS41 KCLE 161230
CLIMFD


CLIMATE REPORT
NATIONAL WEATHER SERVICE CLEVELAND OH
828 AM EDT TUE SEP 16 2014


...................................

...THE MANSFIELD OH CLIMATE SUMMARY FOR SEPTEMBER 15 2014...

CLIMATE NORMAL PERIOD 1981 TO 2010
CLIMATE RECORD PERIOD 1916 TO 2014


WEATHER ITEM   OBSERVED TIME   RECORD YEAR NORMAL DEPARTURE LAST
                VALUE   (LST)  VALUE       VALUE  FROM      YEAR
                                                  NORMAL
..................................................................
TEMPERATURE (F)
 YESTERDAY
  MAXIMUM         70    154 PM  96    1939  74     -4       70
  MINIMUM         43    619 AM  32    1923  53    -10       45
  AVERAGE         57                        63     -6       58

PRECIPITATION (IN)
  YESTERDAY        0.22                      0.11   0.11     0.03
  MONTH TO DATE    0.93                      1.72  -0.79     1.27
  SINCE SEP 1      0.93                      1.72  -0.79     1.27
  SINCE JAN 1     30.15                     32.55  -2.40    30.19

SNOWFALL (IN)
  YESTERDAY        0.0                       0.0    0.0      0.0
  MONTH TO DATE    0.0                       0.0    0.0      0.0
  SINCE SEP 1      0.0                       0.0    0.0      0.0
  SINCE JUL 1      0.0                       0.0    0.0      0.0
  SNOW DEPTH       0

DEGREE DAYS
 HEATING
  YESTERDAY        8                         4      4        7
  MONTH TO DATE   42                        33      9       39
  SINCE SEP 1     42                        33      9       39
  SINCE JUL 1     69                        58     11       67

 COOLING
  YESTERDAY        0                         2     -2        0
  MONTH TO DATE   59                        44     15       63
  SINCE SEP 1     59                        44     15       63
  SINCE JAN 1    613                       606      7      705
..................................................................


WIND (MPH)
  HIGHEST WIND SPEED    17   HIGHEST WIND DIRECTION     S (160)
  HIGHEST GUST SPEED    23   HIGHEST GUST DIRECTION    SE (140)
  AVERAGE WIND SPEED     5.3


SKY COVER
  POSSIBLE SUNSHINE  MM
  AVERAGE SKY COVER 0.3


WEATHER CONDITIONS
 THE FOLLOWING WEATHER WAS RECORDED YESTERDAY.
  RAIN
  LIGHT RAIN
  FOG


RELATIVE HUMIDITY (PERCENT)
 HIGHEST   100           900 PM
 LOWEST     47           100 PM
 AVERAGE    74

..........................................................


THE MANSFIELD OH CLIMATE NORMALS FOR TODAY
                         NORMAL    RECORD    YEAR
 MAXIMUM TEMPERATURE (F)   73        95      1939
                                             1927
 MINIMUM TEMPERATURE (F)   53        36      1923


SUNRISE AND SUNSET
SEPTEMBER 16 2014.....SUNRISE   712 AM EDT   SUNSET   737 PM EDT
SEPTEMBER 17 2014.....SUNRISE   713 AM EDT   SUNSET   736 PM EDT


-  INDICATES NEGATIVE NUMBERS.
R  INDICATES RECORD WAS SET OR TIED.
MM INDICATES DATA IS MISSING.
T  INDICATES TRACE AMOUNT.
CORRECTED SNOWFALL DATA FOR YESTERDAY.



$$
