868
CDUS41 KCLE 180526
CLIMFD


CLIMATE REPORT
NATIONAL WEATHER SERVICE CLEVELAND OH
1225 AM EST SAT FEB 18 2017


...................................

...THE MANSFIELD OH CLIMATE SUMMARY FOR FEBRUARY 17 2017...

CLIMATE NORMAL PERIOD 1981 TO 2010
CLIMATE RECORD PERIOD 1916 TO 2017


WEATHER ITEM   OBSERVED TIME   RECORD YEAR NORMAL DEPARTURE LAST
                VALUE   (LST)  VALUE       VALUE  FROM      YEAR
                                                  NORMAL
..................................................................
TEMPERATURE (F)
 YESTERDAY
  MAXIMUM         58R   452 PM  57    2011  37     21       34
                                      2006
                                      1961
  MINIMUM         25   1258 AM -11    1979  21      4       25
  AVERAGE         42                        29     13       30

PRECIPITATION (IN)
  YESTERDAY        0.00                      0.08  -0.08      T
  MONTH TO DATE    1.24                      1.43  -0.19     1.48
  SINCE DEC 1     10.29                      7.59   2.70     7.18
  SINCE JAN 1      7.15                      4.30   2.85     3.02

SNOWFALL (IN)
  YESTERDAY        0.0                       0.5   -0.5       T
  MONTH TO DATE    3.8                       6.9   -3.1      8.9
  SINCE DEC 1     21.4                      30.7   -9.3     17.8
  SINCE JUL 1     21.6                      33.4  -11.8     17.8
  SNOW DEPTH       0

DEGREE DAYS
 HEATING
  YESTERDAY       23                        36    -13       35
  MONTH TO DATE  532                       643   -111      649
  SINCE DEC 1   2634                      2962   -328     2521
  SINCE JUL 1   3511                      4243   -732     3461

 COOLING
  YESTERDAY        0                         0      0        0
  MONTH TO DATE    0                         0      0        0
  SINCE DEC 1      0                         0      0        0
  SINCE JAN 1      0                         0      0        0
..................................................................


WIND (MPH)
  HIGHEST WIND SPEED    16   HIGHEST WIND DIRECTION    SW (220)
  HIGHEST GUST SPEED    22   HIGHEST GUST DIRECTION    SW (220)
  AVERAGE WIND SPEED     9.9


SKY COVER
  POSSIBLE SUNSHINE  MM
  AVERAGE SKY COVER 0.2


WEATHER CONDITIONS
 THE FOLLOWING WEATHER WAS RECORDED YESTERDAY.
  NO SIGNIFICANT WEATHER WAS OBSERVED.


RELATIVE HUMIDITY (PERCENT)
 HIGHEST    74           100 AM
 LOWEST     43           300 PM
 AVERAGE    59

..........................................................


THE MANSFIELD OH CLIMATE NORMALS FOR TODAY
                         NORMAL    RECORD    YEAR
 MAXIMUM TEMPERATURE (F)   37        60      1961
                                             1948
 MINIMUM TEMPERATURE (F)   21        -9      1936


SUNRISE AND SUNSET
FEBRUARY 18 2017......SUNRISE   720 AM EST   SUNSET   609 PM EST
FEBRUARY 19 2017......SUNRISE   718 AM EST   SUNSET   610 PM EST


-  INDICATES NEGATIVE NUMBERS.
R  INDICATES RECORD WAS SET OR TIED.
MM INDICATES DATA IS MISSING.
T  INDICATES TRACE AMOUNT.




$$
