172
CDUS41 KCLE 220545
CLIMFD


CLIMATE REPORT
NATIONAL WEATHER SERVICE CLEVELAND OH
145 AM EDT MON MAY 22 2017


...................................

...THE MANSFIELD OH CLIMATE SUMMARY FOR MAY 21 2017...

CLIMATE NORMAL PERIOD 1981 TO 2010
CLIMATE RECORD PERIOD 1916 TO 2017


WEATHER ITEM   OBSERVED TIME   RECORD YEAR NORMAL DEPARTURE LAST
                VALUE   (LST)  VALUE       VALUE  FROM      YEAR
                                                  NORMAL
..................................................................
TEMPERATURE (F)
 YESTERDAY
  MAXIMUM         73    543 PM  89    1941  71      2       61
                                      1934
  MINIMUM         62   1159 PM  31    1958  50     12       51
  AVERAGE         68                        60      8       56

PRECIPITATION (IN)
  YESTERDAY        0.32                      0.15   0.17     0.21
  MONTH TO DATE    4.41                      2.93   1.48     3.14
  SINCE MAR 1     12.17                     10.46   1.71    10.81
  SINCE JAN 1     20.03                     15.72   4.31    15.71

SNOWFALL (IN)
  YESTERDAY        0.0                       0.0    0.0      0.0
  MONTH TO DATE    0.0                       0.0    0.0      0.0
  SINCE MAR 1     15.0                      10.4    4.6      7.2
  SINCE JUL 1     36.6                      48.3  -11.7     27.6
  SNOW DEPTH       0

DEGREE DAYS
 HEATING
  YESTERDAY        0                         6     -6        9
  MONTH TO DATE  201                       181     20      227
  SINCE MAR 1   1306                      1541   -235     1378
  SINCE JUL 1   4976                      6166  -1190     5150

 COOLING
  YESTERDAY        3                         1      2        0
  MONTH TO DATE   29                        16     13        3
  SINCE MAR 1     47                        24     23        3
  SINCE JAN 1     47                        24     23        3
..................................................................


WIND (MPH)
  HIGHEST WIND SPEED    21   HIGHEST WIND DIRECTION     S (180)
  HIGHEST GUST SPEED    28   HIGHEST GUST DIRECTION     S (180)
  AVERAGE WIND SPEED    11.4


SKY COVER
  POSSIBLE SUNSHINE  MM
  AVERAGE SKY COVER 0.6


WEATHER CONDITIONS
 THE FOLLOWING WEATHER WAS RECORDED YESTERDAY.
  THUNDERSTORM
  HEAVY RAIN
  RAIN
  LIGHT RAIN
  FOG


RELATIVE HUMIDITY (PERCENT)
 HIGHEST   100           400 AM
 LOWEST     79           200 PM
 AVERAGE    90

..........................................................


THE MANSFIELD OH CLIMATE NORMALS FOR TODAY
                         NORMAL    RECORD    YEAR
 MAXIMUM TEMPERATURE (F)   71        90      1941
 MINIMUM TEMPERATURE (F)   50        31      2002


SUNRISE AND SUNSET
MAY 22 2017...........SUNRISE   607 AM EDT   SUNSET   847 PM EDT
MAY 23 2017...........SUNRISE   606 AM EDT   SUNSET   848 PM EDT


-  INDICATES NEGATIVE NUMBERS.
R  INDICATES RECORD WAS SET OR TIED.
MM INDICATES DATA IS MISSING.
T  INDICATES TRACE AMOUNT.




$$
