000
CDUS41 KCLE 110532
CLIMFD


CLIMATE REPORT
NATIONAL WEATHER SERVICE CLEVELAND OH
1231 AM EST THU FEB 11 2016


...................................

...THE MANSFIELD OH CLIMATE SUMMARY FOR FEBRUARY 10 2016...

CLIMATE NORMAL PERIOD 1981 TO 2010
CLIMATE RECORD PERIOD 1916 TO 2016


WEATHER ITEM   OBSERVED TIME   RECORD YEAR NORMAL DEPARTURE LAST
                VALUE   (LST)  VALUE       VALUE  FROM      YEAR
                                                  NORMAL
..................................................................
TEMPERATURE (F)
 YESTERDAY
  MAXIMUM         22    323 PM  64    1932  35    -13       25
  MINIMUM         14   1159 PM -11    1982  20     -6       15
  AVERAGE         18                        27     -9       20

PRECIPITATION (IN)
  YESTERDAY        0.19                      0.08   0.11      T
  MONTH TO DATE    1.29                      0.85   0.44     0.94
  SINCE DEC 1      6.99                      7.01  -0.02     6.26
  SINCE JAN 1      2.83                      3.72  -0.89     4.40

SNOWFALL (IN)
  YESTERDAY        3.7                       0.4    3.3       T
  MONTH TO DATE    6.0                       4.1    1.9      8.5
  SINCE DEC 1     14.9                      27.9  -13.0     33.7
  SINCE JUL 1     14.9                      30.6  -15.7     39.6
  SNOW DEPTH       2

DEGREE DAYS
 HEATING
  YESTERDAY       47                        38      9       45
  MONTH TO DATE  316                       384    -68      403
  SINCE DEC 1   2188                      2703   -515     2686
  SINCE JUL 1   3128                      3984   -856     4074

 COOLING
  YESTERDAY        0                         0      0        0
  MONTH TO DATE    0                         0      0        0
  SINCE DEC 1      0                         0      0        0
  SINCE JAN 1      0                         0      0        0
..................................................................


WIND (MPH)
  HIGHEST WIND SPEED    20   HIGHEST WIND DIRECTION    SW (240)
  HIGHEST GUST SPEED    24   HIGHEST GUST DIRECTION    SW (230)
  AVERAGE WIND SPEED    11.7


SKY COVER
  POSSIBLE SUNSHINE  MM
  AVERAGE SKY COVER 1.0


WEATHER CONDITIONS
 THE FOLLOWING WEATHER WAS RECORDED YESTERDAY.
  HEAVY SNOW
  SNOW
  LIGHT SNOW
  FOG
  FOG W/VISIBILITY <= 1/4 MILE


RELATIVE HUMIDITY (PERCENT)
 HIGHEST    92           400 PM
 LOWEST     73           100 PM
 AVERAGE    83

..........................................................


THE MANSFIELD OH CLIMATE NORMALS FOR TODAY
                         NORMAL    RECORD    YEAR
 MAXIMUM TEMPERATURE (F)   35        68      1999
                                             1932
 MINIMUM TEMPERATURE (F)   20        -5      2014
                                             1979


SUNRISE AND SUNSET
FEBRUARY 11 2016......SUNRISE   730 AM EST   SUNSET   559 PM EST
FEBRUARY 12 2016......SUNRISE   729 AM EST   SUNSET   601 PM EST


-  INDICATES NEGATIVE NUMBERS.
R  INDICATES RECORD WAS SET OR TIED.
MM INDICATES DATA IS MISSING.
T  INDICATES TRACE AMOUNT.




$$
