000
CDUS41 KCLE 300545
CLIMFD


CLIMATE REPORT
NATIONAL WEATHER SERVICE CLEVELAND OH
145 AM EDT TUE SEP 30 2014


...................................

...THE MANSFIELD OH CLIMATE SUMMARY FOR SEPTEMBER 29 2014...

CLIMATE NORMAL PERIOD 1981 TO 2010
CLIMATE RECORD PERIOD 1916 TO 2014


WEATHER ITEM   OBSERVED TIME   RECORD YEAR NORMAL DEPARTURE LAST
                VALUE   (LST)  VALUE       VALUE  FROM      YEAR
                                                  NORMAL
..................................................................
TEMPERATURE (F)
 YESTERDAY
  MAXIMUM         80    411 PM  92    1953  68     12       73
  MINIMUM         53    418 AM  27    1942  47      6       56
  AVERAGE         67                        58      9       65

PRECIPITATION (IN)
  YESTERDAY        0.00                      0.10  -0.10     0.02
  MONTH TO DATE    1.06                      3.22  -2.16     2.73
  SINCE SEP 1      1.06                      3.22  -2.16     2.73
  SINCE JAN 1     30.28                     34.05  -3.77    31.65

SNOWFALL (IN)
  YESTERDAY        0.0                       0.0    0.0      0.0
  MONTH TO DATE    0.0                       0.0    0.0      0.0
  SINCE SEP 1      0.0                       0.0    0.0      0.0
  SINCE JUL 1      0.0                       0.0    0.0      0.0
  SNOW DEPTH       0

DEGREE DAYS
 HEATING
  YESTERDAY        0                         8     -8        0
  MONTH TO DATE  104                       115    -11      117
  SINCE SEP 1    104                       115    -11      117
  SINCE JUL 1    131                       140     -9      145

 COOLING
  YESTERDAY        2                         1      1        0
  MONTH TO DATE   65                        63      2       75
  SINCE SEP 1     65                        63      2       75
  SINCE JAN 1    619                       625     -6      717
..................................................................


WIND (MPH)
  HIGHEST WIND SPEED    10   HIGHEST WIND DIRECTION     W (250)
  HIGHEST GUST SPEED    15   HIGHEST GUST DIRECTION    NW (300)
  AVERAGE WIND SPEED     2.8


SKY COVER
  POSSIBLE SUNSHINE  MM
  AVERAGE SKY COVER 0.0


WEATHER CONDITIONS
 THE FOLLOWING WEATHER WAS RECORDED YESTERDAY.
  FOG


RELATIVE HUMIDITY (PERCENT)
 HIGHEST   100           400 AM
 LOWEST     30           400 PM
 AVERAGE    65

..........................................................


THE MANSFIELD OH CLIMATE NORMALS FOR TODAY
                         NORMAL    RECORD    YEAR
 MAXIMUM TEMPERATURE (F)   68        85      1953
 MINIMUM TEMPERATURE (F)   47        31      1935


SUNRISE AND SUNSET
SEPTEMBER 30 2014.....SUNRISE   726 AM EDT   SUNSET   714 PM EDT
OCTOBER  1 2014.......SUNRISE   727 AM EDT   SUNSET   712 PM EDT


-  INDICATES NEGATIVE NUMBERS.
R  INDICATES RECORD WAS SET OR TIED.
MM INDICATES DATA IS MISSING.
T  INDICATES TRACE AMOUNT.




$$
