000
CDUS41 KCLE 282216
CLIMFD


CLIMATE REPORT
NATIONAL WEATHER SERVICE CLEVELAND OH
515 PM EST TUE FEB 28 2017


...................................

...THE MANSFIELD OH CLIMATE SUMMARY FOR FEBRUARY 28 2017...
VALID TODAY AS OF 0500 PM LOCAL TIME.

CLIMATE NORMAL PERIOD 1981 TO 2010
CLIMATE RECORD PERIOD 1916 TO 2017


WEATHER ITEM   OBSERVED TIME   RECORD YEAR NORMAL DEPARTURE LAST
                VALUE   (LST)  VALUE       VALUE  FROM      YEAR
                                                  NORMAL
..................................................................
TEMPERATURE (F)
 TODAY
  MAXIMUM         55    232 PM  63    1939  40     15       62
  MINIMUM         38    244 AM  -5    2015  23     15       39
  AVERAGE         47                        32     15       51

PRECIPITATION (IN)
  TODAY            0.00                      0.09  -0.09     0.00
  MONTH TO DATE    1.95                      2.39  -0.44     3.23
  SINCE DEC 1     11.00                      8.55   2.45     8.93
  SINCE JAN 1      7.86                      5.26   2.60     4.77

SNOWFALL (IN)
  TODAY            0.0                       0.4   -0.4      0.0
  MONTH TO DATE    3.8                      11.4   -7.6     11.5
  SINCE DEC 1     21.4                      35.2  -13.8     20.4
  SINCE JUL 1     21.6                      37.9  -16.3     20.4
  SNOW DEPTH       0

DEGREE DAYS
 HEATING
  TODAY           18                        33    -15       14
  MONTH TO DATE  693                      1026   -333      939
  SINCE DEC 1   2795                      3344   -549     2811
  SINCE JUL 1   3672                      4625   -953     3751

 COOLING
  TODAY            0                         0      0        0
  MONTH TO DATE    0                         0      0        0
  SINCE DEC 1      0                         0      0        0
  SINCE JAN 1      0                         0      0        0
..................................................................


WIND (MPH)
  HIGHEST WIND SPEED    24   HIGHEST WIND DIRECTION     S (180)
  HIGHEST GUST SPEED    31   HIGHEST GUST DIRECTION     S (180)


SKY COVER
  POSSIBLE SUNSHINE  MM
  AVERAGE SKY COVER 0.7


WEATHER CONDITIONS
 THE FOLLOWING WEATHER WAS RECORDED TODAY.
  NO SIGNIFICANT WEATHER WAS OBSERVED.


RELATIVE HUMIDITY (PERCENT)
 HIGHEST    92          1200 AM
 LOWEST     71          1100 AM
 AVERAGE    82

..........................................................


THE MANSFIELD OH CLIMATE NORMALS FOR TOMORROW
                         NORMAL    RECORD    YEAR
 MAXIMUM TEMPERATURE (F)   40        68      1972
 MINIMUM TEMPERATURE (F)   24         0      1980


SUNRISE AND SUNSET
FEBRUARY 28 2017......SUNRISE   705 AM EST   SUNSET   620 PM EST
MARCH  1 2017.........SUNRISE   704 AM EST   SUNSET   622 PM EST


-  INDICATES NEGATIVE NUMBERS.
R  INDICATES RECORD WAS SET OR TIED.
MM INDICATES DATA IS MISSING.
T  INDICATES TRACE AMOUNT.




$$
