000
CDUS41 KCLE 010528
CLIMFD


CLIMATE REPORT
NATIONAL WEATHER SERVICE CLEVELAND OH
126 AM EDT MON SEP 1 2014


...................................

...THE MANSFIELD OH CLIMATE SUMMARY FOR AUGUST 31 2014...

CLIMATE NORMAL PERIOD 1981 TO 2010
CLIMATE RECORD PERIOD 1916 TO 2014


WEATHER ITEM   OBSERVED TIME   RECORD YEAR NORMAL DEPARTURE LAST
                VALUE   (LST)  VALUE       VALUE  FROM      YEAR
                                                  NORMAL
..................................................................
TEMPERATURE (F)
 YESTERDAY
  MAXIMUM         81    357 PM  97    1932  78      3       83
  MINIMUM         70   1027 PM  36    1946  58     12       66
  AVERAGE         76                        68      8       75

PRECIPITATION (IN)
  YESTERDAY        0.11                      0.14  -0.03     0.10
  MONTH TO DATE    3.67                      4.37  -0.70     1.88
  SINCE JUN 1     12.89                     13.50  -0.61    15.05
  SINCE JAN 1     29.22                     30.83  -1.61    28.92

SNOWFALL (IN)
  YESTERDAY        0.0                       0.0    0.0      0.0
  MONTH TO DATE    0.0                       0.0    0.0      0.0
  SINCE JUN 1      0.0                       0.0    0.0      0.0
  SINCE JUL 1      0.0                       0.0    0.0      0.0
  SNOW DEPTH       0

DEGREE DAYS
 HEATING
  YESTERDAY        0                         1     -1        0
  MONTH TO DATE   10                        12     -2       18
  SINCE JUN 1     51                        78    -27       67
  SINCE JUL 1     27                        25      2       28

 COOLING
  YESTERDAY       11                         4      7       10
  MONTH TO DATE  185                       172     13      161
  SINCE JUN 1    491                       516    -25      547
  SINCE JAN 1    554                       562     -8      642
..................................................................


WIND (MPH)
  HIGHEST WIND SPEED    18   HIGHEST WIND DIRECTION    SW (210)
  HIGHEST GUST SPEED    24   HIGHEST GUST DIRECTION     S (190)
  AVERAGE WIND SPEED     8.1


SKY COVER
  POSSIBLE SUNSHINE  MM
  AVERAGE SKY COVER 0.6


WEATHER CONDITIONS
 THE FOLLOWING WEATHER WAS RECORDED YESTERDAY.
  HEAVY RAIN
  LIGHT RAIN
  FOG


RELATIVE HUMIDITY (PERCENT)
 HIGHEST   100          1100 PM
 LOWEST     69           400 PM
 AVERAGE    85

..........................................................


THE MANSFIELD OH CLIMATE NORMALS FOR TODAY
                         NORMAL    RECORD    YEAR
 MAXIMUM TEMPERATURE (F)   78        95      1953
                                             1932
 MINIMUM TEMPERATURE (F)   58        43      2009
                                             1935


SUNRISE AND SUNSET
SEPTEMBER  1 2014.....SUNRISE   657 AM EDT   SUNSET   802 PM EDT
SEPTEMBER  2 2014.....SUNRISE   658 AM EDT   SUNSET   801 PM EDT


-  INDICATES NEGATIVE NUMBERS.
R  INDICATES RECORD WAS SET OR TIED.
MM INDICATES DATA IS MISSING.
T  INDICATES TRACE AMOUNT.




$$
