000
CDUS41 KCLE 200545
CLIMFD


CLIMATE REPORT
NATIONAL WEATHER SERVICE CLEVELAND OH
145 AM EDT SUN AUG 20 2017


...................................

...THE MANSFIELD OH CLIMATE SUMMARY FOR AUGUST 19 2017...

CLIMATE NORMAL PERIOD 1981 TO 2010
CLIMATE RECORD PERIOD 1916 TO 2017


WEATHER ITEM   OBSERVED TIME   RECORD YEAR NORMAL DEPARTURE LAST
                VALUE   (LST)  VALUE       VALUE  FROM      YEAR
                                                  NORMAL
..................................................................
TEMPERATURE (F)
 YESTERDAY
  MAXIMUM         81    400 PM 103    1936  80      1       86
  MINIMUM         62   1159 PM  42    1958  60      2       67
                                      1932
  AVERAGE         72                        70      2       77

PRECIPITATION (IN)
  YESTERDAY        0.13                      0.14  -0.01     0.00
  MONTH TO DATE    1.87                      2.72  -0.85     2.83
  SINCE JUN 1     14.48                     11.85   2.63     6.67
  SINCE JAN 1     35.63                     29.18   6.45    23.07

SNOWFALL (IN)
  YESTERDAY        0.0                       0.0    0.0      0.0
  MONTH TO DATE    0.0                       0.0    0.0      0.0
  SINCE JUN 1      0.0                       0.0    0.0      0.0
  SINCE JUL 1      0.0                       0.0    0.0      0.0
  SNOW DEPTH       0

DEGREE DAYS
 HEATING
  YESTERDAY        0                         0      0        0
  MONTH TO DATE    0                         0      0        0
  SINCE JUN 1     33                        61    -28       14
  SINCE JUL 1      0                         8     -8        1

 COOLING
  YESTERDAY        7                         5      2       12
  MONTH TO DATE  115                       113      2      231
  SINCE JUN 1    530                       457     73      731
  SINCE JAN 1    587                       503     84      793
..................................................................


WIND (MPH)
  HIGHEST WIND SPEED    18   HIGHEST WIND DIRECTION    NW (300)
  HIGHEST GUST SPEED    28   HIGHEST GUST DIRECTION     W (280)
  AVERAGE WIND SPEED     5.6


SKY COVER
  POSSIBLE SUNSHINE  MM
  AVERAGE SKY COVER 0.2


WEATHER CONDITIONS
 THE FOLLOWING WEATHER WAS RECORDED YESTERDAY.
  THUNDERSTORM
  HEAVY RAIN
  LIGHT RAIN
  FOG


RELATIVE HUMIDITY (PERCENT)
 HIGHEST   100           400 AM
 LOWEST     45           500 PM
 AVERAGE    73

..........................................................


THE MANSFIELD OH CLIMATE NORMALS FOR TODAY
                         NORMAL    RECORD    YEAR
 MAXIMUM TEMPERATURE (F)   80        93      1983
                                             1937
 MINIMUM TEMPERATURE (F)   60        42      1957


SUNRISE AND SUNSET
AUGUST 20 2017........SUNRISE   645 AM EDT   SUNSET   821 PM EDT
AUGUST 21 2017........SUNRISE   646 AM EDT   SUNSET   819 PM EDT


-  INDICATES NEGATIVE NUMBERS.
R  INDICATES RECORD WAS SET OR TIED.
MM INDICATES DATA IS MISSING.
T  INDICATES TRACE AMOUNT.




$$
