000
CDUS41 KCLE 150531
CLIMFD


CLIMATE REPORT
NATIONAL WEATHER SERVICE CLEVELAND OH
129 AM EDT TUE APR 15 2014


...................................

...THE MANSFIELD OH CLIMATE SUMMARY FOR APRIL 14 2014...

CLIMATE NORMAL PERIOD 1981 TO 2010
CLIMATE RECORD PERIOD 1916 TO 2014


WEATHER ITEM   OBSERVED TIME   RECORD YEAR NORMAL DEPARTURE LAST
                VALUE   (LST)  VALUE       VALUE  FROM      YEAR
                                                  NORMAL
..................................................................
TEMPERATURE (F)
 YESTERDAY
  MAXIMUM         71    242 AM  82    1941  59     12       59
  MINIMUM         43   1159 PM  14    1957  38      5       29
  AVERAGE         57                        48      9       44

PRECIPITATION (IN)
  YESTERDAY        0.50                      0.14   0.36     0.00
  MONTH TO DATE    3.52                      1.96   1.56     2.59
  SINCE MAR 1      5.36                      5.35   0.01     4.54
  SINCE JAN 1      9.69                     10.61  -0.92     9.27

SNOWFALL (IN)
  YESTERDAY        0.0                       0.1   -0.1      0.0
  MONTH TO DATE    0.0                       1.8   -1.8      0.0
  SINCE MAR 1     10.5                       9.6    0.9      9.5
  SINCE JUL 1     64.4                      47.5   16.9     39.3
  SNOW DEPTH       0

DEGREE DAYS
 HEATING
  YESTERDAY        8                        17     -9       21
  MONTH TO DATE  199                       272    -73      275
  SINCE MAR 1   1226                      1137     89     1250
  SINCE JUL 1   6270                      5762    508     5623

 COOLING
  YESTERDAY        0                         0      0        0
  MONTH TO DATE    2                         0      2        0
  SINCE MAR 1      2                         1      1        0
  SINCE JAN 1      2                         1      1        0
..................................................................


WIND (MPH)
  HIGHEST WIND SPEED    40   HIGHEST WIND DIRECTION     S (200)
  HIGHEST GUST SPEED    53   HIGHEST GUST DIRECTION     S (200)
  AVERAGE WIND SPEED    18.1


SKY COVER
  POSSIBLE SUNSHINE  MM
  AVERAGE SKY COVER 0.7


WEATHER CONDITIONS
 THE FOLLOWING WEATHER WAS RECORDED YESTERDAY.
  HEAVY RAIN
  RAIN
  LIGHT RAIN
  FOG


RELATIVE HUMIDITY (PERCENT)
 HIGHEST   100           600 PM
 LOWEST     44           200 AM
 AVERAGE    72

..........................................................


THE MANSFIELD OH CLIMATE NORMALS FOR TODAY
                         NORMAL    RECORD    YEAR
 MAXIMUM TEMPERATURE (F)   59        82      2010
 MINIMUM TEMPERATURE (F)   38        15      1957


SUNRISE AND SUNSET
APRIL 15 2014.........SUNRISE   651 AM EDT   SUNSET   810 PM EDT
APRIL 16 2014.........SUNRISE   650 AM EDT   SUNSET   811 PM EDT


-  INDICATES NEGATIVE NUMBERS.
R  INDICATES RECORD WAS SET OR TIED.
MM INDICATES DATA IS MISSING.
T  INDICATES TRACE AMOUNT.




$$
