000
CDUS41 KCLE 150532
CLIMFD


CLIMATE REPORT
NATIONAL WEATHER SERVICE CLEVELAND OH
1231 AM EST FRI DEC 15 2017


...................................

...THE MANSFIELD OH CLIMATE SUMMARY FOR DECEMBER 14 2017...

CLIMATE NORMAL PERIOD 1981 TO 2010
CLIMATE RECORD PERIOD 1916 TO 2017


WEATHER ITEM   OBSERVED TIME   RECORD YEAR NORMAL DEPARTURE LAST
                VALUE   (LST)  VALUE       VALUE  FROM      YEAR
                                                  NORMAL
..................................................................
TEMPERATURE (F)
 YESTERDAY
  MAXIMUM         31   1229 AM  62    1984  37     -6       21
  MINIMUM         10   1137 PM -13    1958  23    -13        7
  AVERAGE         21                        30     -9       14

PRECIPITATION (IN)
  YESTERDAY        0.05                      0.10  -0.05     0.00
  MONTH TO DATE    0.77                      1.53  -0.76     1.28
  SINCE DEC 1      0.77                      1.53  -0.76     1.28
  SINCE JAN 1     48.19                     42.43   5.76    33.38

SNOWFALL (IN)
  YESTERDAY        0.9                       0.4    0.5      0.0
  MONTH TO DATE    5.1                       4.0    1.1      8.8
  SINCE DEC 1      5.1                       4.0    1.1      8.8
  SINCE JUL 1      5.2                       6.7   -1.5      9.0
  SNOW DEPTH       3

DEGREE DAYS
 HEATING
  YESTERDAY       44                        35      9       51
  MONTH TO DATE  470                       461      9      505
  SINCE DEC 1    470                       461      9      505
  SINCE JUL 1   1552                      1742   -190     1382

 COOLING
  YESTERDAY        0                         0      0        0
  MONTH TO DATE    0                         0      0        0
  SINCE DEC 1      0                         0      0        0
  SINCE JAN 1    748                       632    116     1084
..................................................................


WIND (MPH)
  HIGHEST WIND SPEED    25   HIGHEST WIND DIRECTION    NW (320)
  HIGHEST GUST SPEED    33   HIGHEST GUST DIRECTION     W (250)
  AVERAGE WIND SPEED     8.2


SKY COVER
  POSSIBLE SUNSHINE  MM
  AVERAGE SKY COVER 0.6


WEATHER CONDITIONS
 THE FOLLOWING WEATHER WAS RECORDED YESTERDAY.
  LIGHT SNOW
  FOG


RELATIVE HUMIDITY (PERCENT)
 HIGHEST    96           800 PM
 LOWEST     71           300 PM
 AVERAGE    84

..........................................................


THE MANSFIELD OH CLIMATE NORMALS FOR TODAY
                         NORMAL    RECORD    YEAR
 MAXIMUM TEMPERATURE (F)   36        67      1971
 MINIMUM TEMPERATURE (F)   23        -6      1917


SUNRISE AND SUNSET
DECEMBER 15 2017......SUNRISE   747 AM EST   SUNSET   503 PM EST
DECEMBER 16 2017......SUNRISE   748 AM EST   SUNSET   504 PM EST


-  INDICATES NEGATIVE NUMBERS.
R  INDICATES RECORD WAS SET OR TIED.
MM INDICATES DATA IS MISSING.
T  INDICATES TRACE AMOUNT.




$$
