000
CDUS41 KCLE 100527
CLIMFD


CLIMATE REPORT
NATIONAL WEATHER SERVICE CLEVELAND OH
1226 AM EST SAT DEC 10 2016


...................................

...THE MANSFIELD OH CLIMATE SUMMARY FOR DECEMBER 9 2016...

CLIMATE NORMAL PERIOD 1981 TO 2010
CLIMATE RECORD PERIOD 1916 TO 2016


WEATHER ITEM   OBSERVED TIME   RECORD YEAR NORMAL DEPARTURE LAST
                VALUE   (LST)  VALUE       VALUE  FROM      YEAR
                                                  NORMAL
..................................................................
TEMPERATURE (F)
 YESTERDAY
  MAXIMUM         24        MM  60    1952  38    -14       52
                                      1946
  MINIMUM         19    100 AM  -9    1917  25     -6       39
  AVERAGE         22                        32    -10       46

PRECIPITATION (IN)
  YESTERDAY        0.33                      0.12   0.21     0.00
  MONTH TO DATE    0.88                      1.00  -0.12     0.11
  SINCE DEC 1      0.88                      1.00  -0.12     0.11
  SINCE JAN 1     32.98                     41.90  -8.92    35.46

SNOWFALL (IN)
  YESTERDAY        5.0                       0.3    4.7      0.0
  MONTH TO DATE    5.3                       2.3    3.0       T
  SINCE DEC 1      5.3                       2.3    3.0       T
  SINCE JUL 1      5.5                       5.0    0.5       T
  SNOW DEPTH       1

DEGREE DAYS
 HEATING
  YESTERDAY       43                        34      9       19
  MONTH TO DATE  300                       288     12      232
  SINCE DEC 1    300                       288     12      232
  SINCE JUL 1   1177                      1569   -392     1172

 COOLING
  YESTERDAY        0                         0      0        0
  MONTH TO DATE    0                         0      0        0
  SINCE DEC 1      0                         0      0        0
  SINCE JAN 1   1084                       632    452      778
..................................................................


WIND (MPH)
  HIGHEST WIND SPEED    14   HIGHEST WIND DIRECTION     W (250)
  HIGHEST GUST SPEED    21   HIGHEST GUST DIRECTION     W (250)
  AVERAGE WIND SPEED    11.2


SKY COVER
  POSSIBLE SUNSHINE  MM
  AVERAGE SKY COVER 0.9


WEATHER CONDITIONS
 THE FOLLOWING WEATHER WAS RECORDED YESTERDAY.
  LIGHT SNOW
  FOG


RELATIVE HUMIDITY (PERCENT)
 HIGHEST    91           700 AM
 LOWEST     81           100 PM
 AVERAGE    86

..........................................................


THE MANSFIELD OH CLIMATE NORMALS FOR TODAY
                         NORMAL    RECORD    YEAR
 MAXIMUM TEMPERATURE (F)   38        68      1971
 MINIMUM TEMPERATURE (F)   24       -17      1958


SUNRISE AND SUNSET
DECEMBER 10 2016......SUNRISE   744 AM EST   SUNSET   502 PM EST
DECEMBER 11 2016......SUNRISE   745 AM EST   SUNSET   502 PM EST


-  INDICATES NEGATIVE NUMBERS.
R  INDICATES RECORD WAS SET OR TIED.
MM INDICATES DATA IS MISSING.
T  INDICATES TRACE AMOUNT.




$$
