000
CDUS41 KCLE 172212
CLIMFD


CLIMATE REPORT
NATIONAL WEATHER SERVICE CLEVELAND OH
512 PM EST WED JAN 17 2018


...................................

...THE MANSFIELD OH CLIMATE SUMMARY FOR JANUARY 17 2018...
VALID TODAY AS OF 0500 PM LOCAL TIME.

CLIMATE NORMAL PERIOD 1981 TO 2010
CLIMATE RECORD PERIOD 1916 TO 2018


WEATHER ITEM   OBSERVED TIME   RECORD YEAR NORMAL DEPARTURE LAST
                VALUE   (LST)  VALUE       VALUE  FROM      YEAR
                                                  NORMAL
..................................................................
TEMPERATURE (F)
 TODAY
  MAXIMUM         16    438 PM  59    1952  33    -17       58
  MINIMUM         -3    227 AM -21    1982  18    -21       42
  AVERAGE          7                        25    -18       50

PRECIPITATION (IN)
  TODAY            T                         0.09  -0.09     0.39
  MONTH TO DATE    1.69                      1.65   0.04     3.50
  SINCE DEC 1      3.54                      4.94  -1.40     6.64
  SINCE JAN 1      1.69                      1.65   0.04     3.50

SNOWFALL (IN)
  TODAY            T                         0.5   -0.5      0.0
  MONTH TO DATE    7.6                       7.4    0.2      2.3
  SINCE DEC 1     20.6                      17.9    2.7     13.3
  SINCE JUL 1     20.7                      20.6    0.1     13.5
  SNOW DEPTH       2

DEGREE DAYS
 HEATING
  TODAY           58                        40     18       15
  MONTH TO DATE  805                       672    133      604
  SINCE DEC 1   1968                      1768    200     1712
  SINCE JUL 1   3050                      3049      1     2589

 COOLING
  TODAY            0                         0      0        0
  MONTH TO DATE    0                         0      0        0
  SINCE DEC 1      0                         0      0        0
  SINCE JAN 1      0                         0      0        0
..................................................................


WIND (MPH)
  HIGHEST WIND SPEED    15   HIGHEST WIND DIRECTION    SW (220)
  HIGHEST GUST SPEED    19   HIGHEST GUST DIRECTION    SW (210)


SKY COVER
  POSSIBLE SUNSHINE  MM
  AVERAGE SKY COVER 0.6


WEATHER CONDITIONS
 THE FOLLOWING WEATHER WAS RECORDED TODAY.
  LIGHT SNOW
  FOG
  HAZE


RELATIVE HUMIDITY (PERCENT)
 HIGHEST    96           500 AM
 LOWEST     67           200 PM
 AVERAGE    82

..........................................................


THE MANSFIELD OH CLIMATE NORMALS FOR TOMORROW
                         NORMAL    RECORD    YEAR
 MAXIMUM TEMPERATURE (F)   33        68      1929
 MINIMUM TEMPERATURE (F)   18       -19      1994


SUNRISE AND SUNSET
JANUARY 17 2018.......SUNRISE   751 AM EST   SUNSET   529 PM EST
JANUARY 18 2018.......SUNRISE   751 AM EST   SUNSET   531 PM EST


-  INDICATES NEGATIVE NUMBERS.
R  INDICATES RECORD WAS SET OR TIED.
MM INDICATES DATA IS MISSING.
T  INDICATES TRACE AMOUNT.




$$
