164
CDUS41 KCLE 260545
CLIMFD


CLIMATE REPORT
NATIONAL WEATHER SERVICE CLEVELAND OH
145 AM EDT WED APR 26 2017


...................................

...THE MANSFIELD OH CLIMATE SUMMARY FOR APRIL 25 2017...

CLIMATE NORMAL PERIOD 1981 TO 2010
CLIMATE RECORD PERIOD 1916 TO 2017


WEATHER ITEM   OBSERVED TIME   RECORD YEAR NORMAL DEPARTURE LAST
                VALUE   (LST)  VALUE       VALUE  FROM      YEAR
                                                  NORMAL
..................................................................
TEMPERATURE (F)
 YESTERDAY
  MAXIMUM         75    246 PM  85    2009  63     12       80
                                      1990
  MINIMUM         50    505 AM  24    1919  41      9       45
  AVERAGE         63                        52     11       63

PRECIPITATION (IN)
  YESTERDAY        0.00                      0.13  -0.13     0.00
  MONTH TO DATE    2.53                      3.47  -0.94     2.18
  SINCE MAR 1      6.29                      6.86  -0.57     6.33
  SINCE JAN 1     14.15                     12.12   2.03    11.23

SNOWFALL (IN)
  YESTERDAY        0.0                       0.1   -0.1      0.0
  MONTH TO DATE    4.3                       2.5    1.8      4.2
  SINCE MAR 1     15.0                      10.3    4.7      7.2
  SINCE JUL 1     36.6                      48.2  -11.6     27.6
  SNOW DEPTH       0

DEGREE DAYS
 HEATING
  YESTERDAY        2                        13    -11        2
  MONTH TO DATE  256                       433   -177      451
  SINCE MAR 1   1078                      1298   -220     1070
  SINCE JUL 1   4748                      5923  -1175     4842

 COOLING
  YESTERDAY        0                         0      0        0
  MONTH TO DATE   14                         0     14        0
  SINCE MAR 1     14                         1     13        0
  SINCE JAN 1     14                         1     13        0
..................................................................


WIND (MPH)
  HIGHEST WIND SPEED    18   HIGHEST WIND DIRECTION     E (100)
  HIGHEST GUST SPEED    24   HIGHEST GUST DIRECTION     S (160)
  AVERAGE WIND SPEED    11.9


SKY COVER
  POSSIBLE SUNSHINE  MM
  AVERAGE SKY COVER 0.5


WEATHER CONDITIONS
 THE FOLLOWING WEATHER WAS RECORDED YESTERDAY.
  NO SIGNIFICANT WEATHER WAS OBSERVED.


RELATIVE HUMIDITY (PERCENT)
 HIGHEST    80           500 AM
 LOWEST     46           200 PM
 AVERAGE    63

..........................................................


THE MANSFIELD OH CLIMATE NORMALS FOR TODAY
                         NORMAL    RECORD    YEAR
 MAXIMUM TEMPERATURE (F)   64        87      1942
 MINIMUM TEMPERATURE (F)   42        25      2006


SUNRISE AND SUNSET
APRIL 26 2017.........SUNRISE   635 AM EDT   SUNSET   821 PM EDT
APRIL 27 2017.........SUNRISE   633 AM EDT   SUNSET   823 PM EDT


-  INDICATES NEGATIVE NUMBERS.
R  INDICATES RECORD WAS SET OR TIED.
MM INDICATES DATA IS MISSING.
T  INDICATES TRACE AMOUNT.




$$
