000
CDUS41 KCLE 202110
CLIMFD


CLIMATE REPORT
NATIONAL WEATHER SERVICE CLEVELAND OH
510 PM EDT TUE JUN 20 2017


...................................

...THE MANSFIELD OH CLIMATE SUMMARY FOR JUNE 20 2017...
VALID TODAY AS OF 0500 PM LOCAL TIME.

CLIMATE NORMAL PERIOD 1981 TO 2010
CLIMATE RECORD PERIOD 1916 TO 2017


WEATHER ITEM   OBSERVED TIME   RECORD YEAR NORMAL DEPARTURE LAST
                VALUE   (LST)  VALUE       VALUE  FROM      YEAR
                                                  NORMAL
..................................................................
TEMPERATURE (F)
 TODAY
  MAXIMUM         77    359 PM  94    1988  80     -3       91
                                      1953
                                      1933
  MINIMUM         58    538 AM  41    1947  59     -1       68
  AVERAGE         68                        69     -1       80

PRECIPITATION (IN)
  TODAY            0.00                      0.16  -0.16     0.00
  MONTH TO DATE    4.43                      3.25   1.18     1.01
  SINCE JUN 1      4.43                      3.25   1.18     1.01
  SINCE JAN 1     25.58                     20.58   5.00    17.41

SNOWFALL (IN)
  TODAY            0.0                       0.0    0.0      0.0
  MONTH TO DATE    0.0                       0.0    0.0      0.0
  SINCE JUN 1      0.0                       0.0    0.0      0.0
  SINCE JUL 1     36.6                      48.3  -11.7     27.6
  SNOW DEPTH       0

DEGREE DAYS
 HEATING
  TODAY            0                         1     -1        0
  MONTH TO DATE   24                        45    -21       13
  SINCE JUN 1     24                        45    -21       13
  SINCE JUL 1   5020                      6262  -1242     5175

 COOLING
  TODAY            3                         5     -2       15
  MONTH TO DATE  129                        76     53      123
  SINCE JUN 1    129                        76     53      123
  SINCE JAN 1    186                       122     64      185
..................................................................


WIND (MPH)
  HIGHEST WIND SPEED    18   HIGHEST WIND DIRECTION    SW (240)
  HIGHEST GUST SPEED    27   HIGHEST GUST DIRECTION     W (250)


SKY COVER
  POSSIBLE SUNSHINE  MM
  AVERAGE SKY COVER 0.2


WEATHER CONDITIONS
 THE FOLLOWING WEATHER WAS RECORDED TODAY.
  NO SIGNIFICANT WEATHER WAS OBSERVED.


RELATIVE HUMIDITY (PERCENT)
 HIGHEST    86           400 AM
 LOWEST     43           200 PM
 AVERAGE    65

..........................................................


THE MANSFIELD OH CLIMATE NORMALS FOR TOMORROW
                         NORMAL    RECORD    YEAR
 MAXIMUM TEMPERATURE (F)   80        96      1988
                                             1933
 MINIMUM TEMPERATURE (F)   59        40      1940


SUNRISE AND SUNSET
JUNE 20 2017..........SUNRISE   559 AM EDT   SUNSET   905 PM EDT
JUNE 21 2017..........SUNRISE   559 AM EDT   SUNSET   905 PM EDT


-  INDICATES NEGATIVE NUMBERS.
R  INDICATES RECORD WAS SET OR TIED.
MM INDICATES DATA IS MISSING.
T  INDICATES TRACE AMOUNT.




$$
