000
CDUS41 KCLE 220526
CLIMFD


CLIMATE REPORT
NATIONAL WEATHER SERVICE CLEVELAND OH
1226 AM EST SUN JAN 22 2017


...................................

...THE MANSFIELD OH CLIMATE SUMMARY FOR JANUARY 21 2017...

CLIMATE NORMAL PERIOD 1981 TO 2010
CLIMATE RECORD PERIOD 1916 TO 2017


WEATHER ITEM   OBSERVED TIME   RECORD YEAR NORMAL DEPARTURE LAST
                VALUE   (LST)  VALUE       VALUE  FROM      YEAR
                                                  NORMAL
..................................................................
TEMPERATURE (F)
 YESTERDAY
  MAXIMUM         59R   223 PM  58    1974  33     26       25
                                      1959
  MINIMUM         43   1255 AM -19    1985  18     25        6
  AVERAGE         51                        25     26       16

PRECIPITATION (IN)
  YESTERDAY        0.01                      0.09  -0.08     0.00
  MONTH TO DATE    3.99                      2.01   1.98     1.46
  SINCE DEC 1      7.13                      5.30   1.83     5.62
  SINCE JAN 1      3.99                      2.01   1.98     1.46

SNOWFALL (IN)
  YESTERDAY        0.0                       0.4   -0.4      0.0
  MONTH TO DATE    2.3                       9.1   -6.8      8.4
  SINCE DEC 1     13.3                      19.6   -6.3      8.6
  SINCE JUL 1     13.5                      22.3   -8.8      8.6
  SNOW DEPTH       0

DEGREE DAYS
 HEATING
  YESTERDAY       14                        40    -26       49
  MONTH TO DATE  691                       832   -141      852
  SINCE DEC 1   1799                      1928   -129     1532
  SINCE JUL 1   2676                      3209   -533     2472

 COOLING
  YESTERDAY        0                         0      0        0
  MONTH TO DATE    0                         0      0        0
  SINCE DEC 1      0                         0      0        0
  SINCE JAN 1      0                         0      0        0
..................................................................


WIND (MPH)
  HIGHEST WIND SPEED    16   HIGHEST WIND DIRECTION     S (180)
  HIGHEST GUST SPEED    21   HIGHEST GUST DIRECTION     S (170)
  AVERAGE WIND SPEED     9.4


SKY COVER
  POSSIBLE SUNSHINE  MM
  AVERAGE SKY COVER 0.5


WEATHER CONDITIONS
 THE FOLLOWING WEATHER WAS RECORDED YESTERDAY.
  THUNDERSTORM
  FOG


RELATIVE HUMIDITY (PERCENT)
 HIGHEST   100           100 AM
 LOWEST     75           200 PM
 AVERAGE    88

..........................................................


THE MANSFIELD OH CLIMATE NORMALS FOR TODAY
                         NORMAL    RECORD    YEAR
 MAXIMUM TEMPERATURE (F)   33        66      1933
 MINIMUM TEMPERATURE (F)   18       -10      1936


SUNRISE AND SUNSET
JANUARY 22 2017.......SUNRISE   748 AM EST   SUNSET   536 PM EST
JANUARY 23 2017.......SUNRISE   748 AM EST   SUNSET   537 PM EST


-  INDICATES NEGATIVE NUMBERS.
R  INDICATES RECORD WAS SET OR TIED.
MM INDICATES DATA IS MISSING.
T  INDICATES TRACE AMOUNT.




$$
