000
CDUS41 KCLE 060526
CLIMFD


CLIMATE REPORT
NATIONAL WEATHER SERVICE CLEVELAND OH
1225 AM EST FRI MAR 6 2015


...................................

...THE MANSFIELD OH CLIMATE SUMMARY FOR MARCH 5 2015...

CLIMATE NORMAL PERIOD 1981 TO 2010
CLIMATE RECORD PERIOD 1916 TO 2015


WEATHER ITEM   OBSERVED TIME   RECORD YEAR NORMAL DEPARTURE LAST
                VALUE   (LST)  VALUE       VALUE  FROM      YEAR
                                                  NORMAL
..................................................................
TEMPERATURE (F)
 YESTERDAY
  MAXIMUM         20   1204 AM  76    1983  42    -22       25
  MINIMUM          5   1101 PM  -1    1978  25    -20       13
  AVERAGE         13                        33    -20       19

PRECIPITATION (IN)
  YESTERDAY        T                         0.09  -0.09      T
  MONTH TO DATE    0.57                      0.46   0.11     0.20
  SINCE MAR 1      0.57                      0.46   0.11     0.20
  SINCE JAN 1      5.73                      5.72   0.01     4.53

SNOWFALL (IN)
  YESTERDAY        T                         0.4   -0.4       T
  MONTH TO DATE    5.5                       1.7    3.8      2.6
  SINCE MAR 1      5.5                       1.7    3.8      2.6
  SINCE JUL 1     58.0                      39.6   18.4     56.5
  SNOW DEPTH       3

DEGREE DAYS
 HEATING
  YESTERDAY       52                        32     20       46
  MONTH TO DATE  210                       163     47      230
  SINCE MAR 1    210                       163     47      230
  SINCE JUL 1   5282                      4788    494     5274

 COOLING
  YESTERDAY        0                         0      0        0
  MONTH TO DATE    0                         0      0        0
  SINCE MAR 1      0                         0      0        0
  SINCE JAN 1      0                         0      0        0
..................................................................


WIND (MPH)
  HIGHEST WIND SPEED    20   HIGHEST WIND DIRECTION    NW (330)
  HIGHEST GUST SPEED    24   HIGHEST GUST DIRECTION    NW (310)
  AVERAGE WIND SPEED     9.4


SKY COVER
  POSSIBLE SUNSHINE  MM
  AVERAGE SKY COVER 0.7


WEATHER CONDITIONS
 THE FOLLOWING WEATHER WAS RECORDED YESTERDAY.
  HAZE


RELATIVE HUMIDITY (PERCENT)
 HIGHEST    88          1100 PM
 LOWEST     58           500 PM
 AVERAGE    73

..........................................................


THE MANSFIELD OH CLIMATE NORMALS FOR TODAY
                         NORMAL    RECORD    YEAR
 MAXIMUM TEMPERATURE (F)   42        72      1973
 MINIMUM TEMPERATURE (F)   25         4      1960


SUNRISE AND SUNSET
MARCH  6 2015.........SUNRISE   657 AM EST   SUNSET   627 PM EST
MARCH  7 2015.........SUNRISE   655 AM EST   SUNSET   628 PM EST


-  INDICATES NEGATIVE NUMBERS.
R  INDICATES RECORD WAS SET OR TIED.
MM INDICATES DATA IS MISSING.
T  INDICATES TRACE AMOUNT.




$$
