000
CDUS41 KCLE 300535
CLIMFD


CLIMATE REPORT
NATIONAL WEATHER SERVICE CLEVELAND OH
134 AM EDT SAT AUG 30 2014


...................................

...THE MANSFIELD OH CLIMATE SUMMARY FOR AUGUST 29 2014...

CLIMATE NORMAL PERIOD 1981 TO 2010
CLIMATE RECORD PERIOD 1916 TO 2014


WEATHER ITEM   OBSERVED TIME   RECORD YEAR NORMAL DEPARTURE LAST
                VALUE   (LST)  VALUE       VALUE  FROM      YEAR
                                                  NORMAL
..................................................................
TEMPERATURE (F)
 YESTERDAY
  MAXIMUM         80    505 PM  93    1953  79      1       85
                                      1928
  MINIMUM         54    115 AM  40    1965  58     -4       67
  AVERAGE         67                        68     -1       76

PRECIPITATION (IN)
  YESTERDAY        0.00                      0.14  -0.14     0.00
  MONTH TO DATE    3.56                      4.09  -0.53     1.78
  SINCE JUN 1     12.78                     13.22  -0.44    14.95
  SINCE JAN 1     29.11                     30.55  -1.44    28.82

SNOWFALL (IN)
  YESTERDAY        0.0                       0.0    0.0      0.0
  MONTH TO DATE    0.0                       0.0    0.0      0.0
  SINCE JUN 1      0.0                       0.0    0.0      0.0
  SINCE JUL 1      0.0                       0.0    0.0      0.0
  SNOW DEPTH       0

DEGREE DAYS
 HEATING
  YESTERDAY        0                         1     -1        0
  MONTH TO DATE   10                        10      0       18
  SINCE JUN 1     51                        71    -20       67
  SINCE JUL 1     27                        18      9       28

 COOLING
  YESTERDAY        2                         4     -2       11
  MONTH TO DATE  161                       162     -1      141
  SINCE JUN 1    467                       506    -39      527
  SINCE JAN 1    530                       552    -22      622
..................................................................


WIND (MPH)
  HIGHEST WIND SPEED    13   HIGHEST WIND DIRECTION    SE (140)
  HIGHEST GUST SPEED    17   HIGHEST GUST DIRECTION    SE (140)
  AVERAGE WIND SPEED     7.3


SKY COVER
  POSSIBLE SUNSHINE  MM
  AVERAGE SKY COVER 0.0


WEATHER CONDITIONS
 THE FOLLOWING WEATHER WAS RECORDED YESTERDAY.
  NO SIGNIFICANT WEATHER WAS OBSERVED.


RELATIVE HUMIDITY (PERCENT)
 HIGHEST    86           200 AM
 LOWEST     45           100 PM
 AVERAGE    66

..........................................................


THE MANSFIELD OH CLIMATE NORMALS FOR TODAY
                         NORMAL    RECORD    YEAR
 MAXIMUM TEMPERATURE (F)   79        94      1953
                                             1932
 MINIMUM TEMPERATURE (F)   58        32      1946


SUNRISE AND SUNSET
AUGUST 30 2014........SUNRISE   655 AM EDT   SUNSET   806 PM EDT
AUGUST 31 2014........SUNRISE   656 AM EDT   SUNSET   804 PM EDT


-  INDICATES NEGATIVE NUMBERS.
R  INDICATES RECORD WAS SET OR TIED.
MM INDICATES DATA IS MISSING.
T  INDICATES TRACE AMOUNT.




$$
