000
CDUS41 KCLE 120538
CLIMFD


CLIMATE REPORT
NATIONAL WEATHER SERVICE CLEVELAND OH
135 AM EDT SAT APR 12 2014


...................................

...THE MANSFIELD OH CLIMATE SUMMARY FOR APRIL 11 2014...

CLIMATE NORMAL PERIOD 1981 TO 2010
CLIMATE RECORD PERIOD 1916 TO 2014


WEATHER ITEM   OBSERVED TIME   RECORD YEAR NORMAL DEPARTURE LAST
                VALUE   (LST)  VALUE       VALUE  FROM      YEAR
                                                  NORMAL
..................................................................
TEMPERATURE (F)
 YESTERDAY
  MAXIMUM         62    428 PM  87    1930  58      4       56
  MINIMUM         44   1159 PM  21    1976  37      7       41
                                      1943
  AVERAGE         53                        47      6       49

PRECIPITATION (IN)
  YESTERDAY        0.48                      0.14   0.34     0.79
  MONTH TO DATE    3.02                      1.53   1.49     2.40
  SINCE MAR 1      4.86                      4.92  -0.06     4.35
  SINCE JAN 1      9.19                     10.18  -0.99     9.08

SNOWFALL (IN)
  YESTERDAY        0.0                       0.1   -0.1      0.0
  MONTH TO DATE    0.0                       1.5   -1.5      0.0
  SINCE MAR 1     10.5                       9.3    1.2      9.5
  SINCE JUL 1     64.4                      47.2   17.2     39.3
  SNOW DEPTH       0

DEGREE DAYS
 HEATING
  YESTERDAY       12                        18     -6       16
  MONTH TO DATE  184                       220    -36      208
  SINCE MAR 1   1211                      1085    126     1183
  SINCE JUL 1   6255                      5710    545     5556

 COOLING
  YESTERDAY        0                         0      0        0
  MONTH TO DATE    0                         0      0        0
  SINCE MAR 1      0                         1     -1        0
  SINCE JAN 1      0                         1     -1        0
..................................................................


WIND (MPH)
  HIGHEST WIND SPEED    10   HIGHEST WIND DIRECTION     N (350)
  HIGHEST GUST SPEED    13   HIGHEST GUST DIRECTION    NW (320)
  AVERAGE WIND SPEED     4.7


SKY COVER
  POSSIBLE SUNSHINE  MM
  AVERAGE SKY COVER 0.6


WEATHER CONDITIONS
 THE FOLLOWING WEATHER WAS RECORDED YESTERDAY.
  RAIN
  LIGHT RAIN
  FOG


RELATIVE HUMIDITY (PERCENT)
 HIGHEST   100          1200 AM
 LOWEST     39           600 PM
 AVERAGE    70

..........................................................


THE MANSFIELD OH CLIMATE NORMALS FOR TODAY
                         NORMAL    RECORD    YEAR
 MAXIMUM TEMPERATURE (F)   58        85      1930
 MINIMUM TEMPERATURE (F)   37        18      1940


SUNRISE AND SUNSET
APRIL 12 2014.........SUNRISE   656 AM EDT   SUNSET   806 PM EDT
APRIL 13 2014.........SUNRISE   654 AM EDT   SUNSET   808 PM EDT


-  INDICATES NEGATIVE NUMBERS.
R  INDICATES RECORD WAS SET OR TIED.
MM INDICATES DATA IS MISSING.
T  INDICATES TRACE AMOUNT.




$$
