000
CDUS41 KCLE 290545
CLIMFD


CLIMATE REPORT
NATIONAL WEATHER SERVICE CLEVELAND OH
145 AM EDT MON SEP 29 2014


...................................

...THE MANSFIELD OH CLIMATE SUMMARY FOR SEPTEMBER 28 2014...

CLIMATE NORMAL PERIOD 1981 TO 2010
CLIMATE RECORD PERIOD 1916 TO 2014


WEATHER ITEM   OBSERVED TIME   RECORD YEAR NORMAL DEPARTURE LAST
                VALUE   (LST)  VALUE       VALUE  FROM      YEAR
                                                  NORMAL
..................................................................
TEMPERATURE (F)
 YESTERDAY
  MAXIMUM         79    330 PM  88    1959  68     11       76
  MINIMUM         50    517 AM  26    1957  48      2       48
  AVERAGE         65                        58      7       62

PRECIPITATION (IN)
  YESTERDAY        0.00                      0.11  -0.11     0.00
  MONTH TO DATE    1.06                      3.12  -2.06     2.71
  SINCE SEP 1      1.06                      3.12  -2.06     2.71
  SINCE JAN 1     30.28                     33.95  -3.67    31.63

SNOWFALL (IN)
  YESTERDAY        0.0                       0.0    0.0      0.0
  MONTH TO DATE    0.0                       0.0    0.0      0.0
  SINCE SEP 1      0.0                       0.0    0.0      0.0
  SINCE JUL 1      0.0                       0.0    0.0      0.0
  SNOW DEPTH       0

DEGREE DAYS
 HEATING
  YESTERDAY        0                         8     -8        3
  MONTH TO DATE  104                       107     -3      117
  SINCE SEP 1    104                       107     -3      117
  SINCE JUL 1    131                       132     -1      145

 COOLING
  YESTERDAY        0                         1     -1        0
  MONTH TO DATE   63                        62      1       75
  SINCE SEP 1     63                        62      1       75
  SINCE JAN 1    617                       624     -7      717
..................................................................


WIND (MPH)
  HIGHEST WIND SPEED     8   HIGHEST WIND DIRECTION     N (10)
  HIGHEST GUST SPEED     9   HIGHEST GUST DIRECTION    NE (40)
  AVERAGE WIND SPEED     2.7


SKY COVER
  POSSIBLE SUNSHINE  MM
  AVERAGE SKY COVER 0.0


WEATHER CONDITIONS
 THE FOLLOWING WEATHER WAS RECORDED YESTERDAY.
  NO SIGNIFICANT WEATHER WAS OBSERVED.


RELATIVE HUMIDITY (PERCENT)
 HIGHEST   100          1200 AM
 LOWEST     39           300 PM
 AVERAGE    70

..........................................................


THE MANSFIELD OH CLIMATE NORMALS FOR TODAY
                         NORMAL    RECORD    YEAR
 MAXIMUM TEMPERATURE (F)   68        92      1953
 MINIMUM TEMPERATURE (F)   47        27      1942


SUNRISE AND SUNSET
SEPTEMBER 29 2014.....SUNRISE   725 AM EDT   SUNSET   715 PM EDT
SEPTEMBER 30 2014.....SUNRISE   726 AM EDT   SUNSET   714 PM EDT


-  INDICATES NEGATIVE NUMBERS.
R  INDICATES RECORD WAS SET OR TIED.
MM INDICATES DATA IS MISSING.
T  INDICATES TRACE AMOUNT.




$$
