000
CDUS41 KCLE 290535
CLIMFD


CLIMATE REPORT
NATIONAL WEATHER SERVICE CLEVELAND OH
132 AM EDT MON JUN 29 2015


...................................

...THE MANSFIELD OH CLIMATE SUMMARY FOR JUNE 28 2015...

CLIMATE NORMAL PERIOD 1981 TO 2010
CLIMATE RECORD PERIOD 1916 TO 2015


WEATHER ITEM   OBSERVED TIME   RECORD YEAR NORMAL DEPARTURE LAST
                VALUE   (LST)  VALUE       VALUE  FROM      YEAR
                                                  NORMAL
..................................................................
TEMPERATURE (F)
 YESTERDAY
  MAXIMUM         72    512 PM  99    1934  81     -9       88
  MINIMUM         57    857 AM  44    1958  60     -3       63
  AVERAGE         65                        71     -6       76

PRECIPITATION (IN)
  YESTERDAY        0.28                      0.15   0.13      T
  MONTH TO DATE    6.35                      4.45   1.90     6.14
  SINCE JUN 1      6.35                      4.45   1.90     6.14
  SINCE JAN 1     24.14                     21.78   2.36    22.47

SNOWFALL (IN)
  YESTERDAY        0.0                       0.0    0.0      0.0
  MONTH TO DATE    0.0                       0.0    0.0      0.0
  SINCE JUN 1      0.0                       0.0    0.0      0.0
  SINCE JUL 1     63.2                      48.3   14.9     65.4
  SNOW DEPTH       0

DEGREE DAYS
 HEATING
  YESTERDAY        0                         1     -1        0
  MONTH TO DATE   28                        53    -25       24
  SINCE JUN 1     28                        53    -25       24
  SINCE JUL 1   6597                      6270    327     6715

 COOLING
  YESTERDAY        0                         6     -6       11
  MONTH TO DATE  154                       123     31      143
  SINCE JUN 1    154                       123     31      143
  SINCE JAN 1    272                       169    103      206
..................................................................


WIND (MPH)
  HIGHEST WIND SPEED    22   HIGHEST WIND DIRECTION    NW (320)
  HIGHEST GUST SPEED    28   HIGHEST GUST DIRECTION    NW (330)
  AVERAGE WIND SPEED    10.6


SKY COVER
  POSSIBLE SUNSHINE  MM
  AVERAGE SKY COVER 0.7


WEATHER CONDITIONS
 THE FOLLOWING WEATHER WAS RECORDED YESTERDAY.
  RAIN
  LIGHT RAIN
  FOG


RELATIVE HUMIDITY (PERCENT)
 HIGHEST   100          1200 AM
 LOWEST     53           400 PM
 AVERAGE    77

..........................................................


THE MANSFIELD OH CLIMATE NORMALS FOR TODAY
                         NORMAL    RECORD    YEAR
 MAXIMUM TEMPERATURE (F)   81        96      1934
                                             1933
 MINIMUM TEMPERATURE (F)   60        45      1958
                                             1938
                                             1923


SUNRISE AND SUNSET
JUNE 29 2015..........SUNRISE   601 AM EDT   SUNSET   906 PM EDT
JUNE 30 2015..........SUNRISE   602 AM EDT   SUNSET   906 PM EDT


-  INDICATES NEGATIVE NUMBERS.
R  INDICATES RECORD WAS SET OR TIED.
MM INDICATES DATA IS MISSING.
T  INDICATES TRACE AMOUNT.




$$
