000
CDUS41 KCLE 122118
CLIMFD


CLIMATE REPORT
NATIONAL WEATHER SERVICE CLEVELAND OH
517 PM EDT SAT APR 12 2014


...................................

...THE MANSFIELD OH CLIMATE SUMMARY FOR APRIL 12 2014...
VALID TODAY AS OF 0500 PM LOCAL TIME.

CLIMATE NORMAL PERIOD 1981 TO 2010
CLIMATE RECORD PERIOD 1916 TO 2014


WEATHER ITEM   OBSERVED TIME   RECORD YEAR NORMAL DEPARTURE LAST
                VALUE   (LST)  VALUE       VALUE  FROM      YEAR
                                                  NORMAL
..................................................................
TEMPERATURE (F)
 TODAY
  MAXIMUM         73    305 PM  85    1930  58     15       56
  MINIMUM         43    651 AM  18    1940  37      6       37
  AVERAGE         58                        48     10       47

PRECIPITATION (IN)
  TODAY            0.00                      0.15  -0.15     0.18
  MONTH TO DATE    3.02                      1.68   1.34     2.58
  SINCE MAR 1      4.86                      5.07  -0.21     4.53
  SINCE JAN 1      9.19                     10.33  -1.14     9.26

SNOWFALL (IN)
  TODAY            0.0                       0.1   -0.1      0.0
  MONTH TO DATE    0.0                       1.6   -1.6      0.0
  SINCE MAR 1     10.5                       9.4    1.1      9.5
  SINCE JUL 1     64.4                      47.3   17.1     39.3
  SNOW DEPTH       0

DEGREE DAYS
 HEATING
  TODAY            7                        18    -11       18
  MONTH TO DATE  191                       238    -47      226
  SINCE MAR 1   1218                      1103    115     1201
  SINCE JUL 1   6262                      5728    534     5574

 COOLING
  TODAY            0                         0      0        0
  MONTH TO DATE    0                         0      0        0
  SINCE MAR 1      0                         1     -1        0
  SINCE JAN 1      0                         1     -1        0
..................................................................


WIND (MPH)
  HIGHEST WIND SPEED    24   HIGHEST WIND DIRECTION     S (180)
  HIGHEST GUST SPEED    31   HIGHEST GUST DIRECTION     S (170)


SKY COVER
  POSSIBLE SUNSHINE  MM
  AVERAGE SKY COVER 0.1


WEATHER CONDITIONS
 THE FOLLOWING WEATHER WAS RECORDED TODAY.
  NO SIGNIFICANT WEATHER WAS OBSERVED.


RELATIVE HUMIDITY (PERCENT)
 HIGHEST    76          1200 AM
 LOWEST     31           100 PM
 AVERAGE    54

..........................................................


THE MANSFIELD OH CLIMATE NORMALS FOR TOMORROW
                         NORMAL    RECORD    YEAR
 MAXIMUM TEMPERATURE (F)   58        84      1941
 MINIMUM TEMPERATURE (F)   37        16      1950


SUNRISE AND SUNSET
APRIL 12 2014.........SUNRISE   656 AM EDT   SUNSET   806 PM EDT
APRIL 13 2014.........SUNRISE   654 AM EDT   SUNSET   808 PM EDT


-  INDICATES NEGATIVE NUMBERS.
R  INDICATES RECORD WAS SET OR TIED.
MM INDICATES DATA IS MISSING.
T  INDICATES TRACE AMOUNT.




$$
