000
CDUS41 KCLE 240545
CLIMFD


CLIMATE REPORT
NATIONAL WEATHER SERVICE CLEVELAND OH
145 AM EDT FRI MAR 24 2017


...................................

...THE MANSFIELD OH CLIMATE SUMMARY FOR MARCH 23 2017...

CLIMATE NORMAL PERIOD 1981 TO 2010
CLIMATE RECORD PERIOD 1916 TO 2017


WEATHER ITEM   OBSERVED TIME   RECORD YEAR NORMAL DEPARTURE LAST
                VALUE   (LST)  VALUE       VALUE  FROM      YEAR
                                                  NORMAL
..................................................................
TEMPERATURE (F)
 YESTERDAY
  MAXIMUM         50    513 PM  77    2012  49      1       61
  MINIMUM         18    445 AM   7    1940  30    -12       50
  AVERAGE         34                        40     -6       56

PRECIPITATION (IN)
  YESTERDAY        0.00                      0.11  -0.11     0.00
  MONTH TO DATE    2.38                      2.38   0.00     2.44
  SINCE MAR 1      2.38                      2.38   0.00     2.44
  SINCE JAN 1     10.24                      7.64   2.60     7.34

SNOWFALL (IN)
  YESTERDAY        0.0                       0.2   -0.2      0.0
  MONTH TO DATE   10.7                       6.5    4.2      3.0
  SINCE MAR 1     10.7                       6.5    4.2      3.0
  SINCE JUL 1     32.3                      44.4  -12.1     23.4
  SNOW DEPTH       0

DEGREE DAYS
 HEATING
  YESTERDAY       31                        25      6        9
  MONTH TO DATE  735                       677     58      491
  SINCE MAR 1    735                       677     58      491
  SINCE JUL 1   4405                      5302   -897     4263

 COOLING
  YESTERDAY        0                         0      0        0
  MONTH TO DATE    0                         0      0        0
  SINCE MAR 1      0                         0      0        0
  SINCE JAN 1      0                         0      0        0
..................................................................


WIND (MPH)
  HIGHEST WIND SPEED    18   HIGHEST WIND DIRECTION    SE (120)
  HIGHEST GUST SPEED    23   HIGHEST GUST DIRECTION    SE (120)
  AVERAGE WIND SPEED    10.4


SKY COVER
  POSSIBLE SUNSHINE  MM
  AVERAGE SKY COVER 0.1


WEATHER CONDITIONS
 THE FOLLOWING WEATHER WAS RECORDED YESTERDAY.
  NO SIGNIFICANT WEATHER WAS OBSERVED.


RELATIVE HUMIDITY (PERCENT)
 HIGHEST    80           400 AM
 LOWEST     18           500 PM
 AVERAGE    49

..........................................................


THE MANSFIELD OH CLIMATE NORMALS FOR TODAY
                         NORMAL    RECORD    YEAR
 MAXIMUM TEMPERATURE (F)   50        80      1939
 MINIMUM TEMPERATURE (F)   31         4      1974


SUNRISE AND SUNSET
MARCH 24 2017.........SUNRISE   726 AM EDT   SUNSET   747 PM EDT
MARCH 25 2017.........SUNRISE   725 AM EDT   SUNSET   748 PM EDT


-  INDICATES NEGATIVE NUMBERS.
R  INDICATES RECORD WAS SET OR TIED.
MM INDICATES DATA IS MISSING.
T  INDICATES TRACE AMOUNT.




$$
