000
CDUS41 KCLE 240531
CLIMFD


CLIMATE REPORT
NATIONAL WEATHER SERVICE CLEVELAND OH
130 AM EDT SAT SEP 24 2016


...................................

...THE MANSFIELD OH CLIMATE SUMMARY FOR SEPTEMBER 23 2016...

CLIMATE NORMAL PERIOD 1981 TO 2010
CLIMATE RECORD PERIOD 1916 TO 2016


WEATHER ITEM   OBSERVED TIME   RECORD YEAR NORMAL DEPARTURE LAST
                VALUE   (LST)  VALUE       VALUE  FROM      YEAR
                                                  NORMAL
..................................................................
TEMPERATURE (F)
 YESTERDAY
  MAXIMUM         89    313 PM  90    2010  71     18       79
                                      1936
  MINIMUM         64    310 AM  30    1947  50     14       50
  AVERAGE         77                        60     17       65

PRECIPITATION (IN)
  YESTERDAY        0.00                      0.11  -0.11     0.00
  MONTH TO DATE    2.37                      2.59  -0.22     2.13
  SINCE SEP 1      2.37                      2.59  -0.22     2.13
  SINCE JAN 1     26.00                     33.42  -7.42    30.12

SNOWFALL (IN)
  YESTERDAY        0.0                       0.0    0.0      0.0
  MONTH TO DATE    0.0                       0.0    0.0      0.0
  SINCE SEP 1      0.0                       0.0    0.0      0.0
  SINCE JUL 1      0.0                       0.0    0.0      0.0
  SNOW DEPTH       0

DEGREE DAYS
 HEATING
  YESTERDAY        0                         6     -6        0
  MONTH TO DATE    2                        72    -70       34
  SINCE SEP 1      2                        72    -70       34
  SINCE JUL 1      3                        97    -94       51

 COOLING
  YESTERDAY       12                         1     11        0
  MONTH TO DATE  146                        57     89      125
  SINCE SEP 1    146                        57     89      125
  SINCE JAN 1   1050                       619    431      756
..................................................................


WIND (MPH)
  HIGHEST WIND SPEED    14   HIGHEST WIND DIRECTION     N (340)
  HIGHEST GUST SPEED    18   HIGHEST GUST DIRECTION     N (350)
  AVERAGE WIND SPEED     6.5


SKY COVER
  POSSIBLE SUNSHINE  MM
  AVERAGE SKY COVER 0.3


WEATHER CONDITIONS
 THE FOLLOWING WEATHER WAS RECORDED YESTERDAY.
  FOG


RELATIVE HUMIDITY (PERCENT)
 HIGHEST   100           900 PM
 LOWEST     34           300 PM
 AVERAGE    67

..........................................................


THE MANSFIELD OH CLIMATE NORMALS FOR TODAY
                         NORMAL    RECORD    YEAR
 MAXIMUM TEMPERATURE (F)   70        89      2010
                                             1934
 MINIMUM TEMPERATURE (F)   49        31      1944


SUNRISE AND SUNSET
SEPTEMBER 24 2016.....SUNRISE   720 AM EDT   SUNSET   723 PM EDT
SEPTEMBER 25 2016.....SUNRISE   721 AM EDT   SUNSET   721 PM EDT


-  INDICATES NEGATIVE NUMBERS.
R  INDICATES RECORD WAS SET OR TIED.
MM INDICATES DATA IS MISSING.
T  INDICATES TRACE AMOUNT.




$$
