000
CDUS41 KCLE 192121
CLIMFD


CLIMATE REPORT
NATIONAL WEATHER SERVICE CLEVELAND OH
519 PM EDT THU MAY 19 2016


...................................

...THE MANSFIELD OH CLIMATE SUMMARY FOR MAY 19 2016...
VALID TODAY AS OF 0500 PM LOCAL TIME.

CLIMATE NORMAL PERIOD 1981 TO 2010
CLIMATE RECORD PERIOD 1916 TO 2016


WEATHER ITEM   OBSERVED TIME   RECORD YEAR NORMAL DEPARTURE LAST
                VALUE   (LST)  VALUE       VALUE  FROM      YEAR
                                                  NORMAL
..................................................................
TEMPERATURE (F)
 TODAY
  MAXIMUM         68    329 PM  88    1964  70     -2       68
  MINIMUM         41    557 AM  32    2002  49     -8       48
  AVERAGE         55                        60     -5       58

PRECIPITATION (IN)
  TODAY            0.00                      0.14  -0.14     0.00
  MONTH TO DATE    2.88                      2.62   0.26     1.78
  SINCE MAR 1     10.55                     10.15   0.40    10.02
  SINCE JAN 1     15.45                     15.41   0.04    15.18

SNOWFALL (IN)
  TODAY            0.0                       0.0    0.0      0.0
  MONTH TO DATE    0.0                       0.0    0.0      0.0
  SINCE MAR 1      7.2                      10.4   -3.2     10.7
  SINCE JUL 1     27.6                      48.3  -20.7     63.2
  SNOW DEPTH       0

DEGREE DAYS
 HEATING
  TODAY           10                         7      3        7
  MONTH TO DATE  211                       168     43       68
  SINCE MAR 1   1362                      1528   -166     1445
  SINCE JUL 1   5134                      6153  -1019     6517

 COOLING
  TODAY            0                         1     -1        0
  MONTH TO DATE    3                        14    -11       70
  SINCE MAR 1      3                        22    -19       70
  SINCE JAN 1      3                        22    -19       70
..................................................................


WIND (MPH)
  HIGHEST WIND SPEED    12   HIGHEST WIND DIRECTION     N (350)
  HIGHEST GUST SPEED    17   HIGHEST GUST DIRECTION     N (350)


SKY COVER
  POSSIBLE SUNSHINE  MM
  AVERAGE SKY COVER 0.1


WEATHER CONDITIONS
 THE FOLLOWING WEATHER WAS RECORDED TODAY.
  NO SIGNIFICANT WEATHER WAS OBSERVED.


RELATIVE HUMIDITY (PERCENT)
 HIGHEST    82           600 AM
 LOWEST     34           100 PM
 AVERAGE    58

..........................................................


THE MANSFIELD OH CLIMATE NORMALS FOR TOMORROW
                         NORMAL    RECORD    YEAR
 MAXIMUM TEMPERATURE (F)   71        89      1962
 MINIMUM TEMPERATURE (F)   49        32      1945


SUNRISE AND SUNSET
MAY 19 2016...........SUNRISE   609 AM EDT   SUNSET   845 PM EDT
MAY 20 2016...........SUNRISE   608 AM EDT   SUNSET   846 PM EDT


-  INDICATES NEGATIVE NUMBERS.
R  INDICATES RECORD WAS SET OR TIED.
MM INDICATES DATA IS MISSING.
T  INDICATES TRACE AMOUNT.




$$
