000
CDUS41 KCLE 170535
CLIMFD


CLIMATE REPORT
NATIONAL WEATHER SERVICE CLEVELAND OH
134 AM EDT FRI OCT 17 2014


...................................

...THE MANSFIELD OH CLIMATE SUMMARY FOR OCTOBER 16 2014...

CLIMATE NORMAL PERIOD 1981 TO 2010
CLIMATE RECORD PERIOD 1916 TO 2014


WEATHER ITEM   OBSERVED TIME   RECORD YEAR NORMAL DEPARTURE LAST
                VALUE   (LST)  VALUE       VALUE  FROM      YEAR
                                                  NORMAL
..................................................................
TEMPERATURE (F)
 YESTERDAY
  MAXIMUM         64    404 PM  85    1938  62      2       66
  MINIMUM         51    606 AM  21    1937  42      9       45
  AVERAGE         58                        52      6       56

PRECIPITATION (IN)
  YESTERDAY        0.01                      0.09  -0.08     0.48
  MONTH TO DATE    1.15                      1.51  -0.36     3.07
  SINCE SEP 1      2.62                      4.83  -2.21     5.80
  SINCE JAN 1     31.84                     35.66  -3.82    34.72

SNOWFALL (IN)
  YESTERDAY        0.0                       0.0    0.0      0.0
  MONTH TO DATE    0.0                       0.1   -0.1      0.0
  SINCE SEP 1      0.0                       0.1   -0.1      0.0
  SINCE JUL 1      0.0                       0.1   -0.1      0.0
  SNOW DEPTH       0

DEGREE DAYS
 HEATING
  YESTERDAY        7                        13     -6        9
  MONTH TO DATE  164                       180    -16       87
  SINCE SEP 1    276                       305    -29      205
  SINCE JUL 1    303                       330    -27      233

 COOLING
  YESTERDAY        0                         0      0        0
  MONTH TO DATE    4                         5     -1       24
  SINCE SEP 1     69                        68      1       99
  SINCE JAN 1    623                       630     -7      741
..................................................................


WIND (MPH)
  HIGHEST WIND SPEED    15   HIGHEST WIND DIRECTION     W (260)
  HIGHEST GUST SPEED    19   HIGHEST GUST DIRECTION     W (250)
  AVERAGE WIND SPEED     5.8


SKY COVER
  POSSIBLE SUNSHINE  MM
  AVERAGE SKY COVER 1.0


WEATHER CONDITIONS
 THE FOLLOWING WEATHER WAS RECORDED YESTERDAY.
  LIGHT RAIN
  FOG


RELATIVE HUMIDITY (PERCENT)
 HIGHEST   100           100 AM
 LOWEST     60           500 PM
 AVERAGE    80

..........................................................


THE MANSFIELD OH CLIMATE NORMALS FOR TODAY
                         NORMAL    RECORD    YEAR
 MAXIMUM TEMPERATURE (F)   61        85      1938
 MINIMUM TEMPERATURE (F)   41        25      1940


SUNRISE AND SUNSET
OCTOBER 17 2014.......SUNRISE   743 AM EDT   SUNSET   647 PM EDT
OCTOBER 18 2014.......SUNRISE   745 AM EDT   SUNSET   645 PM EDT


-  INDICATES NEGATIVE NUMBERS.
R  INDICATES RECORD WAS SET OR TIED.
MM INDICATES DATA IS MISSING.
T  INDICATES TRACE AMOUNT.




$$
