000
CDUS41 KCLE 240537
CLIMFD


CLIMATE REPORT
NATIONAL WEATHER SERVICE CLEVELAND OH
1236 AM EST WED DEC 24 2014


...................................

...THE MANSFIELD OH CLIMATE SUMMARY FOR DECEMBER 23 2014...

CLIMATE NORMAL PERIOD 1981 TO 2010
CLIMATE RECORD PERIOD 1916 TO 2014


WEATHER ITEM   OBSERVED TIME   RECORD YEAR NORMAL DEPARTURE LAST
                VALUE   (LST)  VALUE       VALUE  FROM      YEAR
                                                  NORMAL
..................................................................
TEMPERATURE (F)
 YESTERDAY
  MAXIMUM         53   1159 PM  59    1933  34     19       37
  MINIMUM         40    309 AM  -9    1989  21     19       25
                                      1960
  AVERAGE         47                        28     19       31

PRECIPITATION (IN)
  YESTERDAY        0.03                      0.11  -0.08     0.01
  MONTH TO DATE    1.35                      2.46  -1.11     3.88
  SINCE DEC 1      1.35                      2.46  -1.11     3.88
  SINCE JAN 1     36.01                     43.36  -7.35    42.72

SNOWFALL (IN)
  YESTERDAY        0.0                       0.4   -0.4       T
  MONTH TO DATE    0.2                       7.2   -7.0     13.0
  SINCE DEC 1      0.2                       7.2   -7.0     13.0
  SINCE JUL 1      6.1                       9.9   -3.8     14.6
  SNOW DEPTH       0

DEGREE DAYS
 HEATING
  YESTERDAY       18                        38    -20       34
  MONTH TO DATE  712                       790    -78      769
  SINCE DEC 1    712                       790    -78      769
  SINCE JUL 1   2100                      2071     29     2101

 COOLING
  YESTERDAY        0                         0      0        0
  MONTH TO DATE    0                         0      0        0
  SINCE DEC 1      0                         0      0        0
  SINCE JAN 1    623                       632     -9      741
..................................................................


WIND (MPH)
  HIGHEST WIND SPEED    17   HIGHEST WIND DIRECTION     S (160)
  HIGHEST GUST SPEED    22   HIGHEST GUST DIRECTION    SE (140)
  AVERAGE WIND SPEED     9.8


SKY COVER
  POSSIBLE SUNSHINE  MM
  AVERAGE SKY COVER 1.0


WEATHER CONDITIONS
 THE FOLLOWING WEATHER WAS RECORDED YESTERDAY.
  FOG


RELATIVE HUMIDITY (PERCENT)
 HIGHEST   100           600 AM
 LOWEST     73          1200 AM
 AVERAGE    87

..........................................................


THE MANSFIELD OH CLIMATE NORMALS FOR TODAY
                         NORMAL    RECORD    YEAR
 MAXIMUM TEMPERATURE (F)   34        62      1964
 MINIMUM TEMPERATURE (F)   21       -14      1983


SUNRISE AND SUNSET
DECEMBER 24 2014......SUNRISE   752 AM EST   SUNSET   507 PM EST
DECEMBER 25 2014......SUNRISE   753 AM EST   SUNSET   508 PM EST


-  INDICATES NEGATIVE NUMBERS.
R  INDICATES RECORD WAS SET OR TIED.
MM INDICATES DATA IS MISSING.
T  INDICATES TRACE AMOUNT.




$$
