000
CDUS41 KCLE 160545
CLIMFD


CLIMATE REPORT
NATIONAL WEATHER SERVICE CLEVELAND OH
145 AM EDT SUN APR 16 2017


...................................

...THE MANSFIELD OH CLIMATE SUMMARY FOR APRIL 15 2017...

CLIMATE NORMAL PERIOD 1981 TO 2010
CLIMATE RECORD PERIOD 1916 TO 2017


WEATHER ITEM   OBSERVED TIME   RECORD YEAR NORMAL DEPARTURE LAST
                VALUE   (LST)  VALUE       VALUE  FROM      YEAR
                                                  NORMAL
..................................................................
TEMPERATURE (F)
 YESTERDAY
  MAXIMUM         80    237 PM  82    2010  59     21       71
  MINIMUM         53   1229 AM  15    1957  38     15       38
  AVERAGE         67                        49     18       55

PRECIPITATION (IN)
  YESTERDAY        0.19                      0.14   0.05     0.00
  MONTH TO DATE    2.17                      2.10   0.07     1.92
  SINCE MAR 1      5.93                      5.49   0.44     6.07
  SINCE JAN 1     13.79                     10.75   3.04    10.97

SNOWFALL (IN)
  YESTERDAY        0.0                       0.1   -0.1      0.0
  MONTH TO DATE    4.3                       1.9    2.4      4.2
  SINCE MAR 1     15.0                       9.7    5.3      7.2
  SINCE JUL 1     36.6                      47.6  -11.0     27.6
  SNOW DEPTH       0

DEGREE DAYS
 HEATING
  YESTERDAY        0                        16    -16       10
  MONTH TO DATE  191                       288    -97      378
  SINCE MAR 1   1013                      1153   -140      997
  SINCE JUL 1   4683                      5778  -1095     4769

 COOLING
  YESTERDAY        2                         0      2        0
  MONTH TO DATE    5                         0      5        0
  SINCE MAR 1      5                         1      4        0
  SINCE JAN 1      5                         1      4        0
..................................................................


WIND (MPH)
  HIGHEST WIND SPEED    39   HIGHEST WIND DIRECTION     S (200)
  HIGHEST GUST SPEED    59   HIGHEST GUST DIRECTION     S (200)
  AVERAGE WIND SPEED    11.9


SKY COVER
  POSSIBLE SUNSHINE  MM
  AVERAGE SKY COVER 0.3


WEATHER CONDITIONS
 THE FOLLOWING WEATHER WAS RECORDED YESTERDAY.
  THUNDERSTORM
  HEAVY RAIN
  LIGHT RAIN


RELATIVE HUMIDITY (PERCENT)
 HIGHEST    61           100 AM
 LOWEST     42           800 AM
 AVERAGE    52

..........................................................


THE MANSFIELD OH CLIMATE NORMALS FOR TODAY
                         NORMAL    RECORD    YEAR
 MAXIMUM TEMPERATURE (F)   60        84      2002
 MINIMUM TEMPERATURE (F)   38        16      1935


SUNRISE AND SUNSET
APRIL 16 2017.........SUNRISE   649 AM EDT   SUNSET   811 PM EDT
APRIL 17 2017.........SUNRISE   648 AM EDT   SUNSET   812 PM EDT


-  INDICATES NEGATIVE NUMBERS.
R  INDICATES RECORD WAS SET OR TIED.
MM INDICATES DATA IS MISSING.
T  INDICATES TRACE AMOUNT.




$$
