000
CDUS41 KCLE 172112
CLIMFD


CLIMATE REPORT
NATIONAL WEATHER SERVICE CLEVELAND OH
512 PM EDT MON APR 17 2017


...................................

...THE MANSFIELD OH CLIMATE SUMMARY FOR APRIL 17 2017...
VALID TODAY AS OF 0500 PM LOCAL TIME.

CLIMATE NORMAL PERIOD 1981 TO 2010
CLIMATE RECORD PERIOD 1916 TO 2017


WEATHER ITEM   OBSERVED TIME   RECORD YEAR NORMAL DEPARTURE LAST
                VALUE   (LST)  VALUE       VALUE  FROM      YEAR
                                                  NORMAL
..................................................................
TEMPERATURE (F)
 TODAY
  MAXIMUM         67    355 PM  83    1969  60      7       79
  MINIMUM         48    621 AM  21    1946  39      9       46
  AVERAGE         58                        49      9       63

PRECIPITATION (IN)
  TODAY            0.00                      0.14  -0.14     0.00
  MONTH TO DATE    2.18                      2.38  -0.20     1.92
  SINCE MAR 1      5.94                      5.77   0.17     6.07
  SINCE JAN 1     13.80                     11.03   2.77    10.97

SNOWFALL (IN)
  TODAY            0.0                       0.1   -0.1      0.0
  MONTH TO DATE    4.3                       2.1    2.2      4.2
  SINCE MAR 1     15.0                       9.9    5.1      7.2
  SINCE JUL 1     36.6                      47.8  -11.2     27.6
  SNOW DEPTH       0

DEGREE DAYS
 HEATING
  TODAY            7                        16     -9        2
  MONTH TO DATE  198                       320   -122      386
  SINCE MAR 1   1020                      1185   -165     1005
  SINCE JUL 1   4690                      5810  -1120     4777

 COOLING
  TODAY            0                         0      0        0
  MONTH TO DATE    8                         0      8        0
  SINCE MAR 1      8                         1      7        0
  SINCE JAN 1      8                         1      7        0
..................................................................


WIND (MPH)
  HIGHEST WIND SPEED    15   HIGHEST WIND DIRECTION     N (350)
  HIGHEST GUST SPEED    19   HIGHEST GUST DIRECTION     N (340)


SKY COVER
  POSSIBLE SUNSHINE  MM
  AVERAGE SKY COVER 0.0


WEATHER CONDITIONS
 THE FOLLOWING WEATHER WAS RECORDED TODAY.
  NO SIGNIFICANT WEATHER WAS OBSERVED.


RELATIVE HUMIDITY (PERCENT)
 HIGHEST    80          1200 AM
 LOWEST     31           300 PM
 AVERAGE    56

..........................................................


THE MANSFIELD OH CLIMATE NORMALS FOR TOMORROW
                         NORMAL    RECORD    YEAR
 MAXIMUM TEMPERATURE (F)   61        82      2013
                                             2002
                                             1976
 MINIMUM TEMPERATURE (F)   39        23      1990


SUNRISE AND SUNSET
APRIL 17 2017.........SUNRISE   648 AM EDT   SUNSET   812 PM EDT
APRIL 18 2017.........SUNRISE   646 AM EDT   SUNSET   813 PM EDT


-  INDICATES NEGATIVE NUMBERS.
R  INDICATES RECORD WAS SET OR TIED.
MM INDICATES DATA IS MISSING.
T  INDICATES TRACE AMOUNT.




$$
