000
CDUS41 KCLE 140529
CLIMFD


CLIMATE REPORT
NATIONAL WEATHER SERVICE CLEVELAND OH
1228 AM EST TUE NOV 14 2017


...................................

...THE MANSFIELD OH CLIMATE SUMMARY FOR NOVEMBER 13 2017...

CLIMATE NORMAL PERIOD 1981 TO 2010
CLIMATE RECORD PERIOD 1916 TO 2017


WEATHER ITEM   OBSERVED TIME   RECORD YEAR NORMAL DEPARTURE LAST
                VALUE   (LST)  VALUE       VALUE  FROM      YEAR
                                                  NORMAL
..................................................................
TEMPERATURE (F)
 YESTERDAY
  MAXIMUM         39    230 PM  70    2010  51    -12       56
  MINIMUM         33   1159 PM  13    1986  34     -1       29
  AVERAGE         36                        42     -6       43

PRECIPITATION (IN)
  YESTERDAY        0.04                      0.13  -0.09     0.00
  MONTH TO DATE    2.88                      1.61   1.27     0.34
  SINCE SEP 1      7.41                      7.87  -0.46     7.52
  SINCE JAN 1     43.99                     38.70   5.29    31.15

SNOWFALL (IN)
  YESTERDAY        0.0                       0.1   -0.1      0.0
  MONTH TO DATE    0.1                       0.6   -0.5      0.0
  SINCE SEP 1      0.1                       1.1   -1.0      0.0
  SINCE JUL 1      0.1                       1.1   -1.0      0.0
  SNOW DEPTH       0

DEGREE DAYS
 HEATING
  YESTERDAY       29                        23      6       22
  MONTH TO DATE  285                       265     20      186
  SINCE SEP 1    648                       808   -160      494
  SINCE JUL 1    662                       833   -171      495

 COOLING
  YESTERDAY        0                         0      0        0
  MONTH TO DATE    0                         0      0        6
  SINCE SEP 1    131                        70     61      180
  SINCE JAN 1    748                       632    116     1084
..................................................................


WIND (MPH)
  HIGHEST WIND SPEED    15   HIGHEST WIND DIRECTION    NW (320)
  HIGHEST GUST SPEED    17   HIGHEST GUST DIRECTION    NW (330)
  AVERAGE WIND SPEED     6.8


SKY COVER
  POSSIBLE SUNSHINE  MM
  AVERAGE SKY COVER 1.0


WEATHER CONDITIONS
 THE FOLLOWING WEATHER WAS RECORDED YESTERDAY.
  LIGHT RAIN
  FOG
  FOG W/VISIBILITY <= 1/4 MILE


RELATIVE HUMIDITY (PERCENT)
 HIGHEST   100           100 AM
 LOWEST     76           300 PM
 AVERAGE    88

..........................................................


THE MANSFIELD OH CLIMATE NORMALS FOR TODAY
                         NORMAL    RECORD    YEAR
 MAXIMUM TEMPERATURE (F)   50        71      1971
 MINIMUM TEMPERATURE (F)   34        11      1986


SUNRISE AND SUNSET
NOVEMBER 14 2017......SUNRISE   716 AM EST   SUNSET   512 PM EST
NOVEMBER 15 2017......SUNRISE   717 AM EST   SUNSET   512 PM EST


-  INDICATES NEGATIVE NUMBERS.
R  INDICATES RECORD WAS SET OR TIED.
MM INDICATES DATA IS MISSING.
T  INDICATES TRACE AMOUNT.




$$
