000
CDUS41 KCLE 260537
CLIMFD


CLIMATE REPORT
NATIONAL WEATHER SERVICE CLEVELAND OH
135 AM EDT THU MAR 26 2015


...................................

...THE MANSFIELD OH CLIMATE SUMMARY FOR MARCH 25 2015...

CLIMATE NORMAL PERIOD 1981 TO 2010
CLIMATE RECORD PERIOD 1916 TO 2015


WEATHER ITEM   OBSERVED TIME   RECORD YEAR NORMAL DEPARTURE LAST
                VALUE   (LST)  VALUE       VALUE  FROM      YEAR
                                                  NORMAL
..................................................................
TEMPERATURE (F)
 YESTERDAY
  MAXIMUM         57    143 PM  80    1929  50      7       34
  MINIMUM         36   1202 AM  -2    1974  31      5       16
  AVERAGE         47                        40      7       25

PRECIPITATION (IN)
  YESTERDAY        0.29                      0.12   0.17     0.08
  MONTH TO DATE    2.17                      2.62  -0.45     1.34
  SINCE MAR 1      2.17                      2.62  -0.45     1.34
  SINCE JAN 1      7.33                      7.88  -0.55     5.67

SNOWFALL (IN)
  YESTERDAY        0.0                       0.2   -0.2      1.0
  MONTH TO DATE    6.5                       6.9   -0.4      7.5
  SINCE MAR 1      6.5                       6.9   -0.4      7.5
  SINCE JUL 1     59.0                      44.8   14.2     61.4
  SNOW DEPTH       0

DEGREE DAYS
 HEATING
  YESTERDAY       18                        25     -7       40
  MONTH TO DATE  763                       727     36      854
  SINCE MAR 1    763                       727     36      854
  SINCE JUL 1   5835                      5352    483     5898

 COOLING
  YESTERDAY        0                         0      0        0
  MONTH TO DATE    0                         0      0        0
  SINCE MAR 1      0                         0      0        0
  SINCE JAN 1      0                         0      0        0
..................................................................


WIND (MPH)
  HIGHEST WIND SPEED    32   HIGHEST WIND DIRECTION    SW (220)
  HIGHEST GUST SPEED    49   HIGHEST GUST DIRECTION    SW (210)
  AVERAGE WIND SPEED    13.9


SKY COVER
  POSSIBLE SUNSHINE  MM
  AVERAGE SKY COVER 0.7


WEATHER CONDITIONS
 THE FOLLOWING WEATHER WAS RECORDED YESTERDAY.
  RAIN
  LIGHT RAIN
  FOG


RELATIVE HUMIDITY (PERCENT)
 HIGHEST    96           800 AM
 LOWEST     64          1200 AM
 AVERAGE    80

..........................................................


THE MANSFIELD OH CLIMATE NORMALS FOR TODAY
                         NORMAL    RECORD    YEAR
 MAXIMUM TEMPERATURE (F)   50        76      1967
 MINIMUM TEMPERATURE (F)   31         5      1940


SUNRISE AND SUNSET
MARCH 26 2015.........SUNRISE   724 AM EDT   SUNSET   748 PM EDT
MARCH 27 2015.........SUNRISE   722 AM EDT   SUNSET   749 PM EDT


-  INDICATES NEGATIVE NUMBERS.
R  INDICATES RECORD WAS SET OR TIED.
MM INDICATES DATA IS MISSING.
T  INDICATES TRACE AMOUNT.




$$
