714
CDUS41 KCLE 010526
CLIMFD


CLIMATE REPORT
NATIONAL WEATHER SERVICE CLEVELAND OH
1226 AM EST THU DEC 1 2016


...................................

...THE MANSFIELD OH CLIMATE SUMMARY FOR NOVEMBER 30 2016...

CLIMATE NORMAL PERIOD 1981 TO 2010
CLIMATE RECORD PERIOD 1916 TO 2016


WEATHER ITEM   OBSERVED TIME   RECORD YEAR NORMAL DEPARTURE LAST
                VALUE   (LST)  VALUE       VALUE  FROM      YEAR
                                                  NORMAL
..................................................................
TEMPERATURE (F)
 YESTERDAY
  MAXIMUM         62    233 PM  70    1934  42     20       46
  MINIMUM         38   1052 PM -17    1958  28     10       27
  AVERAGE         50                        35     15       37

PRECIPITATION (IN)
  YESTERDAY        0.23                      0.12   0.11     0.00
  MONTH TO DATE    1.29                      3.81  -2.52     2.22
  SINCE SEP 1      8.47                     10.07  -1.60     7.36
  SINCE JAN 1     32.10                     40.90  -8.80    35.35

SNOWFALL (IN)
  YESTERDAY        0.0                       0.1   -0.1      0.0
  MONTH TO DATE    0.2                       2.2   -2.0      0.0
  SINCE SEP 1      0.2                       2.7   -2.5      0.0
  SINCE JUL 1      0.2                       2.7   -2.5      0.0
  SNOW DEPTH       0

DEGREE DAYS
 HEATING
  YESTERDAY       15                        30    -15       28
  MONTH TO DATE  568                       713   -145      533
  SINCE SEP 1    876                      1256   -380      923
  SINCE JUL 1    877                      1281   -404      940

 COOLING
  YESTERDAY        0                         0      0        0
  MONTH TO DATE    6                         0      6        4
  SINCE SEP 1    180                        70    110      147
  SINCE JAN 1   1084                       632    452      778
..................................................................


WIND (MPH)
  HIGHEST WIND SPEED    24   HIGHEST WIND DIRECTION    SW (220)
  HIGHEST GUST SPEED    35   HIGHEST GUST DIRECTION    SW (220)
  AVERAGE WIND SPEED    12.7


SKY COVER
  POSSIBLE SUNSHINE  MM
  AVERAGE SKY COVER 0.8


WEATHER CONDITIONS
 THE FOLLOWING WEATHER WAS RECORDED YESTERDAY.
  LIGHT RAIN
  FOG


RELATIVE HUMIDITY (PERCENT)
 HIGHEST   100           900 AM
 LOWEST     51           100 AM
 AVERAGE    76

..........................................................


THE MANSFIELD OH CLIMATE NORMALS FOR TODAY
                         NORMAL    RECORD    YEAR
 MAXIMUM TEMPERATURE (F)   42        67      1970
 MINIMUM TEMPERATURE (F)   28         2      1929


SUNRISE AND SUNSET
DECEMBER  1 2016......SUNRISE   735 AM EST   SUNSET   503 PM EST
DECEMBER  2 2016......SUNRISE   736 AM EST   SUNSET   503 PM EST


-  INDICATES NEGATIVE NUMBERS.
R  INDICATES RECORD WAS SET OR TIED.
MM INDICATES DATA IS MISSING.
T  INDICATES TRACE AMOUNT.




$$
