448
CDUS41 KCLE 150531
CLIMFD


CLIMATE REPORT
NATIONAL WEATHER SERVICE CLEVELAND OH
1230 AM EST THU FEB 15 2018


...................................

...THE MANSFIELD OH CLIMATE SUMMARY FOR FEBRUARY 14 2018...

CLIMATE NORMAL PERIOD 1981 TO 2010
CLIMATE RECORD PERIOD 1916 TO 2018


WEATHER ITEM   OBSERVED TIME   RECORD YEAR NORMAL DEPARTURE LAST
                VALUE   (LST)  VALUE       VALUE  FROM      YEAR
                                                  NORMAL
..................................................................
TEMPERATURE (F)
 YESTERDAY
  MAXIMUM         48   1159 PM  62    1950  36     12       49
                                      1938
  MINIMUM         36    200 AM  -6    2016  20     16       27
  AVERAGE         42                        28     14       38

PRECIPITATION (IN)
  YESTERDAY        0.13                      0.08   0.05     0.00
  MONTH TO DATE    0.78                      1.18  -0.40     1.24
  SINCE DEC 1      5.14                      7.34  -2.20    10.29
  SINCE JAN 1      3.29                      4.05  -0.76     7.15

SNOWFALL (IN)
  YESTERDAY        0.0                       0.4   -0.4      0.0
  MONTH TO DATE    7.6                       5.6    2.0      3.8
  SINCE DEC 1     29.4                      29.4    0.0     21.4
  SINCE JUL 1     29.5                      32.1   -2.6     21.6
  SNOW DEPTH       0

DEGREE DAYS
 HEATING
  YESTERDAY       23                        37    -14       27
  MONTH TO DATE  564                       533     31      438
  SINCE DEC 1   2965                      2852    113     2540
  SINCE JUL 1   4047                      4133    -86     3417

 COOLING
  YESTERDAY        0                         0      0        0
  MONTH TO DATE    0                         0      0        0
  SINCE DEC 1      0                         0      0        0
  SINCE JAN 1      0                         0      0        0
..................................................................


WIND (MPH)
  HIGHEST WIND SPEED    20   HIGHEST WIND DIRECTION    SW (210)
  HIGHEST GUST SPEED    27   HIGHEST GUST DIRECTION    SW (220)
  AVERAGE WIND SPEED     9.6


SKY COVER
  POSSIBLE SUNSHINE  MM
  AVERAGE SKY COVER 0.9


WEATHER CONDITIONS
 THE FOLLOWING WEATHER WAS RECORDED YESTERDAY.
  LIGHT RAIN
  FOG
  FOG W/VISIBILITY <= 1/4 MILE
  HAZE


RELATIVE HUMIDITY (PERCENT)
 HIGHEST   100           600 PM
 LOWEST     70          1000 AM
 AVERAGE    85

..........................................................


THE MANSFIELD OH CLIMATE NORMALS FOR TODAY
                         NORMAL    RECORD    YEAR
 MAXIMUM TEMPERATURE (F)   36        65      1954
 MINIMUM TEMPERATURE (F)   20       -11      2015


SUNRISE AND SUNSET
FEBRUARY 15 2018......SUNRISE   724 AM EST   SUNSET   605 PM EST
FEBRUARY 16 2018......SUNRISE   723 AM EST   SUNSET   606 PM EST


-  INDICATES NEGATIVE NUMBERS.
R  INDICATES RECORD WAS SET OR TIED.
MM INDICATES DATA IS MISSING.
T  INDICATES TRACE AMOUNT.




$$
