000
CDUS41 KCLE 252120
CLIMFD


CLIMATE REPORT
NATIONAL WEATHER SERVICE CLEVELAND OH
519 PM EDT TUE AUG 25 2015


...................................

...THE MANSFIELD OH CLIMATE SUMMARY FOR AUGUST 25 2015...
VALID TODAY AS OF 0500 PM LOCAL TIME.

CLIMATE NORMAL PERIOD 1981 TO 2010
CLIMATE RECORD PERIOD 1916 TO 2015


WEATHER ITEM   OBSERVED TIME   RECORD YEAR NORMAL DEPARTURE LAST
                VALUE   (LST)  VALUE       VALUE  FROM      YEAR
                                                  NORMAL
..................................................................
TEMPERATURE (F)
 TODAY
  MAXIMUM         66   1130 AM  94    1936  79    -13       84
  MINIMUM         50    455 AM  38    1946  59     -9       65
                                      1942
  AVERAGE         58                        69    -11       75

PRECIPITATION (IN)
  TODAY            0.00                      0.13  -0.13     0.00
  MONTH TO DATE    1.13                      3.53  -2.40     3.54
  SINCE JUN 1     10.06                     12.66  -2.60    12.76
  SINCE JAN 1     27.85                     29.99  -2.14    29.09

SNOWFALL (IN)
  TODAY            0.0                       0.0    0.0      0.0
  MONTH TO DATE    0.0                       0.0    0.0      0.0
  SINCE JUN 1      0.0                       0.0    0.0      0.0
  SINCE JUL 1      0.0                       0.0    0.0      0.0
  SNOW DEPTH       0

DEGREE DAYS
 HEATING
  TODAY            7                         1      6        0
  MONTH TO DATE    8                         6      2       10
  SINCE JUN 1     44                        67    -23       51
  SINCE JUL 1     11                        14     -3       27

 COOLING
  TODAY            0                         5     -5       10
  MONTH TO DATE  140                       143     -3      139
  SINCE JUN 1    485                       487     -2      445
  SINCE JAN 1    603                       533     70      508
..................................................................


WIND (MPH)
  HIGHEST WIND SPEED    16   HIGHEST WIND DIRECTION     W (270)
  HIGHEST GUST SPEED    22   HIGHEST GUST DIRECTION     W (270)


SKY COVER
  POSSIBLE SUNSHINE  MM
  AVERAGE SKY COVER 0.7


WEATHER CONDITIONS
 THE FOLLOWING WEATHER WAS RECORDED TODAY.
  NO SIGNIFICANT WEATHER WAS OBSERVED.


RELATIVE HUMIDITY (PERCENT)
 HIGHEST   100           500 AM
 LOWEST     56          1100 AM
 AVERAGE    78

..........................................................


THE MANSFIELD OH CLIMATE NORMALS FOR TOMORROW
                         NORMAL    RECORD    YEAR
 MAXIMUM TEMPERATURE (F)   79        92      1953
 MINIMUM TEMPERATURE (F)   59        38      1958


SUNRISE AND SUNSET
AUGUST 25 2015........SUNRISE   650 AM EDT   SUNSET   814 PM EDT
AUGUST 26 2015........SUNRISE   651 AM EDT   SUNSET   812 PM EDT


-  INDICATES NEGATIVE NUMBERS.
R  INDICATES RECORD WAS SET OR TIED.
MM INDICATES DATA IS MISSING.
T  INDICATES TRACE AMOUNT.




$$
