000
CDUS41 KCLE 220527
CLIMFD


CLIMATE REPORT
NATIONAL WEATHER SERVICE CLEVELAND OH
1226 AM EST WED NOV 22 2017


...................................

...THE MANSFIELD OH CLIMATE SUMMARY FOR NOVEMBER 21 2017...

CLIMATE NORMAL PERIOD 1981 TO 2010
CLIMATE RECORD PERIOD 1916 TO 2017


WEATHER ITEM   OBSERVED TIME   RECORD YEAR NORMAL DEPARTURE LAST
                VALUE   (LST)  VALUE       VALUE  FROM      YEAR
                                                  NORMAL
..................................................................
TEMPERATURE (F)
 YESTERDAY
  MAXIMUM         52    203 PM  69    1934  47      5       35
  MINIMUM         34   1159 PM  12    2014  31      3       22
  AVERAGE         43                        39      4       29

PRECIPITATION (IN)
  YESTERDAY        0.06                      0.13  -0.07     0.00
  MONTH TO DATE    6.14                      2.67   3.47     0.52
  SINCE SEP 1     10.67                      8.93   1.74     7.70
  SINCE JAN 1     47.25                     39.76   7.49    31.33

SNOWFALL (IN)
  YESTERDAY        T                         0.1   -0.1      0.0
  MONTH TO DATE    0.1                       1.1   -1.0      0.2
  SINCE SEP 1      0.1                       1.6   -1.5      0.2
  SINCE JUL 1      0.1                       1.6   -1.5      0.2
  SNOW DEPTH       0

DEGREE DAYS
 HEATING
  YESTERDAY       22                        26     -4       36
  MONTH TO DATE  488                       460     28      351
  SINCE SEP 1    851                      1003   -152      659
  SINCE JUL 1    865                      1028   -163      660

 COOLING
  YESTERDAY        0                         0      0        0
  MONTH TO DATE    0                         0      0        6
  SINCE SEP 1    131                        70     61      180
  SINCE JAN 1    748                       632    116     1084
..................................................................


WIND (MPH)
  HIGHEST WIND SPEED    28   HIGHEST WIND DIRECTION     S (200)
  HIGHEST GUST SPEED    39   HIGHEST GUST DIRECTION     S (200)
  AVERAGE WIND SPEED    17.0


SKY COVER
  POSSIBLE SUNSHINE  MM
  AVERAGE SKY COVER 0.2


WEATHER CONDITIONS
 THE FOLLOWING WEATHER WAS RECORDED YESTERDAY.
  LIGHT RAIN
  LIGHT SNOW
  FOG


RELATIVE HUMIDITY (PERCENT)
 HIGHEST    92          1100 PM
 LOWEST     39           400 AM
 AVERAGE    66

..........................................................


THE MANSFIELD OH CLIMATE NORMALS FOR TODAY
                         NORMAL    RECORD    YEAR
 MAXIMUM TEMPERATURE (F)   46        68      2010
                                             1934
 MINIMUM TEMPERATURE (F)   31        10      1964


SUNRISE AND SUNSET
NOVEMBER 22 2017......SUNRISE   725 AM EST   SUNSET   507 PM EST
NOVEMBER 23 2017......SUNRISE   727 AM EST   SUNSET   506 PM EST


-  INDICATES NEGATIVE NUMBERS.
R  INDICATES RECORD WAS SET OR TIED.
MM INDICATES DATA IS MISSING.
T  INDICATES TRACE AMOUNT.




$$
