000
CDUS41 KCLE 310545
CLIMFD


CLIMATE REPORT
NATIONAL WEATHER SERVICE CLEVELAND OH
145 AM EDT FRI JUL 31 2015


...................................

...THE MANSFIELD OH CLIMATE SUMMARY FOR JULY 30 2015...

CLIMATE NORMAL PERIOD 1981 TO 2010
CLIMATE RECORD PERIOD 1916 TO 2015


WEATHER ITEM   OBSERVED TIME   RECORD YEAR NORMAL DEPARTURE LAST
                VALUE   (LST)  VALUE       VALUE  FROM      YEAR
                                                  NORMAL
..................................................................
TEMPERATURE (F)
 YESTERDAY
  MAXIMUM         84    313 PM  96    1931  81      3       76
  MINIMUM         65    630 AM  45    1956  61      4       55
  AVERAGE         75                        71      4       66

PRECIPITATION (IN)
  YESTERDAY        0.00                      0.13  -0.13     0.02
  MONTH TO DATE    1.49                      4.25  -2.76     2.74
  SINCE JUN 1      8.93                      9.00  -0.07     9.22
  SINCE JAN 1     26.72                     26.33   0.39    25.55

SNOWFALL (IN)
  YESTERDAY        0.0                       0.0    0.0      0.0
  MONTH TO DATE    0.0                       0.0    0.0      0.0
  SINCE JUN 1      0.0                       0.0    0.0      0.0
  SINCE JUL 1      0.0                       0.0    0.0      0.0
  SNOW DEPTH       0

DEGREE DAYS
 HEATING
  YESTERDAY        0                         0      0        0
  MONTH TO DATE    3                         0      3       17
  SINCE JUN 1     36                        53    -17       41
  SINCE JUL 1      3                         0      3       17

 COOLING
  YESTERDAY       10                         6      4        1
  MONTH TO DATE  179                       207    -28      133
  SINCE JUN 1    335                       341     -6      302
  SINCE JAN 1    453                       387     66      365
..................................................................


WIND (MPH)
  HIGHEST WIND SPEED    17   HIGHEST WIND DIRECTION     W (250)
  HIGHEST GUST SPEED    25   HIGHEST GUST DIRECTION     W (250)
  AVERAGE WIND SPEED     7.4


SKY COVER
  POSSIBLE SUNSHINE  MM
  AVERAGE SKY COVER 0.1


WEATHER CONDITIONS
 THE FOLLOWING WEATHER WAS RECORDED YESTERDAY.
  NO SIGNIFICANT WEATHER WAS OBSERVED.


RELATIVE HUMIDITY (PERCENT)
 HIGHEST    87          1200 AM
 LOWEST     40           500 PM
 AVERAGE    64

..........................................................


THE MANSFIELD OH CLIMATE NORMALS FOR TODAY
                         NORMAL    RECORD    YEAR
 MAXIMUM TEMPERATURE (F)   81        96      1933
 MINIMUM TEMPERATURE (F)   61        45      1936


SUNRISE AND SUNSET
JULY 31 2015..........SUNRISE   625 AM EDT   SUNSET   847 PM EDT
AUGUST  1 2015........SUNRISE   626 AM EDT   SUNSET   846 PM EDT


-  INDICATES NEGATIVE NUMBERS.
R  INDICATES RECORD WAS SET OR TIED.
MM INDICATES DATA IS MISSING.
T  INDICATES TRACE AMOUNT.




$$
