332
CDUS41 KCLE 282113
CLIMFD


CLIMATE REPORT
NATIONAL WEATHER SERVICE CLEVELAND OH
513 PM EDT FRI APR 28 2017


...................................

...THE MANSFIELD OH CLIMATE SUMMARY FOR APRIL 28 2017...
VALID TODAY AS OF 0500 PM LOCAL TIME.

CLIMATE NORMAL PERIOD 1981 TO 2010
CLIMATE RECORD PERIOD 1916 TO 2017


WEATHER ITEM   OBSERVED TIME   RECORD YEAR NORMAL DEPARTURE LAST
                VALUE   (LST)  VALUE       VALUE  FROM      YEAR
                                                  NORMAL
..................................................................
TEMPERATURE (F)
 TODAY
  MAXIMUM         63    309 PM  83    1986  64     -1       52
  MINIMUM         42    614 AM  19    1946  42      0       43
  AVERAGE         53                        53      0       48

PRECIPITATION (IN)
  TODAY            T                         0.13  -0.13     0.46
  MONTH TO DATE    2.56                      3.87  -1.31     3.05
  SINCE MAR 1      6.32                      7.26  -0.94     7.20
  SINCE JAN 1     14.18                     12.52   1.66    12.10

SNOWFALL (IN)
  TODAY            0.0                       0.1   -0.1      0.0
  MONTH TO DATE    4.3                       2.6    1.7      4.2
  SINCE MAR 1     15.0                      10.4    4.6      7.2
  SINCE JUL 1     36.6                      48.3  -11.7     27.6
  SNOW DEPTH       0

DEGREE DAYS
 HEATING
  TODAY           12                        12      0       17
  MONTH TO DATE  270                       470   -200      490
  SINCE MAR 1   1092                      1335   -243     1109
  SINCE JUL 1   4762                      5960  -1198     4881

 COOLING
  TODAY            0                         0      0        0
  MONTH TO DATE   17                         0     17        0
  SINCE MAR 1     17                         1     16        0
  SINCE JAN 1     17                         1     16        0
..................................................................


WIND (MPH)
  HIGHEST WIND SPEED    14   HIGHEST WIND DIRECTION     S (180)
  HIGHEST GUST SPEED    18   HIGHEST GUST DIRECTION     S (200)


SKY COVER
  POSSIBLE SUNSHINE  MM
  AVERAGE SKY COVER 0.2


WEATHER CONDITIONS
 THE FOLLOWING WEATHER WAS RECORDED TODAY.
  NO SIGNIFICANT WEATHER WAS OBSERVED.


RELATIVE HUMIDITY (PERCENT)
 HIGHEST    96           600 AM
 LOWEST     60           100 PM
 AVERAGE    78

..........................................................


THE MANSFIELD OH CLIMATE NORMALS FOR TOMORROW
                         NORMAL    RECORD    YEAR
 MAXIMUM TEMPERATURE (F)   65        81      1942
 MINIMUM TEMPERATURE (F)   43        24      1977


SUNRISE AND SUNSET
APRIL 28 2017.........SUNRISE   632 AM EDT   SUNSET   824 PM EDT
APRIL 29 2017.........SUNRISE   631 AM EDT   SUNSET   825 PM EDT


-  INDICATES NEGATIVE NUMBERS.
R  INDICATES RECORD WAS SET OR TIED.
MM INDICATES DATA IS MISSING.
T  INDICATES TRACE AMOUNT.




$$
