234
CDUS41 KCLE 300526
CLIMFD


CLIMATE REPORT
NATIONAL WEATHER SERVICE CLEVELAND OH
125 AM EDT FRI SEP 30 2016


...................................

...THE MANSFIELD OH CLIMATE SUMMARY FOR SEPTEMBER 29 2016...

CLIMATE NORMAL PERIOD 1981 TO 2010
CLIMATE RECORD PERIOD 1916 TO 2016


WEATHER ITEM   OBSERVED TIME   RECORD YEAR NORMAL DEPARTURE LAST
                VALUE   (LST)  VALUE       VALUE  FROM      YEAR
                                                  NORMAL
..................................................................
TEMPERATURE (F)
 YESTERDAY
  MAXIMUM         66   1148 AM  92    1953  68     -2       74
  MINIMUM         53    546 AM  27    1942  47      6       58
  AVERAGE         60                        58      2       66

PRECIPITATION (IN)
  YESTERDAY        0.15                      0.10   0.05     0.37
  MONTH TO DATE    3.65                      3.22   0.43     2.50
  SINCE SEP 1      3.65                      3.22   0.43     2.50
  SINCE JAN 1     27.28                     34.05  -6.77    30.49

SNOWFALL (IN)
  YESTERDAY        0.0                       0.0    0.0      0.0
  MONTH TO DATE    0.0                       0.0    0.0      0.0
  SINCE SEP 1      0.0                       0.0    0.0      0.0
  SINCE JUL 1      0.0                       0.0    0.0      0.0
  SNOW DEPTH       0

DEGREE DAYS
 HEATING
  YESTERDAY        5                         8     -3        0
  MONTH TO DATE   29                       115    -86       34
  SINCE SEP 1     29                       115    -86       34
  SINCE JUL 1     30                       140   -110       51

 COOLING
  YESTERDAY        0                         1     -1        1
  MONTH TO DATE  146                        63     83      143
  SINCE SEP 1    146                        63     83      143
  SINCE JAN 1   1050                       625    425      774
..................................................................


WIND (MPH)
  HIGHEST WIND SPEED    14   HIGHEST WIND DIRECTION    NE (60)
  HIGHEST GUST SPEED    20   HIGHEST GUST DIRECTION     E (90)
  AVERAGE WIND SPEED     5.5


SKY COVER
  POSSIBLE SUNSHINE  MM
  AVERAGE SKY COVER 0.7


WEATHER CONDITIONS
 THE FOLLOWING WEATHER WAS RECORDED YESTERDAY.
  THUNDERSTORM
  RAIN
  LIGHT RAIN
  FOG


RELATIVE HUMIDITY (PERCENT)
 HIGHEST   100           100 AM
 LOWEST     78          1100 AM
 AVERAGE    89

..........................................................


THE MANSFIELD OH CLIMATE NORMALS FOR TODAY
                         NORMAL    RECORD    YEAR
 MAXIMUM TEMPERATURE (F)   68        85      1953
 MINIMUM TEMPERATURE (F)   47        31      1935


SUNRISE AND SUNSET
SEPTEMBER 30 2016.....SUNRISE   726 AM EDT   SUNSET   713 PM EDT
OCTOBER  1 2016.......SUNRISE   727 AM EDT   SUNSET   711 PM EDT


-  INDICATES NEGATIVE NUMBERS.
R  INDICATES RECORD WAS SET OR TIED.
MM INDICATES DATA IS MISSING.
T  INDICATES TRACE AMOUNT.




$$
