000
CDUS41 KCLE 160529
CLIMFD


CLIMATE REPORT
NATIONAL WEATHER SERVICE CLEVELAND OH
1228 AM EST TUE DEC 16 2014


...................................

...THE MANSFIELD OH CLIMATE SUMMARY FOR DECEMBER 15 2014...

CLIMATE NORMAL PERIOD 1981 TO 2010
CLIMATE RECORD PERIOD 1916 TO 2014


WEATHER ITEM   OBSERVED TIME   RECORD YEAR NORMAL DEPARTURE LAST
                VALUE   (LST)  VALUE       VALUE  FROM      YEAR
                                                  NORMAL
..................................................................
TEMPERATURE (F)
 YESTERDAY
  MAXIMUM         52    300 PM  67    1971  36     16       30
  MINIMUM         34    820 AM  -6    1917  23     11       14
  AVERAGE         43                        30     13       22

PRECIPITATION (IN)
  YESTERDAY        0.00                      0.10  -0.10     0.01
  MONTH TO DATE    1.00                      1.63  -0.63     0.89
  SINCE DEC 1      1.00                      1.63  -0.63     0.89
  SINCE JAN 1     35.66                     42.53  -6.87    39.73

SNOWFALL (IN)
  YESTERDAY        0.0                       0.3   -0.3      0.3
  MONTH TO DATE    0.2                       4.3   -4.1     11.3
  SINCE DEC 1      0.2                       4.3   -4.1     11.3
  SINCE JUL 1      6.1                       7.0   -0.9     12.9
  SNOW DEPTH       0

DEGREE DAYS
 HEATING
  YESTERDAY       22                        35    -13       43
  MONTH TO DATE  458                       496    -38      536
  SINCE DEC 1    458                       496    -38      536
  SINCE JUL 1   1846                      1777     69     1868

 COOLING
  YESTERDAY        0                         0      0        0
  MONTH TO DATE    0                         0      0        0
  SINCE DEC 1      0                         0      0        0
  SINCE JAN 1    623                       632     -9      741
..................................................................


WIND (MPH)
  HIGHEST WIND SPEED    16   HIGHEST WIND DIRECTION    SE (130)
  HIGHEST GUST SPEED    20   HIGHEST GUST DIRECTION    SE (130)
  AVERAGE WIND SPEED     7.1


SKY COVER
  POSSIBLE SUNSHINE  MM
  AVERAGE SKY COVER 0.4


WEATHER CONDITIONS
 THE FOLLOWING WEATHER WAS RECORDED YESTERDAY.
  FOG
  FOG W/VISIBILITY <= 1/4 MILE
  HAZE


RELATIVE HUMIDITY (PERCENT)
 HIGHEST   100           500 AM
 LOWEST     68           200 PM
 AVERAGE    84

..........................................................


THE MANSFIELD OH CLIMATE NORMALS FOR TODAY
                         NORMAL    RECORD    YEAR
 MAXIMUM TEMPERATURE (F)   36        62      1984
 MINIMUM TEMPERATURE (F)   23       -12      1951


SUNRISE AND SUNSET
DECEMBER 16 2014......SUNRISE   748 AM EST   SUNSET   503 PM EST
DECEMBER 17 2014......SUNRISE   749 AM EST   SUNSET   504 PM EST


-  INDICATES NEGATIVE NUMBERS.
R  INDICATES RECORD WAS SET OR TIED.
MM INDICATES DATA IS MISSING.
T  INDICATES TRACE AMOUNT.




$$
