000
CDUS41 KCLE 230531
CLIMFD


CLIMATE REPORT
NATIONAL WEATHER SERVICE CLEVELAND OH
1229 AM EST TUE DEC 23 2014


...................................

...THE MANSFIELD OH CLIMATE SUMMARY FOR DECEMBER 22 2014...

CLIMATE NORMAL PERIOD 1981 TO 2010
CLIMATE RECORD PERIOD 1916 TO 2014


WEATHER ITEM   OBSERVED TIME   RECORD YEAR NORMAL DEPARTURE LAST
                VALUE   (LST)  VALUE       VALUE  FROM      YEAR
                                                  NORMAL
..................................................................
TEMPERATURE (F)
 YESTERDAY
  MAXIMUM         44    301 PM  59    2013  35      9       59
                                      1949
                                      1941
  MINIMUM         20    712 AM -17    1989  21     -1       36
  AVERAGE         32                        28      4       48

PRECIPITATION (IN)
  YESTERDAY        0.00                      0.11  -0.11     0.67
  MONTH TO DATE    1.32                      2.35  -1.03     3.87
  SINCE DEC 1      1.32                      2.35  -1.03     3.87
  SINCE JAN 1     35.98                     43.25  -7.27    42.71

SNOWFALL (IN)
  YESTERDAY        0.0                       0.3   -0.3      0.0
  MONTH TO DATE    0.2                       6.8   -6.6     13.0
  SINCE DEC 1      0.2                       6.8   -6.6     13.0
  SINCE JUL 1      6.1                       9.5   -3.4     14.6
  SNOW DEPTH       0

DEGREE DAYS
 HEATING
  YESTERDAY       33                        37     -4       17
  MONTH TO DATE  694                       752    -58      735
  SINCE DEC 1    694                       752    -58      735
  SINCE JUL 1   2082                      2033     49     2067

 COOLING
  YESTERDAY        0                         0      0        0
  MONTH TO DATE    0                         0      0        0
  SINCE DEC 1      0                         0      0        0
  SINCE JAN 1    623                       632     -9      741
..................................................................


WIND (MPH)
  HIGHEST WIND SPEED    14   HIGHEST WIND DIRECTION    SE (120)
  HIGHEST GUST SPEED    18   HIGHEST GUST DIRECTION    SE (120)
  AVERAGE WIND SPEED     8.3


SKY COVER
  POSSIBLE SUNSHINE  MM
  AVERAGE SKY COVER 0.3


WEATHER CONDITIONS
 THE FOLLOWING WEATHER WAS RECORDED YESTERDAY.
  FOG
  HAZE


RELATIVE HUMIDITY (PERCENT)
 HIGHEST    92           100 AM
 LOWEST     67           200 PM
 AVERAGE    80

..........................................................


THE MANSFIELD OH CLIMATE NORMALS FOR TODAY
                         NORMAL    RECORD    YEAR
 MAXIMUM TEMPERATURE (F)   34        59      1933
 MINIMUM TEMPERATURE (F)   21        -9      1989
                                             1960


SUNRISE AND SUNSET
DECEMBER 23 2014......SUNRISE   752 AM EST   SUNSET   507 PM EST
DECEMBER 24 2014......SUNRISE   752 AM EST   SUNSET   507 PM EST


-  INDICATES NEGATIVE NUMBERS.
R  INDICATES RECORD WAS SET OR TIED.
MM INDICATES DATA IS MISSING.
T  INDICATES TRACE AMOUNT.




$$
