000
CDUS41 KCLE 030546
CLIMFD


CLIMATE REPORT
NATIONAL WEATHER SERVICE CLEVELAND OH
145 AM EDT FRI JUL 3 2015


...................................

...THE MANSFIELD OH CLIMATE SUMMARY FOR JULY 2 2015...

CLIMATE NORMAL PERIOD 1981 TO 2010
CLIMATE RECORD PERIOD 1916 TO 2015


WEATHER ITEM   OBSERVED TIME   RECORD YEAR NORMAL DEPARTURE LAST
                VALUE   (LST)  VALUE       VALUE  FROM      YEAR
                                                  NORMAL
..................................................................
TEMPERATURE (F)
 YESTERDAY
  MAXIMUM         75    243 PM  97    1931  82     -7       83
  MINIMUM         58   1159 PM  44    1957  61     -3       65
  AVERAGE         67                        71     -4       74

PRECIPITATION (IN)
  YESTERDAY        0.00                      0.14  -0.14     0.82
  MONTH TO DATE    0.00                      0.29  -0.29     0.94
  SINCE JUN 1      7.44                      5.04   2.40     7.42
  SINCE JAN 1     25.23                     22.37   2.86    23.75

SNOWFALL (IN)
  YESTERDAY        0.0                       0.0    0.0      0.0
  MONTH TO DATE    0.0                       0.0    0.0      0.0
  SINCE JUN 1      0.0                       0.0    0.0      0.0
  SINCE JUL 1      0.0                       0.0    0.0      0.0
  SNOW DEPTH       0

DEGREE DAYS
 HEATING
  YESTERDAY        0                         0      0        0
  MONTH TO DATE    0                         0      0        0
  SINCE JUN 1     33                        53    -20       24
  SINCE JUL 1      0                         0      0        0

 COOLING
  YESTERDAY        2                         7     -5        9
  MONTH TO DATE    4                        14    -10       23
  SINCE JUN 1    160                       148     12      192
  SINCE JAN 1    278                       194     84      255
..................................................................


WIND (MPH)
  HIGHEST WIND SPEED    14   HIGHEST WIND DIRECTION     N (350)
  HIGHEST GUST SPEED    19   HIGHEST GUST DIRECTION     N (350)
  AVERAGE WIND SPEED     6.5


SKY COVER
  POSSIBLE SUNSHINE  MM
  AVERAGE SKY COVER 0.5


WEATHER CONDITIONS
 THE FOLLOWING WEATHER WAS RECORDED YESTERDAY.
  FOG
  FOG W/VISIBILITY <= 1/4 MILE


RELATIVE HUMIDITY (PERCENT)
 HIGHEST   100           400 AM
 LOWEST     57          1200 PM
 AVERAGE    79

..........................................................


THE MANSFIELD OH CLIMATE NORMALS FOR TODAY
                         NORMAL    RECORD    YEAR
 MAXIMUM TEMPERATURE (F)   82        93      1966
                                             1949
                                             1934
 MINIMUM TEMPERATURE (F)   61        44      1945
                                             1940


SUNRISE AND SUNSET
JULY  3 2015..........SUNRISE   603 AM EDT   SUNSET   905 PM EDT
JULY  4 2015..........SUNRISE   604 AM EDT   SUNSET   905 PM EDT


-  INDICATES NEGATIVE NUMBERS.
R  INDICATES RECORD WAS SET OR TIED.
MM INDICATES DATA IS MISSING.
T  INDICATES TRACE AMOUNT.




$$
