000
CDUS41 KCLE 230527
CLIMFD


CLIMATE REPORT
NATIONAL WEATHER SERVICE CLEVELAND OH
1227 AM EST SUN NOV 23 2014


...................................

...THE MANSFIELD OH CLIMATE SUMMARY FOR NOVEMBER 22 2014...

CLIMATE NORMAL PERIOD 1981 TO 2010
CLIMATE RECORD PERIOD 1916 TO 2014


WEATHER ITEM   OBSERVED TIME   RECORD YEAR NORMAL DEPARTURE LAST
                VALUE   (LST)  VALUE       VALUE  FROM      YEAR
                                                  NORMAL
..................................................................
TEMPERATURE (F)
 YESTERDAY
  MAXIMUM         50    303 PM  68    2010  46      4       50
                                      1934
  MINIMUM         21   1243 AM  10    1964  31    -10       30
  AVERAGE         36                        39     -3       40

PRECIPITATION (IN)
  YESTERDAY        0.09                      0.14  -0.05     0.11
  MONTH TO DATE    1.24                      2.81  -1.57     2.14
  SINCE SEP 1      4.54                      9.07  -4.53     9.81
  SINCE JAN 1     33.76                     39.90  -6.14    38.73

SNOWFALL (IN)
  YESTERDAY        T                         0.1   -0.1      0.0
  MONTH TO DATE    4.4                       1.2    3.2      0.5
  SINCE SEP 1      4.4                       1.7    2.7      0.5
  SINCE JUL 1      4.4                       1.7    2.7      0.5
  SNOW DEPTH       2

DEGREE DAYS
 HEATING
  YESTERDAY       29                        26      3       25
  MONTH TO DATE  657                       486    171      503
  SINCE SEP 1   1155                      1029    126      991
  SINCE JUL 1   1182                      1054    128     1019

 COOLING
  YESTERDAY        0                         0      0        0
  MONTH TO DATE    0                         0      0        0
  SINCE SEP 1     69                        70     -1       99
  SINCE JAN 1    623                       632     -9      741
..................................................................


WIND (MPH)
  HIGHEST WIND SPEED    28   HIGHEST WIND DIRECTION    SW (220)
  HIGHEST GUST SPEED    37   HIGHEST GUST DIRECTION    SW (220)
  AVERAGE WIND SPEED    16.1


SKY COVER
  POSSIBLE SUNSHINE  MM
  AVERAGE SKY COVER 0.8


WEATHER CONDITIONS
 THE FOLLOWING WEATHER WAS RECORDED YESTERDAY.
  LIGHT RAIN
  LT FREEZING RAIN
  FOG


RELATIVE HUMIDITY (PERCENT)
 HIGHEST    83           100 PM
 LOWEST     49           600 AM
 AVERAGE    66

..........................................................


THE MANSFIELD OH CLIMATE NORMALS FOR TODAY
                         NORMAL    RECORD    YEAR
 MAXIMUM TEMPERATURE (F)   46        73      1931
 MINIMUM TEMPERATURE (F)   31         6      1956


SUNRISE AND SUNSET
NOVEMBER 23 2014......SUNRISE   726 AM EST   SUNSET   506 PM EST
NOVEMBER 24 2014......SUNRISE   727 AM EST   SUNSET   506 PM EST


-  INDICATES NEGATIVE NUMBERS.
R  INDICATES RECORD WAS SET OR TIED.
MM INDICATES DATA IS MISSING.
T  INDICATES TRACE AMOUNT.




$$
