000
CDUS41 KCLE 200545
CLIMFD


CLIMATE REPORT
NATIONAL WEATHER SERVICE CLEVELAND OH
145 AM EDT SAT MAY 20 2017


...................................

...THE MANSFIELD OH CLIMATE SUMMARY FOR MAY 19 2017...

CLIMATE NORMAL PERIOD 1981 TO 2010
CLIMATE RECORD PERIOD 1916 TO 2017


WEATHER ITEM   OBSERVED TIME   RECORD YEAR NORMAL DEPARTURE LAST
                VALUE   (LST)  VALUE       VALUE  FROM      YEAR
                                                  NORMAL
..................................................................
TEMPERATURE (F)
 YESTERDAY
  MAXIMUM         69    112 AM  88    1964  70     -1       68
  MINIMUM         49    943 PM  32    2002  49      0       41
  AVERAGE         59                        60     -1       55

PRECIPITATION (IN)
  YESTERDAY        0.61                      0.14   0.47     0.00
  MONTH TO DATE    3.85                      2.62   1.23     2.88
  SINCE MAR 1     11.61                     10.15   1.46    10.55
  SINCE JAN 1     19.47                     15.41   4.06    15.45

SNOWFALL (IN)
  YESTERDAY       MM                         0.0   MM        0.0
  MONTH TO DATE    0.0                       0.0    0.0      0.0
  SINCE MAR 1     15.0                      10.4    4.6      7.2
  SINCE JUL 1     36.6                      48.3  -11.7     27.6
  SNOW DEPTH       0

DEGREE DAYS
 HEATING
  YESTERDAY        6                         7     -1       10
  MONTH TO DATE  196                       168     28      211
  SINCE MAR 1   1301                      1528   -227     1362
  SINCE JUL 1   4971                      6153  -1182     5134

 COOLING
  YESTERDAY        0                         1     -1        0
  MONTH TO DATE   26                        14     12        3
  SINCE MAR 1     44                        22     22        3
  SINCE JAN 1     44                        22     22        3
..................................................................


WIND (MPH)
  HIGHEST WIND SPEED    16   HIGHEST WIND DIRECTION     N (10)
  HIGHEST GUST SPEED    22   HIGHEST GUST DIRECTION     N (10)
  AVERAGE WIND SPEED     8.7


SKY COVER
  POSSIBLE SUNSHINE  MM
  AVERAGE SKY COVER 0.7


WEATHER CONDITIONS
 THE FOLLOWING WEATHER WAS RECORDED YESTERDAY.
  THUNDERSTORM
  HEAVY RAIN
  RAIN
  LIGHT RAIN
  FOG
  HAZE


RELATIVE HUMIDITY (PERCENT)
 HIGHEST   100           100 PM
 LOWEST     76           100 AM
 AVERAGE    88

..........................................................


THE MANSFIELD OH CLIMATE NORMALS FOR TODAY
                         NORMAL    RECORD    YEAR
 MAXIMUM TEMPERATURE (F)   71        89      1962
 MINIMUM TEMPERATURE (F)   49        32      1945


SUNRISE AND SUNSET
MAY 20 2017...........SUNRISE   608 AM EDT   SUNSET   846 PM EDT
MAY 21 2017...........SUNRISE   607 AM EDT   SUNSET   847 PM EDT


-  INDICATES NEGATIVE NUMBERS.
R  INDICATES RECORD WAS SET OR TIED.
MM INDICATES DATA IS MISSING.
T  INDICATES TRACE AMOUNT.




$$
