000
CDUS41 KCLE 050526
CLIMFD


CLIMATE REPORT
NATIONAL WEATHER SERVICE CLEVELAND OH
126 AM EDT SAT JUL 5 2014


...................................

...THE MANSFIELD OH CLIMATE SUMMARY FOR JULY 4 2014...

CLIMATE NORMAL PERIOD 1981 TO 2010
CLIMATE RECORD PERIOD 1916 TO 2014


WEATHER ITEM   OBSERVED TIME   RECORD YEAR NORMAL DEPARTURE LAST
                VALUE   (LST)  VALUE       VALUE  FROM      YEAR
                                                  NORMAL
..................................................................
TEMPERATURE (F)
 YESTERDAY
  MAXIMUM         73    459 PM  96    2012  82     -9       77
  MINIMUM         52    458 AM  42    1940  61     -9       69
  AVERAGE         63                        71     -8       73

PRECIPITATION (IN)
  YESTERDAY        0.00                      0.15  -0.15     0.03
  MONTH TO DATE    0.98                      0.59   0.39     0.60
  SINCE JUN 1      7.46                      5.34   2.12     7.59
  SINCE JAN 1     23.79                     22.67   1.12    21.46

SNOWFALL (IN)
  YESTERDAY        0.0                       0.0    0.0      0.0
  MONTH TO DATE    0.0                       0.0    0.0      0.0
  SINCE JUN 1      0.0                       0.0    0.0      0.0
  SINCE JUL 1      0.0                       0.0    0.0      0.0
  SNOW DEPTH       0

DEGREE DAYS
 HEATING
  YESTERDAY        2                         0      2        0
  MONTH TO DATE    2                         0      2        0
  SINCE JUN 1     26                        53    -27       39
  SINCE JUL 1      2                         0      2        0

 COOLING
  YESTERDAY        0                         7     -7        8
  MONTH TO DATE   23                        28     -5       31
  SINCE JUN 1    192                       162     30      179
  SINCE JAN 1    255                       208     47      274
..................................................................


WIND (MPH)
  HIGHEST WIND SPEED    16   HIGHEST WIND DIRECTION     N (360)
  HIGHEST GUST SPEED    23   HIGHEST GUST DIRECTION     N (20)
  AVERAGE WIND SPEED     6.9


SKY COVER
  POSSIBLE SUNSHINE  MM
  AVERAGE SKY COVER 0.1


WEATHER CONDITIONS
 THE FOLLOWING WEATHER WAS RECORDED YESTERDAY.
  NO SIGNIFICANT WEATHER WAS OBSERVED.


RELATIVE HUMIDITY (PERCENT)
 HIGHEST    96           500 AM
 LOWEST     35           300 PM
 AVERAGE    66

..........................................................


THE MANSFIELD OH CLIMATE NORMALS FOR TODAY
                         NORMAL    RECORD    YEAR
 MAXIMUM TEMPERATURE (F)   82        95      1988
 MINIMUM TEMPERATURE (F)   61        45      1979
                                             1940


SUNRISE AND SUNSET
JULY  5 2014..........SUNRISE   604 AM EDT   SUNSET   905 PM EDT
JULY  6 2014..........SUNRISE   605 AM EDT   SUNSET   904 PM EDT


-  INDICATES NEGATIVE NUMBERS.
R  INDICATES RECORD WAS SET OR TIED.
MM INDICATES DATA IS MISSING.
T  INDICATES TRACE AMOUNT.




$$
