000
CDUS41 KCLE 170526
CLIMFD


CLIMATE REPORT
NATIONAL WEATHER SERVICE CLEVELAND OH
125 AM EDT SAT SEP 17 2016


...................................

...THE MANSFIELD OH CLIMATE SUMMARY FOR SEPTEMBER 16 2016...

CLIMATE NORMAL PERIOD 1981 TO 2010
CLIMATE RECORD PERIOD 1916 TO 2016


WEATHER ITEM   OBSERVED TIME   RECORD YEAR NORMAL DEPARTURE LAST
                VALUE   (LST)  VALUE       VALUE  FROM      YEAR
                                                  NORMAL
..................................................................
TEMPERATURE (F)
 YESTERDAY
  MAXIMUM         82    433 PM  95    1939  73      9       82
                                      1927
  MINIMUM         52    531 AM  36    1923  53     -1       53
  AVERAGE         67                        63      4       68

PRECIPITATION (IN)
  YESTERDAY        0.00                      0.11  -0.11     0.00
  MONTH TO DATE    2.02                      1.83   0.19     2.11
  SINCE SEP 1      2.02                      1.83   0.19     2.11
  SINCE JAN 1     25.65                     32.66  -7.01    30.10

SNOWFALL (IN)
  YESTERDAY        0.0                       0.0    0.0      0.0
  MONTH TO DATE    0.0                       0.0    0.0      0.0
  SINCE SEP 1      0.0                       0.0    0.0      0.0
  SINCE JUL 1      0.0                       0.0    0.0      0.0
  SNOW DEPTH       0

DEGREE DAYS
 HEATING
  YESTERDAY        0                         4     -4        0
  MONTH TO DATE    2                        37    -35       22
  SINCE SEP 1      2                        37    -35       22
  SINCE JUL 1      3                        62    -59       39

 COOLING
  YESTERDAY        2                         2      0        3
  MONTH TO DATE   87                        46     41      116
  SINCE SEP 1     87                        46     41      116
  SINCE JAN 1    991                       608    383      747
..................................................................


WIND (MPH)
  HIGHEST WIND SPEED    14   HIGHEST WIND DIRECTION     S (180)
  HIGHEST GUST SPEED    17   HIGHEST GUST DIRECTION     S (170)
  AVERAGE WIND SPEED     6.3


SKY COVER
  POSSIBLE SUNSHINE  MM
  AVERAGE SKY COVER 0.1


WEATHER CONDITIONS
 THE FOLLOWING WEATHER WAS RECORDED YESTERDAY.
  NO SIGNIFICANT WEATHER WAS OBSERVED.


RELATIVE HUMIDITY (PERCENT)
 HIGHEST    93           400 AM
 LOWEST     54           200 PM
 AVERAGE    74

..........................................................


THE MANSFIELD OH CLIMATE NORMALS FOR TODAY
                         NORMAL    RECORD    YEAR
 MAXIMUM TEMPERATURE (F)   73        91      1955
                                             1931
 MINIMUM TEMPERATURE (F)   52        29      1959


SUNRISE AND SUNSET
SEPTEMBER 17 2016.....SUNRISE   713 AM EDT   SUNSET   735 PM EDT
SEPTEMBER 18 2016.....SUNRISE   714 AM EDT   SUNSET   733 PM EDT


-  INDICATES NEGATIVE NUMBERS.
R  INDICATES RECORD WAS SET OR TIED.
MM INDICATES DATA IS MISSING.
T  INDICATES TRACE AMOUNT.




$$
