000
CDUS41 KCLE 050534
CLIMFD


CLIMATE REPORT
NATIONAL WEATHER SERVICE CLEVELAND OH
1234 AM EST THU JAN 5 2017


...................................

...THE MANSFIELD OH CLIMATE SUMMARY FOR JANUARY 4 2017...

CLIMATE NORMAL PERIOD 1981 TO 2010
CLIMATE RECORD PERIOD 1916 TO 2017


WEATHER ITEM   OBSERVED TIME   RECORD YEAR NORMAL DEPARTURE LAST
                VALUE   (LST)  VALUE       VALUE  FROM      YEAR
                                                  NORMAL
..................................................................
TEMPERATURE (F)
 YESTERDAY
  MAXIMUM         39   1213 AM  62    1997  33      6       28
  MINIMUM         18   1159 PM -10    1981  19     -1       16
  AVERAGE         29                        26      3       22

PRECIPITATION (IN)
  YESTERDAY        0.06                      0.11  -0.05     0.01
  MONTH TO DATE    0.85                      0.42   0.43     0.01
  SINCE DEC 1      3.99                      3.71   0.28     4.17
  SINCE JAN 1      0.85                      0.42   0.43     0.01

SNOWFALL (IN)
  YESTERDAY        T                         0.4   -0.4      0.1
  MONTH TO DATE    T                         1.7   -1.7      0.1
  SINCE DEC 1     11.0                      12.2   -1.2      0.3
  SINCE JUL 1     11.2                      14.9   -3.7      0.3
  SNOW DEPTH       0

DEGREE DAYS
 HEATING
  YESTERDAY       36                        39     -3       43
  MONTH TO DATE  111                       156    -45      155
  SINCE DEC 1   1219                      1252    -33      835
  SINCE JUL 1   2096                      2533   -437     1775

 COOLING
  YESTERDAY        0                         0      0        0
  MONTH TO DATE    0                         0      0        0
  SINCE DEC 1      0                         0      0        0
  SINCE JAN 1      0                         0      0        0
..................................................................


WIND (MPH)
  HIGHEST WIND SPEED    23   HIGHEST WIND DIRECTION     W (260)
  HIGHEST GUST SPEED    40   HIGHEST GUST DIRECTION     W (260)
  AVERAGE WIND SPEED    15.8


SKY COVER
  POSSIBLE SUNSHINE  MM
  AVERAGE SKY COVER 0.9


WEATHER CONDITIONS
 THE FOLLOWING WEATHER WAS RECORDED YESTERDAY.
  LIGHT RAIN
  LIGHT SNOW
  FOG


RELATIVE HUMIDITY (PERCENT)
 HIGHEST   100           200 AM
 LOWEST     62           800 PM
 AVERAGE    81

..........................................................


THE MANSFIELD OH CLIMATE NORMALS FOR TODAY
                         NORMAL    RECORD    YEAR
 MAXIMUM TEMPERATURE (F)   33        62      1997
 MINIMUM TEMPERATURE (F)   19       -10      1959


SUNRISE AND SUNSET
JANUARY  5 2017.......SUNRISE   755 AM EST   SUNSET   517 PM EST
JANUARY  6 2017.......SUNRISE   754 AM EST   SUNSET   518 PM EST


-  INDICATES NEGATIVE NUMBERS.
R  INDICATES RECORD WAS SET OR TIED.
MM INDICATES DATA IS MISSING.
T  INDICATES TRACE AMOUNT.




$$
