000
CDUS41 KCLE 070545
CLIMFD


CLIMATE REPORT
NATIONAL WEATHER SERVICE CLEVELAND OH
145 AM EDT MON APR 7 2014


...................................

...THE MANSFIELD OH CLIMATE SUMMARY FOR APRIL 6 2014...

CLIMATE NORMAL PERIOD 1981 TO 2010
CLIMATE RECORD PERIOD 1916 TO 2014


WEATHER ITEM   OBSERVED TIME   RECORD YEAR NORMAL DEPARTURE LAST
                VALUE   (LST)  VALUE       VALUE  FROM      YEAR
                                                  NORMAL
..................................................................
TEMPERATURE (F)
 YESTERDAY
  MAXIMUM         53    532 PM  83    2010  55     -2       56
                                      1929
  MINIMUM         25    627 AM  15    1982  35    -10       27
  AVERAGE         39                        45     -6       42

PRECIPITATION (IN)
  YESTERDAY        0.00                      0.14  -0.14     0.00
  MONTH TO DATE    1.30                      0.81   0.49     0.00
  SINCE MAR 1      3.14                      4.20  -1.06     1.95
  SINCE JAN 1      7.47                      9.46  -1.99     6.68

SNOWFALL (IN)
  YESTERDAY        0.0                       0.1   -0.1      0.0
  MONTH TO DATE    0.0                       0.9   -0.9      0.0
  SINCE MAR 1     10.5                       8.7    1.8      9.5
  SINCE JUL 1     64.4                      46.6   17.8     39.3
  SNOW DEPTH       0

DEGREE DAYS
 HEATING
  YESTERDAY       26                        20      6       23
  MONTH TO DATE  106                       126    -20      173
  SINCE MAR 1   1133                       991    142     1148
  SINCE JUL 1   6177                      5616    561     5521

 COOLING
  YESTERDAY        0                         0      0        0
  MONTH TO DATE    0                         0      0        0
  SINCE MAR 1      0                         1     -1        0
  SINCE JAN 1      0                         1     -1        0
..................................................................


WIND (MPH)
  HIGHEST WIND SPEED    13   HIGHEST WIND DIRECTION     E (90)
  HIGHEST GUST SPEED    17   HIGHEST GUST DIRECTION     E (70)
  AVERAGE WIND SPEED     4.1


SKY COVER
  POSSIBLE SUNSHINE  MM
  AVERAGE SKY COVER 0.0


WEATHER CONDITIONS
 THE FOLLOWING WEATHER WAS RECORDED YESTERDAY.
  NO SIGNIFICANT WEATHER WAS OBSERVED.


RELATIVE HUMIDITY (PERCENT)
 HIGHEST    92           400 AM
 LOWEST     32           400 PM
 AVERAGE    62

..........................................................


THE MANSFIELD OH CLIMATE NORMALS FOR TODAY
                         NORMAL    RECORD    YEAR
 MAXIMUM TEMPERATURE (F)   56        82      1921
 MINIMUM TEMPERATURE (F)   35         8      1982


SUNRISE AND SUNSET
APRIL  7 2014.........SUNRISE   704 AM EDT   SUNSET   801 PM EDT
APRIL  8 2014.........SUNRISE   702 AM EDT   SUNSET   802 PM EDT


-  INDICATES NEGATIVE NUMBERS.
R  INDICATES RECORD WAS SET OR TIED.
MM INDICATES DATA IS MISSING.
T  INDICATES TRACE AMOUNT.




$$
