000
CDUS41 KCLE 012112
CLIMFD


CLIMATE REPORT
NATIONAL WEATHER SERVICE CLEVELAND OH
511 PM EDT WED JUL 1 2015


...................................

...THE MANSFIELD OH CLIMATE SUMMARY FOR JULY 1 2015...
VALID TODAY AS OF 0500 PM LOCAL TIME.

CLIMATE NORMAL PERIOD 1981 TO 2010
CLIMATE RECORD PERIOD 1916 TO 2015


WEATHER ITEM   OBSERVED TIME   RECORD YEAR NORMAL DEPARTURE LAST
                VALUE   (LST)  VALUE       VALUE  FROM      YEAR
                                                  NORMAL
..................................................................
TEMPERATURE (F)
 TODAY
  MAXIMUM         74    359 PM  98    1931  82     -8       88
  MINIMUM         60    754 AM  43    1988  61     -1       69
                                      1925
  AVERAGE         67                        71     -4       79

PRECIPITATION (IN)
  TODAY            0.00                      0.15  -0.15     0.12
  MONTH TO DATE    0.00                      0.15  -0.15     0.12
  SINCE JUN 1      7.44                      4.90   2.54     6.60
  SINCE JAN 1     25.23                     22.23   3.00    22.93

SNOWFALL (IN)
  TODAY            0.0                       0.0    0.0      0.0
  MONTH TO DATE    0.0                       0.0    0.0      0.0
  SINCE JUN 1      0.0                       0.0    0.0      0.0
  SINCE JUL 1      0.0                       0.0    0.0      0.0
  SNOW DEPTH       0

DEGREE DAYS
 HEATING
  TODAY            0                         0      0        0
  MONTH TO DATE    0                         0      0        0
  SINCE JUN 1     33                        53    -20       24
  SINCE JUL 1      0                         0      0        0

 COOLING
  TODAY            2                         7     -5       14
  MONTH TO DATE    2                         7     -5       14
  SINCE JUN 1    158                       141     17      183
  SINCE JAN 1    276                       187     89      246
..................................................................


WIND (MPH)
  HIGHEST WIND SPEED    12   HIGHEST WIND DIRECTION     W (260)
  HIGHEST GUST SPEED    15   HIGHEST GUST DIRECTION     W (250)


SKY COVER
  POSSIBLE SUNSHINE  MM
  AVERAGE SKY COVER 0.7


WEATHER CONDITIONS
 THE FOLLOWING WEATHER WAS RECORDED TODAY.
  FOG


RELATIVE HUMIDITY (PERCENT)
 HIGHEST   100           100 AM
 LOWEST     57           400 PM
 AVERAGE    79

..........................................................


THE MANSFIELD OH CLIMATE NORMALS FOR TOMORROW
                         NORMAL    RECORD    YEAR
 MAXIMUM TEMPERATURE (F)   82        97      1931
 MINIMUM TEMPERATURE (F)   61        44      1957


SUNRISE AND SUNSET
JULY  1 2015..........SUNRISE   602 AM EDT   SUNSET   905 PM EDT
JULY  2 2015..........SUNRISE   603 AM EDT   SUNSET   905 PM EDT


-  INDICATES NEGATIVE NUMBERS.
R  INDICATES RECORD WAS SET OR TIED.
MM INDICATES DATA IS MISSING.
T  INDICATES TRACE AMOUNT.




$$
