000
CDUS41 KCLE 230545
CLIMFD


CLIMATE REPORT
NATIONAL WEATHER SERVICE CLEVELAND OH
145 AM EDT MON MAR 23 2015


...................................

...THE MANSFIELD OH CLIMATE SUMMARY FOR MARCH 22 2015...

CLIMATE NORMAL PERIOD 1981 TO 2010
CLIMATE RECORD PERIOD 1916 TO 2015


WEATHER ITEM   OBSERVED TIME   RECORD YEAR NORMAL DEPARTURE LAST
                VALUE   (LST)  VALUE       VALUE  FROM      YEAR
                                                  NORMAL
..................................................................
TEMPERATURE (F)
 YESTERDAY
  MAXIMUM         37    316 PM  84    2012  49    -12       56
  MINIMUM         21   1131 PM  12    1959  30     -9       34
  AVERAGE         29                        39    -10       45

PRECIPITATION (IN)
  YESTERDAY        0.00                      0.12  -0.12     0.00
  MONTH TO DATE    1.81                      2.27  -0.46     1.26
  SINCE MAR 1      1.81                      2.27  -0.46     1.26
  SINCE JAN 1      6.97                      7.53  -0.56     5.59

SNOWFALL (IN)
  YESTERDAY        0.0                       0.2   -0.2      0.0
  MONTH TO DATE    5.6                       6.3   -0.7      6.5
  SINCE MAR 1      5.6                       6.3   -0.7      6.5
  SINCE JUL 1     58.1                      44.2   13.9     60.4
  SNOW DEPTH       0

DEGREE DAYS
 HEATING
  YESTERDAY       36                        26     10       20
  MONTH TO DATE  672                       652     20      734
  SINCE MAR 1    672                       652     20      734
  SINCE JUL 1   5744                      5277    467     5778

 COOLING
  YESTERDAY        0                         0      0        0
  MONTH TO DATE    0                         0      0        0
  SINCE MAR 1      0                         0      0        0
  SINCE JAN 1      0                         0      0        0
..................................................................


WIND (MPH)
  HIGHEST WIND SPEED    18   HIGHEST WIND DIRECTION     N (10)
  HIGHEST GUST SPEED    25   HIGHEST GUST DIRECTION    NE (30)
  AVERAGE WIND SPEED     7.9


SKY COVER
  POSSIBLE SUNSHINE  MM
  AVERAGE SKY COVER 0.4


WEATHER CONDITIONS
 THE FOLLOWING WEATHER WAS RECORDED YESTERDAY.
  FOG


RELATIVE HUMIDITY (PERCENT)
 HIGHEST   100          1200 AM
 LOWEST     40           500 PM
 AVERAGE    70

..........................................................


THE MANSFIELD OH CLIMATE NORMALS FOR TODAY
                         NORMAL    RECORD    YEAR
 MAXIMUM TEMPERATURE (F)   49        77      2012
 MINIMUM TEMPERATURE (F)   30         7      1940


SUNRISE AND SUNSET
MARCH 23 2015.........SUNRISE   729 AM EDT   SUNSET   745 PM EDT
MARCH 24 2015.........SUNRISE   727 AM EDT   SUNSET   746 PM EDT


-  INDICATES NEGATIVE NUMBERS.
R  INDICATES RECORD WAS SET OR TIED.
MM INDICATES DATA IS MISSING.
T  INDICATES TRACE AMOUNT.




$$
