000
CDUS41 KCLE 050530
CLIMFD


CLIMATE REPORT
NATIONAL WEATHER SERVICE CLEVELAND OH
1230 AM EST FRI JAN 5 2018


...................................

...THE MANSFIELD OH CLIMATE SUMMARY FOR JANUARY 4 2018...

CLIMATE NORMAL PERIOD 1981 TO 2010
CLIMATE RECORD PERIOD 1916 TO 2018


WEATHER ITEM   OBSERVED TIME   RECORD YEAR NORMAL DEPARTURE LAST
                VALUE   (LST)  VALUE       VALUE  FROM      YEAR
                                                  NORMAL
..................................................................
TEMPERATURE (F)
 YESTERDAY
  MAXIMUM         14    402 AM  62    1997  33    -19       39
  MINIMUM          0   1159 PM -10    1981  19    -19       18
  AVERAGE          7                        26    -19       29

PRECIPITATION (IN)
  YESTERDAY        0.05                      0.11  -0.06     0.06
  MONTH TO DATE    0.06                      0.42  -0.36     0.85
  SINCE DEC 1      1.91                      3.71  -1.80     3.99
  SINCE JAN 1      0.06                      0.42  -0.36     0.85

SNOWFALL (IN)
  YESTERDAY        1.0                       0.4    0.6       T
  MONTH TO DATE    1.2                       1.7   -0.5       T
  SINCE DEC 1     14.2                      12.2    2.0     11.0
  SINCE JUL 1     14.3                      14.9   -0.6     11.2
  SNOW DEPTH       4

DEGREE DAYS
 HEATING
  YESTERDAY       58                        39     19       36
  MONTH TO DATE  233                       156     77      111
  SINCE DEC 1   1396                      1252    144     1219
  SINCE JUL 1   2478                      2533    -55     2096

 COOLING
  YESTERDAY        0                         0      0        0
  MONTH TO DATE    0                         0      0        0
  SINCE DEC 1      0                         0      0        0
  SINCE JAN 1      0                         0      0        0
..................................................................


WIND (MPH)
  HIGHEST WIND SPEED    21   HIGHEST WIND DIRECTION    NW (330)
  HIGHEST GUST SPEED    26   HIGHEST GUST DIRECTION    NW (320)
  AVERAGE WIND SPEED     9.5


SKY COVER
  POSSIBLE SUNSHINE  MM
  AVERAGE SKY COVER 0.8


WEATHER CONDITIONS
 THE FOLLOWING WEATHER WAS RECORDED YESTERDAY.
  LIGHT SNOW
  FOG
  HAZE


RELATIVE HUMIDITY (PERCENT)
 HIGHEST    92           500 AM
 LOWEST     66          1200 PM
 AVERAGE    79

..........................................................


THE MANSFIELD OH CLIMATE NORMALS FOR TODAY
                         NORMAL    RECORD    YEAR
 MAXIMUM TEMPERATURE (F)   33        62      1997
 MINIMUM TEMPERATURE (F)   19       -10      1959


SUNRISE AND SUNSET
JANUARY  5 2018.......SUNRISE   755 AM EST   SUNSET   517 PM EST
JANUARY  6 2018.......SUNRISE   754 AM EST   SUNSET   518 PM EST


-  INDICATES NEGATIVE NUMBERS.
R  INDICATES RECORD WAS SET OR TIED.
MM INDICATES DATA IS MISSING.
T  INDICATES TRACE AMOUNT.




$$
