000
CDUS41 KCLE 190538
CLIMFD


CLIMATE REPORT
NATIONAL WEATHER SERVICE CLEVELAND OH
125 AM EDT TUE MAY 19 2015


...................................

...THE MANSFIELD OH CLIMATE SUMMARY FOR MAY 18 2015...

CLIMATE NORMAL PERIOD 1981 TO 2010
CLIMATE RECORD PERIOD 1916 TO 2015


WEATHER ITEM   OBSERVED TIME   RECORD YEAR NORMAL DEPARTURE LAST
                VALUE   (LST)  VALUE       VALUE  FROM      YEAR
                                                  NORMAL
..................................................................
TEMPERATURE (F)
 YESTERDAY
  MAXIMUM         78   1152 AM  92    1962  70      8       63
  MINIMUM         67   1132 PM  30    1941  49     18       35
  AVERAGE         73                        59     14       49

PRECIPITATION (IN)
  YESTERDAY        T                         0.14  -0.14     0.00
  MONTH TO DATE    1.78                      2.48  -0.70     2.36
  SINCE MAR 1     10.02                     10.01   0.01    11.36
  SINCE JAN 1     15.18                     15.27  -0.09    15.69

SNOWFALL (IN)
  YESTERDAY        0.0                       0.0    0.0      0.0
  MONTH TO DATE    0.0                       0.0    0.0      0.0
  SINCE MAR 1     10.7                      10.4    0.3     11.5
  SINCE JUL 1     63.2                      48.3   14.9     65.4
  SNOW DEPTH       0

DEGREE DAYS
 HEATING
  YESTERDAY        0                         7     -7       16
  MONTH TO DATE   61                       161   -100      156
  SINCE MAR 1   1438                      1521    -83     1625
  SINCE JUL 1   6510                      6146    364     6669

 COOLING
  YESTERDAY        8                         1      7        0
  MONTH TO DATE   70                        13     57       34
  SINCE MAR 1     70                        21     49       36
  SINCE JAN 1     70                        21     49       36
..................................................................


WIND (MPH)
  HIGHEST WIND SPEED    16   HIGHEST WIND DIRECTION    SW (220)
  HIGHEST GUST SPEED    21   HIGHEST GUST DIRECTION    SW (210)
  AVERAGE WIND SPEED    10.2


SKY COVER
  POSSIBLE SUNSHINE  MM
  AVERAGE SKY COVER 0.3


WEATHER CONDITIONS
 THE FOLLOWING WEATHER WAS RECORDED YESTERDAY.
  LIGHT RAIN


RELATIVE HUMIDITY (PERCENT)
 HIGHEST   100          1100 PM
 LOWEST     67          1200 PM
 AVERAGE    84

..........................................................


THE MANSFIELD OH CLIMATE NORMALS FOR TODAY
                         NORMAL    RECORD    YEAR
 MAXIMUM TEMPERATURE (F)   70        88      1964
 MINIMUM TEMPERATURE (F)   49        32      2002


SUNRISE AND SUNSET
MAY 19 2015...........SUNRISE   609 AM EDT   SUNSET   844 PM EDT
MAY 20 2015...........SUNRISE   609 AM EDT   SUNSET   845 PM EDT


-  INDICATES NEGATIVE NUMBERS.
R  INDICATES RECORD WAS SET OR TIED.
MM INDICATES DATA IS MISSING.
T  INDICATES TRACE AMOUNT.




$$
