000
CDUS41 KCLE 172212
CLIMFD


CLIMATE REPORT
NATIONAL WEATHER SERVICE CLEVELAND OH
511 PM EST TUE JAN 17 2017


...................................

...THE MANSFIELD OH CLIMATE SUMMARY FOR JANUARY 17 2017...
VALID TODAY AS OF 0500 PM LOCAL TIME.

CLIMATE NORMAL PERIOD 1981 TO 2010
CLIMATE RECORD PERIOD 1916 TO 2017


WEATHER ITEM   OBSERVED TIME   RECORD YEAR NORMAL DEPARTURE LAST
                VALUE   (LST)  VALUE       VALUE  FROM      YEAR
                                                  NORMAL
..................................................................
TEMPERATURE (F)
 TODAY
  MAXIMUM         58   1237 PM  59    1952  33     25       28
  MINIMUM         42   1216 AM -21    1982  18     24        3
  AVERAGE         50                        25     25       16

PRECIPITATION (IN)
  TODAY            0.39                      0.09   0.30     0.09
  MONTH TO DATE    3.50                      1.65   1.85     1.42
  SINCE DEC 1      6.64                      4.94   1.70     5.58
  SINCE JAN 1      3.50                      1.65   1.85     1.42

SNOWFALL (IN)
  TODAY            0.0                       0.5   -0.5      1.5
  MONTH TO DATE    2.3                       7.4   -5.1      7.0
  SINCE DEC 1     13.3                      17.9   -4.6      7.2
  SINCE JUL 1     13.5                      20.6   -7.1      7.2
  SNOW DEPTH       0

DEGREE DAYS
 HEATING
  TODAY           15                        40    -25       49
  MONTH TO DATE  604                       672    -68      637
  SINCE DEC 1   1712                      1768    -56     1317
  SINCE JUL 1   2589                      3049   -460     2257

 COOLING
  TODAY            0                         0      0        0
  MONTH TO DATE    0                         0      0        0
  SINCE DEC 1      0                         0      0        0
  SINCE JAN 1      0                         0      0        0
..................................................................


WIND (MPH)
  HIGHEST WIND SPEED    24   HIGHEST WIND DIRECTION    SW (210)
  HIGHEST GUST SPEED    34   HIGHEST GUST DIRECTION     S (180)


SKY COVER
  POSSIBLE SUNSHINE  MM
  AVERAGE SKY COVER 0.9


WEATHER CONDITIONS
 THE FOLLOWING WEATHER WAS RECORDED TODAY.
  LIGHT RAIN
  FOG


RELATIVE HUMIDITY (PERCENT)
 HIGHEST   100           100 AM
 LOWEST     77           100 PM
 AVERAGE    89

..........................................................


THE MANSFIELD OH CLIMATE NORMALS FOR TOMORROW
                         NORMAL    RECORD    YEAR
 MAXIMUM TEMPERATURE (F)   33        68      1929
 MINIMUM TEMPERATURE (F)   18       -19      1994


SUNRISE AND SUNSET
JANUARY 17 2017.......SUNRISE   751 AM EST   SUNSET   530 PM EST
JANUARY 18 2017.......SUNRISE   751 AM EST   SUNSET   531 PM EST


-  INDICATES NEGATIVE NUMBERS.
R  INDICATES RECORD WAS SET OR TIED.
MM INDICATES DATA IS MISSING.
T  INDICATES TRACE AMOUNT.




$$
