000
CDUS41 KCLE 080535
CLIMFD


CLIMATE REPORT
NATIONAL WEATHER SERVICE CLEVELAND OH
134 AM EDT TUE APR 8 2014


...................................

...THE MANSFIELD OH CLIMATE SUMMARY FOR APRIL 7 2014...

CLIMATE NORMAL PERIOD 1981 TO 2010
CLIMATE RECORD PERIOD 1916 TO 2014


WEATHER ITEM   OBSERVED TIME   RECORD YEAR NORMAL DEPARTURE LAST
                VALUE   (LST)  VALUE       VALUE  FROM      YEAR
                                                  NORMAL
..................................................................
TEMPERATURE (F)
 YESTERDAY
  MAXIMUM         54   1103 AM  82    1921  56     -2       73
  MINIMUM         39    412 AM   8    1982  35      4       44
  AVERAGE         47                        46      1       59

PRECIPITATION (IN)
  YESTERDAY        0.66                      0.14   0.52      T
  MONTH TO DATE    1.96                      0.95   1.01      T
  SINCE MAR 1      3.80                      4.34  -0.54     1.95
  SINCE JAN 1      8.13                      9.60  -1.47     6.68

SNOWFALL (IN)
  YESTERDAY        0.0                       0.1   -0.1      0.0
  MONTH TO DATE    0.0                       1.0   -1.0      0.0
  SINCE MAR 1     10.5                       8.8    1.7      9.5
  SINCE JUL 1     64.4                      46.7   17.7     39.3
  SNOW DEPTH       0

DEGREE DAYS
 HEATING
  YESTERDAY       18                        20     -2        6
  MONTH TO DATE  124                       146    -22      179
  SINCE MAR 1   1151                      1011    140     1154
  SINCE JUL 1   6195                      5636    559     5527

 COOLING
  YESTERDAY        0                         0      0        0
  MONTH TO DATE    0                         0      0        0
  SINCE MAR 1      0                         1     -1        0
  SINCE JAN 1      0                         1     -1        0
..................................................................


WIND (MPH)
  HIGHEST WIND SPEED    20   HIGHEST WIND DIRECTION     E (100)
  HIGHEST GUST SPEED    25   HIGHEST GUST DIRECTION     E (100)
  AVERAGE WIND SPEED     7.9


SKY COVER
  POSSIBLE SUNSHINE  MM
  AVERAGE SKY COVER 0.7


WEATHER CONDITIONS
 THE FOLLOWING WEATHER WAS RECORDED YESTERDAY.
  RAIN
  LIGHT RAIN
  FOG


RELATIVE HUMIDITY (PERCENT)
 HIGHEST   100           400 PM
 LOWEST     49          1200 AM
 AVERAGE    75

..........................................................


THE MANSFIELD OH CLIMATE NORMALS FOR TODAY
                         NORMAL    RECORD    YEAR
 MAXIMUM TEMPERATURE (F)   56        80      2001
 MINIMUM TEMPERATURE (F)   36        15      1982
                                             1972


SUNRISE AND SUNSET
APRIL  8 2014.........SUNRISE   702 AM EDT   SUNSET   802 PM EDT
APRIL  9 2014.........SUNRISE   701 AM EDT   SUNSET   803 PM EDT


-  INDICATES NEGATIVE NUMBERS.
R  INDICATES RECORD WAS SET OR TIED.
MM INDICATES DATA IS MISSING.
T  INDICATES TRACE AMOUNT.




$$
