000
CDUS41 KCLE 090528
CLIMFD


CLIMATE REPORT
NATIONAL WEATHER SERVICE CLEVELAND OH
1227 AM EST TUE JAN 9 2018


...................................

...THE MANSFIELD OH CLIMATE SUMMARY FOR JANUARY 8 2018...

CLIMATE NORMAL PERIOD 1981 TO 2010
CLIMATE RECORD PERIOD 1916 TO 2018


WEATHER ITEM   OBSERVED TIME   RECORD YEAR NORMAL DEPARTURE LAST
                VALUE   (LST)  VALUE       VALUE  FROM      YEAR
                                                  NORMAL
..................................................................
TEMPERATURE (F)
 YESTERDAY
  MAXIMUM         34    812 PM  63    1937  33      1       15
  MINIMUM         29    241 AM -10    1968  18     11        5
  AVERAGE         32                        26      6       10

PRECIPITATION (IN)
  YESTERDAY        0.25                      0.09   0.16      T
  MONTH TO DATE    0.31                      0.81  -0.50     0.97
  SINCE DEC 1      2.16                      4.10  -1.94     4.11
  SINCE JAN 1      0.31                      0.81  -0.50     0.97

SNOWFALL (IN)
  YESTERDAY        1.4                       0.5    0.9       T
  MONTH TO DATE    2.6                       3.5   -0.9      2.0
  SINCE DEC 1     15.6                      14.0    1.6     13.0
  SINCE JUL 1     15.7                      16.7   -1.0     13.2
  SNOW DEPTH       4

DEGREE DAYS
 HEATING
  YESTERDAY       33                        39     -6       55
  MONTH TO DATE  443                       312    131      335
  SINCE DEC 1   1606                      1408    198     1443
  SINCE JUL 1   2688                      2689     -1     2320

 COOLING
  YESTERDAY        0                         0      0        0
  MONTH TO DATE    0                         0      0        0
  SINCE DEC 1      0                         0      0        0
  SINCE JAN 1      0                         0      0        0
..................................................................


WIND (MPH)
  HIGHEST WIND SPEED    30   HIGHEST WIND DIRECTION     S (200)
  HIGHEST GUST SPEED    38   HIGHEST GUST DIRECTION     S (200)
  AVERAGE WIND SPEED    16.0


SKY COVER
  POSSIBLE SUNSHINE  MM
  AVERAGE SKY COVER 1.0


WEATHER CONDITIONS
 THE FOLLOWING WEATHER WAS RECORDED YESTERDAY.
  FREEZING RAIN
  LT FREEZING RAIN
  LIGHT SNOW
  FOG


RELATIVE HUMIDITY (PERCENT)
 HIGHEST   100           200 PM
 LOWEST     50          1200 AM
 AVERAGE    75

..........................................................


THE MANSFIELD OH CLIMATE NORMALS FOR TODAY
                         NORMAL    RECORD    YEAR
 MAXIMUM TEMPERATURE (F)   33        61      1946
                                             1937
 MINIMUM TEMPERATURE (F)   18       -15      1940


SUNRISE AND SUNSET
JANUARY  9 2018.......SUNRISE   754 AM EST   SUNSET   521 PM EST
JANUARY 10 2018.......SUNRISE   754 AM EST   SUNSET   522 PM EST


-  INDICATES NEGATIVE NUMBERS.
R  INDICATES RECORD WAS SET OR TIED.
MM INDICATES DATA IS MISSING.
T  INDICATES TRACE AMOUNT.




$$
