000
CDUS41 KCLE 240527
CLIMFD


CLIMATE REPORT
NATIONAL WEATHER SERVICE CLEVELAND OH
127 AM EDT WED SEP 24 2014


...................................

...THE MANSFIELD OH CLIMATE SUMMARY FOR SEPTEMBER 23 2014...

CLIMATE NORMAL PERIOD 1981 TO 2010
CLIMATE RECORD PERIOD 1916 TO 2014


WEATHER ITEM   OBSERVED TIME   RECORD YEAR NORMAL DEPARTURE LAST
                VALUE   (LST)  VALUE       VALUE  FROM      YEAR
                                                  NORMAL
..................................................................
TEMPERATURE (F)
 YESTERDAY
  MAXIMUM         71    420 PM  90    2010  71      0       58
                                      1936
  MINIMUM         40    508 AM  30    1947  50    -10       42
  AVERAGE         56                        60     -4       50

PRECIPITATION (IN)
  YESTERDAY        0.00                      0.11  -0.11     0.00
  MONTH TO DATE    1.06                      2.59  -1.53     2.71
  SINCE SEP 1      1.06                      2.59  -1.53     2.71
  SINCE JAN 1     30.28                     33.42  -3.14    31.63

SNOWFALL (IN)
  YESTERDAY        0.0                       0.0    0.0      0.0
  MONTH TO DATE    0.0                       0.0    0.0      0.0
  SINCE SEP 1      0.0                       0.0    0.0      0.0
  SINCE JUL 1      0.0                       0.0    0.0      0.0
  SNOW DEPTH       0

DEGREE DAYS
 HEATING
  YESTERDAY        9                         6      3       15
  MONTH TO DATE   94                        72     22       87
  SINCE SEP 1     94                        72     22       87
  SINCE JUL 1    121                        97     24      115

 COOLING
  YESTERDAY        0                         1     -1        0
  MONTH TO DATE   63                        57      6       75
  SINCE SEP 1     63                        57      6       75
  SINCE JAN 1    617                       619     -2      717
..................................................................


WIND (MPH)
  HIGHEST WIND SPEED     8   HIGHEST WIND DIRECTION     S (160)
  HIGHEST GUST SPEED    12   HIGHEST GUST DIRECTION     S (200)
  AVERAGE WIND SPEED     3.1


SKY COVER
  POSSIBLE SUNSHINE  MM
  AVERAGE SKY COVER 0.0


WEATHER CONDITIONS
 THE FOLLOWING WEATHER WAS RECORDED YESTERDAY.
  NO SIGNIFICANT WEATHER WAS OBSERVED.


RELATIVE HUMIDITY (PERCENT)
 HIGHEST    96           300 AM
 LOWEST     40           400 PM
 AVERAGE    68

..........................................................


THE MANSFIELD OH CLIMATE NORMALS FOR TODAY
                         NORMAL    RECORD    YEAR
 MAXIMUM TEMPERATURE (F)   70        89      2010
                                             1934
 MINIMUM TEMPERATURE (F)   49        31      1944


SUNRISE AND SUNSET
SEPTEMBER 24 2014.....SUNRISE   720 AM EDT   SUNSET   724 PM EDT
SEPTEMBER 25 2014.....SUNRISE   721 AM EDT   SUNSET   722 PM EDT


-  INDICATES NEGATIVE NUMBERS.
R  INDICATES RECORD WAS SET OR TIED.
MM INDICATES DATA IS MISSING.
T  INDICATES TRACE AMOUNT.




$$
