000
CDUS41 KCLE 150545
CLIMFD


CLIMATE REPORT
NATIONAL WEATHER SERVICE CLEVELAND OH
145 AM EDT SAT APR 15 2017


...................................

...THE MANSFIELD OH CLIMATE SUMMARY FOR APRIL 14 2017...

CLIMATE NORMAL PERIOD 1981 TO 2010
CLIMATE RECORD PERIOD 1916 TO 2017


WEATHER ITEM   OBSERVED TIME   RECORD YEAR NORMAL DEPARTURE LAST
                VALUE   (LST)  VALUE       VALUE  FROM      YEAR
                                                  NORMAL
..................................................................
TEMPERATURE (F)
 YESTERDAY
  MAXIMUM         71    154 PM  82    1941  59     12       60
  MINIMUM         47    633 AM  14    1957  38      9       29
  AVERAGE         59                        48     11       45

PRECIPITATION (IN)
  YESTERDAY        0.00                      0.14  -0.14     0.00
  MONTH TO DATE    1.98                      1.96   0.02     1.92
  SINCE MAR 1      5.74                      5.35   0.39     6.07
  SINCE JAN 1     13.60                     10.61   2.99    10.97

SNOWFALL (IN)
  YESTERDAY        0.0                       0.1   -0.1      0.0
  MONTH TO DATE    4.3                       1.8    2.5      4.2
  SINCE MAR 1     15.0                       9.6    5.4      7.2
  SINCE JUL 1     36.6                      47.5  -10.9     27.6
  SNOW DEPTH       0

DEGREE DAYS
 HEATING
  YESTERDAY        6                        17    -11       20
  MONTH TO DATE  191                       272    -81      368
  SINCE MAR 1   1013                      1137   -124      987
  SINCE JUL 1   4683                      5762  -1079     4759

 COOLING
  YESTERDAY        0                         0      0        0
  MONTH TO DATE    3                         0      3        0
  SINCE MAR 1      3                         1      2        0
  SINCE JAN 1      3                         1      2        0
..................................................................


WIND (MPH)
  HIGHEST WIND SPEED    13   HIGHEST WIND DIRECTION     E (80)
  HIGHEST GUST SPEED    16   HIGHEST GUST DIRECTION     E (90)
  AVERAGE WIND SPEED     7.4


SKY COVER
  POSSIBLE SUNSHINE  MM
  AVERAGE SKY COVER 0.5


WEATHER CONDITIONS
 THE FOLLOWING WEATHER WAS RECORDED YESTERDAY.
  NO SIGNIFICANT WEATHER WAS OBSERVED.


RELATIVE HUMIDITY (PERCENT)
 HIGHEST    61           100 AM
 LOWEST     35           200 PM
 AVERAGE    48

..........................................................


THE MANSFIELD OH CLIMATE NORMALS FOR TODAY
                         NORMAL    RECORD    YEAR
 MAXIMUM TEMPERATURE (F)   59        82      2010
 MINIMUM TEMPERATURE (F)   38        15      1957


SUNRISE AND SUNSET
APRIL 15 2017.........SUNRISE   651 AM EDT   SUNSET   810 PM EDT
APRIL 16 2017.........SUNRISE   649 AM EDT   SUNSET   811 PM EDT


-  INDICATES NEGATIVE NUMBERS.
R  INDICATES RECORD WAS SET OR TIED.
MM INDICATES DATA IS MISSING.
T  INDICATES TRACE AMOUNT.




$$
