000
CDUS41 KCLE 190530
CLIMFD


CLIMATE REPORT
NATIONAL WEATHER SERVICE CLEVELAND OH
1230 AM EST MON JAN 19 2015


...................................

...THE MANSFIELD OH CLIMATE SUMMARY FOR JANUARY 18 2015...

CLIMATE NORMAL PERIOD 1981 TO 2010
CLIMATE RECORD PERIOD 1916 TO 2015


WEATHER ITEM   OBSERVED TIME   RECORD YEAR NORMAL DEPARTURE LAST
                VALUE   (LST)  VALUE       VALUE  FROM      YEAR
                                                  NORMAL
..................................................................
TEMPERATURE (F)
 YESTERDAY
  MAXIMUM         43    228 AM  68    1929  33     10       18
  MINIMUM         33   1159 PM -19    1994  18     15        5
  AVERAGE         38                        25     13       12

PRECIPITATION (IN)
  YESTERDAY        0.06                      0.10  -0.04     0.04
  MONTH TO DATE    2.29                      1.75   0.54     1.67
  SINCE DEC 1      4.15                      5.04  -0.89     5.85
  SINCE JAN 1      2.29                      1.75   0.54     1.67

SNOWFALL (IN)
  YESTERDAY        T                         0.4   -0.4      0.8
  MONTH TO DATE   10.4                       7.8    2.6     13.1
  SINCE DEC 1     10.6                      18.3   -7.7     29.5
  SINCE JUL 1     16.5                      21.0   -4.5     31.1
  SNOW DEPTH       2

DEGREE DAYS
 HEATING
  YESTERDAY       27                        40    -13       53
  MONTH TO DATE  796                       712     84      760
  SINCE DEC 1   1759                      1808    -49     1827
  SINCE JUL 1   3147                      3089     58     3159

 COOLING
  YESTERDAY        0                         0      0        0
  MONTH TO DATE    0                         0      0        0
  SINCE DEC 1      0                         0      0        0
  SINCE JAN 1      0                         0      0        0
..................................................................


WIND (MPH)
  HIGHEST WIND SPEED    26   HIGHEST WIND DIRECTION     S (200)
  HIGHEST GUST SPEED    33   HIGHEST GUST DIRECTION     S (200)
  AVERAGE WIND SPEED    12.7


SKY COVER
  POSSIBLE SUNSHINE  MM
  AVERAGE SKY COVER 1.0


WEATHER CONDITIONS
 THE FOLLOWING WEATHER WAS RECORDED YESTERDAY.
  LIGHT RAIN
  LIGHT SNOW
  FOG


RELATIVE HUMIDITY (PERCENT)
 HIGHEST    92           700 AM
 LOWEST     53          1200 AM
 AVERAGE    73

..........................................................


THE MANSFIELD OH CLIMATE NORMALS FOR TODAY
                         NORMAL    RECORD    YEAR
 MAXIMUM TEMPERATURE (F)   33        60      1929
 MINIMUM TEMPERATURE (F)   18       -22      1994


SUNRISE AND SUNSET
JANUARY 19 2015.......SUNRISE   750 AM EST   SUNSET   531 PM EST
JANUARY 20 2015.......SUNRISE   750 AM EST   SUNSET   533 PM EST


-  INDICATES NEGATIVE NUMBERS.
R  INDICATES RECORD WAS SET OR TIED.
MM INDICATES DATA IS MISSING.
T  INDICATES TRACE AMOUNT.




$$
