356
CDUS41 KCLE 170539
CLIMFD


CLIMATE REPORT
NATIONAL WEATHER SERVICE CLEVELAND OH
137 AM EDT WED AUG 17 2016


...................................

...THE MANSFIELD OH CLIMATE SUMMARY FOR AUGUST 16 2016...

CLIMATE NORMAL PERIOD 1981 TO 2010
CLIMATE RECORD PERIOD 1916 TO 2016


WEATHER ITEM   OBSERVED TIME   RECORD YEAR NORMAL DEPARTURE LAST
                VALUE   (LST)  VALUE       VALUE  FROM      YEAR
                                                  NORMAL
..................................................................
TEMPERATURE (F)
 YESTERDAY
  MAXIMUM         84   1206 PM  95    1936  80      4       88
  MINIMUM         70   1159 PM  44    1979  60     10       62
  AVERAGE         77                        70      7       75

PRECIPITATION (IN)
  YESTERDAY        0.18                      0.15   0.03     0.00
  MONTH TO DATE    2.76                      2.28   0.48     0.64
  SINCE JUN 1      6.60                     11.41  -4.81     9.57
  SINCE JAN 1     23.00                     28.74  -5.74    27.36

SNOWFALL (IN)
  YESTERDAY        0.0                       0.0    0.0      0.0
  MONTH TO DATE    0.0                       0.0    0.0      0.0
  SINCE JUN 1      0.0                       0.0    0.0      0.0
  SINCE JUL 1      0.0                       0.0    0.0      0.0
  SNOW DEPTH       0

DEGREE DAYS
 HEATING
  YESTERDAY        0                         0      0        0
  MONTH TO DATE    0                         0      0        0
  SINCE JUN 1     14                        61    -47       36
  SINCE JUL 1      1                         8     -7        3

 COOLING
  YESTERDAY       12                         6      6       10
  MONTH TO DATE  197                        96    101       97
  SINCE JUN 1    697                       440    257      442
  SINCE JAN 1    759                       486    273      560
..................................................................


WIND (MPH)
  HIGHEST WIND SPEED    26   HIGHEST WIND DIRECTION    SW (210)
  HIGHEST GUST SPEED    38   HIGHEST GUST DIRECTION    SW (220)
  AVERAGE WIND SPEED    11.2


SKY COVER
  POSSIBLE SUNSHINE  MM
  AVERAGE SKY COVER 0.2


WEATHER CONDITIONS
 THE FOLLOWING WEATHER WAS RECORDED YESTERDAY.
  HEAVY RAIN
  RAIN
  LIGHT RAIN
  FOG


RELATIVE HUMIDITY (PERCENT)
 HIGHEST   100          1000 PM
 LOWEST     87          1200 AM
 AVERAGE    94

..........................................................


THE MANSFIELD OH CLIMATE NORMALS FOR TODAY
                         NORMAL    RECORD    YEAR
 MAXIMUM TEMPERATURE (F)   80        97      1988
 MINIMUM TEMPERATURE (F)   60        47      1976


SUNRISE AND SUNSET
AUGUST 17 2016........SUNRISE   643 AM EDT   SUNSET   825 PM EDT
AUGUST 18 2016........SUNRISE   644 AM EDT   SUNSET   823 PM EDT


-  INDICATES NEGATIVE NUMBERS.
R  INDICATES RECORD WAS SET OR TIED.
MM INDICATES DATA IS MISSING.
T  INDICATES TRACE AMOUNT.




$$
