000
CDUS41 KCLE 010530
CLIMFD


CLIMATE REPORT
NATIONAL WEATHER SERVICE CLEVELAND OH
1229 AM EST MON FEB 1 2016


...................................

...THE MANSFIELD OH CLIMATE SUMMARY FOR JANUARY 31 2016...

CLIMATE NORMAL PERIOD 1981 TO 2010
CLIMATE RECORD PERIOD 1916 TO 2016


WEATHER ITEM   OBSERVED TIME   RECORD YEAR NORMAL DEPARTURE LAST
                VALUE   (LST)  VALUE       VALUE  FROM      YEAR
                                                  NORMAL
..................................................................
TEMPERATURE (F)
 YESTERDAY
  MAXIMUM         58   1054 PM  61    2002  34     24       32
  MINIMUM         47    233 AM  -5    2009  18     29        4
                                      1971
  AVERAGE         53                        26     27       18

PRECIPITATION (IN)
  YESTERDAY        0.03                      0.08  -0.05     0.00
  MONTH TO DATE    1.54                      2.87  -1.33     3.46
  SINCE DEC 1      5.70                      6.16  -0.46     5.32
  SINCE JAN 1      1.54                      2.87  -1.33     3.46

SNOWFALL (IN)
  YESTERDAY        0.0                       0.4   -0.4      0.0
  MONTH TO DATE    8.7                      13.3   -4.6     25.0
  SINCE DEC 1      8.9                      23.8  -14.9     25.2
  SINCE JUL 1      8.9                      26.5  -17.6     31.1
  SNOW DEPTH       0

DEGREE DAYS
 HEATING
  YESTERDAY       12                        39    -27       47
  MONTH TO DATE 1192                      1225    -33     1320
  SINCE DEC 1   1872                      2319   -447     2283
  SINCE JUL 1   2812                      3600   -788     3671

 COOLING
  YESTERDAY        0                         0      0        0
  MONTH TO DATE    0                         0      0        0
  SINCE DEC 1      0                         0      0        0
  SINCE JAN 1      0                         0      0        0
..................................................................


WIND (MPH)
  HIGHEST WIND SPEED    28   HIGHEST WIND DIRECTION    SW (220)
  HIGHEST GUST SPEED    40   HIGHEST GUST DIRECTION     S (200)
  AVERAGE WIND SPEED    16.5


SKY COVER
  POSSIBLE SUNSHINE  MM
  AVERAGE SKY COVER 0.9


WEATHER CONDITIONS
 THE FOLLOWING WEATHER WAS RECORDED YESTERDAY.
  LIGHT RAIN
  FOG


RELATIVE HUMIDITY (PERCENT)
 HIGHEST    77          1200 PM
 LOWEST     59           500 AM
 AVERAGE    68

..........................................................


THE MANSFIELD OH CLIMATE NORMALS FOR TODAY
                         NORMAL    RECORD    YEAR
 MAXIMUM TEMPERATURE (F)   34        59      1989
 MINIMUM TEMPERATURE (F)   19        -7      1936


SUNRISE AND SUNSET
FEBRUARY  1 2016......SUNRISE   741 AM EST   SUNSET   547 PM EST
FEBRUARY  2 2016......SUNRISE   740 AM EST   SUNSET   548 PM EST


-  INDICATES NEGATIVE NUMBERS.
R  INDICATES RECORD WAS SET OR TIED.
MM INDICATES DATA IS MISSING.
T  INDICATES TRACE AMOUNT.




$$
