000
CDUS41 KCLE 200545
CLIMFD


CLIMATE REPORT
NATIONAL WEATHER SERVICE CLEVELAND OH
145 AM EDT MON MAR 20 2017


...................................

...THE MANSFIELD OH CLIMATE SUMMARY FOR MARCH 19 2017...

CLIMATE NORMAL PERIOD 1981 TO 2010
CLIMATE RECORD PERIOD 1916 TO 2017


WEATHER ITEM   OBSERVED TIME   RECORD YEAR NORMAL DEPARTURE LAST
                VALUE   (LST)  VALUE       VALUE  FROM      YEAR
                                                  NORMAL
..................................................................
TEMPERATURE (F)
 YESTERDAY
  MAXIMUM         37    505 PM  78    2012  47    -10       39
  MINIMUM         33   1012 AM   4    1934  29      4       29
  AVERAGE         35                        38     -3       34

PRECIPITATION (IN)
  YESTERDAY        0.01                      0.12  -0.11     0.00
  MONTH TO DATE    2.33                      1.92   0.41     2.44
  SINCE MAR 1      2.33                      1.92   0.41     2.44
  SINCE JAN 1     10.19                      7.18   3.01     7.34

SNOWFALL (IN)
  YESTERDAY       MM                         0.2   MM        0.0
  MONTH TO DATE   10.7                       5.6    5.1      3.0
  SINCE MAR 1     10.7                       5.6    5.1      3.0
  SINCE JUL 1     32.3                      43.5  -11.2     23.4
  SNOW DEPTH       0

DEGREE DAYS
 HEATING
  YESTERDAY       30                        27      3       31
  MONTH TO DATE  618                       573     45      400
  SINCE MAR 1    618                       573     45      400
  SINCE JUL 1   4288                      5198   -910     4172

 COOLING
  YESTERDAY        0                         0      0        0
  MONTH TO DATE    0                         0      0        0
  SINCE MAR 1      0                         0      0        0
  SINCE JAN 1      0                         0      0        0
..................................................................


WIND (MPH)
  HIGHEST WIND SPEED    12   HIGHEST WIND DIRECTION     N (340)
  HIGHEST GUST SPEED    15   HIGHEST GUST DIRECTION     N (340)
  AVERAGE WIND SPEED     5.4


SKY COVER
  POSSIBLE SUNSHINE  MM
  AVERAGE SKY COVER 1.0


WEATHER CONDITIONS
 THE FOLLOWING WEATHER WAS RECORDED YESTERDAY.
  FOG
  HAZE


RELATIVE HUMIDITY (PERCENT)
 HIGHEST   100           300 AM
 LOWEST     75           900 PM
 AVERAGE    88

..........................................................


THE MANSFIELD OH CLIMATE NORMALS FOR TODAY
                         NORMAL    RECORD    YEAR
 MAXIMUM TEMPERATURE (F)   48        81      2012
 MINIMUM TEMPERATURE (F)   29        10      1956


SUNRISE AND SUNSET
MARCH 20 2017.........SUNRISE   733 AM EDT   SUNSET   742 PM EDT
MARCH 21 2017.........SUNRISE   731 AM EDT   SUNSET   744 PM EDT


-  INDICATES NEGATIVE NUMBERS.
R  INDICATES RECORD WAS SET OR TIED.
MM INDICATES DATA IS MISSING.
T  INDICATES TRACE AMOUNT.




$$
