000
CDUS41 KCLE 260531
CLIMFD


CLIMATE REPORT
NATIONAL WEATHER SERVICE CLEVELAND OH
130 AM EDT TUE AUG 26 2014


...................................

...THE MANSFIELD OH CLIMATE SUMMARY FOR AUGUST 25 2014...

CLIMATE NORMAL PERIOD 1981 TO 2010
CLIMATE RECORD PERIOD 1916 TO 2014


WEATHER ITEM   OBSERVED TIME   RECORD YEAR NORMAL DEPARTURE LAST
                VALUE   (LST)  VALUE       VALUE  FROM      YEAR
                                                  NORMAL
..................................................................
TEMPERATURE (F)
 YESTERDAY
  MAXIMUM         84    423 PM  94    1936  79      5       84
  MINIMUM         65    536 AM  38    1946  59      6       55
                                      1942
  AVERAGE         75                        69      6       70

PRECIPITATION (IN)
  YESTERDAY        0.00                      0.13  -0.13     0.00
  MONTH TO DATE    3.54                      3.53   0.01     1.60
  SINCE JUN 1     12.76                     12.66   0.10    14.77
  SINCE JAN 1     29.09                     29.99  -0.90    28.64

SNOWFALL (IN)
  YESTERDAY        0.0                       0.0    0.0      0.0
  MONTH TO DATE    0.0                       0.0    0.0      0.0
  SINCE JUN 1      0.0                       0.0    0.0      0.0
  SINCE JUL 1      0.0                       0.0    0.0      0.0
  SNOW DEPTH       0

DEGREE DAYS
 HEATING
  YESTERDAY        0                         1     -1        0
  MONTH TO DATE   10                         6      4       18
  SINCE JUN 1     51                        67    -16       67
  SINCE JUL 1     27                        14     13       28

 COOLING
  YESTERDAY       10                         5      5        5
  MONTH TO DATE  139                       143     -4       99
  SINCE JUN 1    445                       487    -42      485
  SINCE JAN 1    508                       533    -25      580
..................................................................


WIND (MPH)
  HIGHEST WIND SPEED    10   HIGHEST WIND DIRECTION    SE (140)
  HIGHEST GUST SPEED    14   HIGHEST GUST DIRECTION    SE (130)
  AVERAGE WIND SPEED     5.8


SKY COVER
  POSSIBLE SUNSHINE  MM
  AVERAGE SKY COVER 0.3


WEATHER CONDITIONS
 THE FOLLOWING WEATHER WAS RECORDED YESTERDAY.
  NO SIGNIFICANT WEATHER WAS OBSERVED.


RELATIVE HUMIDITY (PERCENT)
 HIGHEST    93           300 AM
 LOWEST     59           400 PM
 AVERAGE    76

..........................................................


THE MANSFIELD OH CLIMATE NORMALS FOR TODAY
                         NORMAL    RECORD    YEAR
 MAXIMUM TEMPERATURE (F)   79        92      1953
 MINIMUM TEMPERATURE (F)   59        38      1958


SUNRISE AND SUNSET
AUGUST 26 2014........SUNRISE   651 AM EDT   SUNSET   812 PM EDT
AUGUST 27 2014........SUNRISE   652 AM EDT   SUNSET   810 PM EDT


-  INDICATES NEGATIVE NUMBERS.
R  INDICATES RECORD WAS SET OR TIED.
MM INDICATES DATA IS MISSING.
T  INDICATES TRACE AMOUNT.




$$
