000
CDUS41 KCLE 032217
CLIMFD


CLIMATE REPORT
NATIONAL WEATHER SERVICE CLEVELAND OH
513 PM EST SUN DEC 3 2017


...................................

...THE MANSFIELD OH CLIMATE SUMMARY FOR DECEMBER 3 2017...
VALID TODAY AS OF 0500 PM LOCAL TIME.

CLIMATE NORMAL PERIOD 1981 TO 2010
CLIMATE RECORD PERIOD 1916 TO 2017


WEATHER ITEM   OBSERVED TIME   RECORD YEAR NORMAL DEPARTURE LAST
                VALUE   (LST)  VALUE       VALUE  FROM      YEAR
                                                  NORMAL
..................................................................
TEMPERATURE (F)
 TODAY
  MAXIMUM         54    357 PM  73    1982  41     13       36
  MINIMUM         30    500 AM  -8    1976  27      3       30
  AVERAGE         42                        34      8       33

PRECIPITATION (IN)
  TODAY            0.00                      0.11  -0.11     0.00
  MONTH TO DATE    0.00                      0.33  -0.33      T
  SINCE DEC 1      0.00                      0.33  -0.33      T
  SINCE JAN 1     47.42                     41.23   6.19    32.10

SNOWFALL (IN)
  TODAY            0.0                       0.3   -0.3      0.0
  MONTH TO DATE    0.0                       0.7   -0.7       T
  SINCE DEC 1      0.0                       0.7   -0.7       T
  SINCE JUL 1      0.1                       3.4   -3.3      0.2
  SNOW DEPTH       0

DEGREE DAYS
 HEATING
  TODAY           23                        31     -8       32
  MONTH TO DATE   76                        92    -16       90
  SINCE DEC 1     76                        92    -16       90
  SINCE JUL 1   1158                      1373   -215      967

 COOLING
  TODAY            0                         0      0        0
  MONTH TO DATE    0                         0      0        0
  SINCE DEC 1      0                         0      0        0
  SINCE JAN 1    748                       632    116     1084
..................................................................


WIND (MPH)
  HIGHEST WIND SPEED     9   HIGHEST WIND DIRECTION    SW (230)
  HIGHEST GUST SPEED    12   HIGHEST GUST DIRECTION    SW (230)


SKY COVER
  POSSIBLE SUNSHINE  MM
  AVERAGE SKY COVER 0.0


WEATHER CONDITIONS
 THE FOLLOWING WEATHER WAS RECORDED TODAY.
  NO SIGNIFICANT WEATHER WAS OBSERVED.


RELATIVE HUMIDITY (PERCENT)
 HIGHEST    85           300 AM
 LOWEST     35           400 PM
 AVERAGE    60

..........................................................


THE MANSFIELD OH CLIMATE NORMALS FOR TOMORROW
                         NORMAL    RECORD    YEAR
 MAXIMUM TEMPERATURE (F)   40        67      1982
 MINIMUM TEMPERATURE (F)   26         2      1940


SUNRISE AND SUNSET
DECEMBER  3 2017......SUNRISE   737 AM EST   SUNSET   503 PM EST
DECEMBER  4 2017......SUNRISE   738 AM EST   SUNSET   502 PM EST


-  INDICATES NEGATIVE NUMBERS.
R  INDICATES RECORD WAS SET OR TIED.
MM INDICATES DATA IS MISSING.
T  INDICATES TRACE AMOUNT.




$$
