000
CDUS41 KCLE 200530
CLIMFD


CLIMATE REPORT
NATIONAL WEATHER SERVICE CLEVELAND OH
1229 AM EST THU NOV 20 2014


...................................

...THE MANSFIELD OH CLIMATE SUMMARY FOR NOVEMBER 19 2014...

CLIMATE NORMAL PERIOD 1981 TO 2010
CLIMATE RECORD PERIOD 1916 TO 2014


WEATHER ITEM   OBSERVED TIME   RECORD YEAR NORMAL DEPARTURE LAST
                VALUE   (LST)  VALUE       VALUE  FROM      YEAR
                                                  NORMAL
..................................................................
TEMPERATURE (F)
 YESTERDAY
  MAXIMUM         34    719 PM  69    1985  48    -14       40
  MINIMUM         12R   335 AM  14    1951  32    -20       27
  AVERAGE         23                        40    -17       34

PRECIPITATION (IN)
  YESTERDAY        T                         0.13  -0.13     0.00
  MONTH TO DATE    1.15                      2.41  -1.26     1.91
  SINCE SEP 1      4.45                      8.67  -4.22     9.58
  SINCE JAN 1     33.67                     39.50  -5.83    38.50

SNOWFALL (IN)
  YESTERDAY        T                         0.0    0.0      0.0
  MONTH TO DATE    4.4                       0.9    3.5      0.5
  SINCE SEP 1      4.4                       1.4    3.0      0.5
  SINCE JUL 1      4.4                       1.4    3.0      0.5
  SNOW DEPTH       2

DEGREE DAYS
 HEATING
  YESTERDAY       42                        25     17       31
  MONTH TO DATE  539                       409    130      427
  SINCE SEP 1   1037                       952     85      915
  SINCE JUL 1   1064                       977     87      943

 COOLING
  YESTERDAY        0                         0      0        0
  MONTH TO DATE    0                         0      0        0
  SINCE SEP 1     69                        70     -1       99
  SINCE JAN 1    623                       632     -9      741
..................................................................


WIND (MPH)
  HIGHEST WIND SPEED    31   HIGHEST WIND DIRECTION     S (190)
  HIGHEST GUST SPEED    39   HIGHEST GUST DIRECTION    SW (240)
  AVERAGE WIND SPEED    16.5


SKY COVER
  POSSIBLE SUNSHINE  MM
  AVERAGE SKY COVER 0.9


WEATHER CONDITIONS
 THE FOLLOWING WEATHER WAS RECORDED YESTERDAY.
  HAZE


RELATIVE HUMIDITY (PERCENT)
 HIGHEST    88           700 AM
 LOWEST     62          1100 AM
 AVERAGE    75

..........................................................


THE MANSFIELD OH CLIMATE NORMALS FOR TODAY
                         NORMAL    RECORD    YEAR
 MAXIMUM TEMPERATURE (F)   47        72      1931
 MINIMUM TEMPERATURE (F)   32        10      1951


SUNRISE AND SUNSET
NOVEMBER 20 2014......SUNRISE   723 AM EST   SUNSET   508 PM EST
NOVEMBER 21 2014......SUNRISE   724 AM EST   SUNSET   507 PM EST


-  INDICATES NEGATIVE NUMBERS.
R  INDICATES RECORD WAS SET OR TIED.
MM INDICATES DATA IS MISSING.
T  INDICATES TRACE AMOUNT.




$$
