000
CDUS41 KCLE 132115
CLIMFD


CLIMATE REPORT
NATIONAL WEATHER SERVICE CLEVELAND OH
515 PM EDT FRI MAY 13 2016


...................................

...THE MANSFIELD OH CLIMATE SUMMARY FOR MAY 13 2016...
VALID TODAY AS OF 0500 PM LOCAL TIME.

CLIMATE NORMAL PERIOD 1981 TO 2010
CLIMATE RECORD PERIOD 1916 TO 2016


WEATHER ITEM   OBSERVED TIME   RECORD YEAR NORMAL DEPARTURE LAST
                VALUE   (LST)  VALUE       VALUE  FROM      YEAR
                                                  NORMAL
..................................................................
TEMPERATURE (F)
 TODAY
  MAXIMUM         66    315 PM  86    1991  69     -3       56
  MINIMUM         54    614 AM  28    1946  47      7       40
  AVERAGE         60                        58      2       48

PRECIPITATION (IN)
  TODAY            0.01                      0.15  -0.14     0.00
  MONTH TO DATE    2.45                      1.76   0.69     0.93
  SINCE MAR 1     10.12                      9.29   0.83     9.17
  SINCE JAN 1     15.02                     14.55   0.47    14.33

SNOWFALL (IN)
  TODAY            0.0                       0.0    0.0      0.0
  MONTH TO DATE    0.0                       0.0    0.0      0.0
  SINCE MAR 1      7.2                      10.4   -3.2     10.7
  SINCE JUL 1     27.6                      48.3  -20.7     63.2
  SNOW DEPTH       0

DEGREE DAYS
 HEATING
  TODAY            5                         8     -3       17
  MONTH TO DATE  124                       124      0       46
  SINCE MAR 1   1275                      1484   -209     1423
  SINCE JUL 1   5047                      6109  -1062     6495

 COOLING
  TODAY            0                         1     -1        0
  MONTH TO DATE    3                         8     -5       48
  SINCE MAR 1      3                        16    -13       48
  SINCE JAN 1      3                        16    -13       48
..................................................................


WIND (MPH)
  HIGHEST WIND SPEED    17   HIGHEST WIND DIRECTION     W (260)
  HIGHEST GUST SPEED    24   HIGHEST GUST DIRECTION     W (270)


SKY COVER
  POSSIBLE SUNSHINE  MM
  AVERAGE SKY COVER 0.6


WEATHER CONDITIONS
 THE FOLLOWING WEATHER WAS RECORDED TODAY.
  NO SIGNIFICANT WEATHER WAS OBSERVED.


RELATIVE HUMIDITY (PERCENT)
 HIGHEST   100           300 AM
 LOWEST     52           400 PM
 AVERAGE    76

..........................................................


THE MANSFIELD OH CLIMATE NORMALS FOR TOMORROW
                         NORMAL    RECORD    YEAR
 MAXIMUM TEMPERATURE (F)   69        89      1962
 MINIMUM TEMPERATURE (F)   48        31      1996


SUNRISE AND SUNSET
MAY 13 2016...........SUNRISE   614 AM EDT   SUNSET   839 PM EDT
MAY 14 2016...........SUNRISE   613 AM EDT   SUNSET   840 PM EDT


-  INDICATES NEGATIVE NUMBERS.
R  INDICATES RECORD WAS SET OR TIED.
MM INDICATES DATA IS MISSING.
T  INDICATES TRACE AMOUNT.




$$
