000
CDUS41 KCLE 122212
CLIMFD


CLIMATE REPORT
NATIONAL WEATHER SERVICE CLEVELAND OH
511 PM EST THU JAN 12 2017


...................................

...THE MANSFIELD OH CLIMATE SUMMARY FOR JANUARY 12 2017...
VALID TODAY AS OF 0500 PM LOCAL TIME.

CLIMATE NORMAL PERIOD 1981 TO 2010
CLIMATE RECORD PERIOD 1916 TO 2017


WEATHER ITEM   OBSERVED TIME   RECORD YEAR NORMAL DEPARTURE LAST
                VALUE   (LST)  VALUE       VALUE  FROM      YEAR
                                                  NORMAL
..................................................................
TEMPERATURE (F)
 TODAY
  MAXIMUM         62R  1159 AM  61    2013  33     29       28
                                      2005
  MINIMUM         42    459 PM -15    1918  18     24        6
  AVERAGE         52                        25     27       17

PRECIPITATION (IN)
  TODAY            1.57                      0.10   1.47     0.09
  MONTH TO DATE    3.08                      1.20   1.88     1.12
  SINCE DEC 1      6.22                      4.49   1.73     5.28
  SINCE JAN 1      3.08                      1.20   1.88     1.12

SNOWFALL (IN)
  TODAY            0.0                       0.4   -0.4      3.2
  MONTH TO DATE    2.3                       5.1   -2.8      5.1
  SINCE DEC 1     13.3                      15.6   -2.3      5.3
  SINCE JUL 1     13.5                      18.3   -4.8      5.3
  SNOW DEPTH       0

DEGREE DAYS
 HEATING
  TODAY           13                        40    -27       48
  MONTH TO DATE  441                       472    -31      448
  SINCE DEC 1   1549                      1568    -19     1128
  SINCE JUL 1   2426                      2849   -423     2068

 COOLING
  TODAY            0                         0      0        0
  MONTH TO DATE    0                         0      0        0
  SINCE DEC 1      0                         0      0        0
  SINCE JAN 1      0                         0      0        0
..................................................................


WIND (MPH)
  HIGHEST WIND SPEED    35   HIGHEST WIND DIRECTION    SW (210)
  HIGHEST GUST SPEED    49   HIGHEST GUST DIRECTION     S (200)


SKY COVER
  POSSIBLE SUNSHINE  MM
  AVERAGE SKY COVER 1.0


WEATHER CONDITIONS
 THE FOLLOWING WEATHER WAS RECORDED TODAY.
  THUNDERSTORM
  HEAVY RAIN
  RAIN
  LIGHT RAIN
  FOG


RELATIVE HUMIDITY (PERCENT)
 HIGHEST   100           800 AM
 LOWEST     80           200 AM
 AVERAGE    90

..........................................................


THE MANSFIELD OH CLIMATE NORMALS FOR TOMORROW
                         NORMAL    RECORD    YEAR
 MAXIMUM TEMPERATURE (F)   33        65      2005
 MINIMUM TEMPERATURE (F)   18       -15      1918


SUNRISE AND SUNSET
JANUARY 12 2017.......SUNRISE   753 AM EST   SUNSET   524 PM EST
JANUARY 13 2017.......SUNRISE   753 AM EST   SUNSET   525 PM EST


-  INDICATES NEGATIVE NUMBERS.
R  INDICATES RECORD WAS SET OR TIED.
MM INDICATES DATA IS MISSING.
T  INDICATES TRACE AMOUNT.




$$
