000
CDUS41 KCLE 122113
CLIMFD


CLIMATE REPORT
NATIONAL WEATHER SERVICE CLEVELAND OH
512 PM EDT THU MAY 12 2016


...................................

...THE MANSFIELD OH CLIMATE SUMMARY FOR MAY 12 2016...
VALID TODAY AS OF 0500 PM LOCAL TIME.

CLIMATE NORMAL PERIOD 1981 TO 2010
CLIMATE RECORD PERIOD 1916 TO 2016


WEATHER ITEM   OBSERVED TIME   RECORD YEAR NORMAL DEPARTURE LAST
                VALUE   (LST)  VALUE       VALUE  FROM      YEAR
                                                  NORMAL
..................................................................
TEMPERATURE (F)
 TODAY
  MAXIMUM         78    256 PM  87    1991  68     10       64
  MINIMUM         57    124 AM  27    1938  47     10       48
  AVERAGE         68                        58     10       56

PRECIPITATION (IN)
  TODAY            0.06                      0.14  -0.08     0.00
  MONTH TO DATE    1.84                      1.61   0.23     0.93
  SINCE MAR 1      9.51                      9.14   0.37     9.17
  SINCE JAN 1     14.41                     14.40   0.01    14.33

SNOWFALL (IN)
  TODAY            0.0                       0.0    0.0      0.0
  MONTH TO DATE    0.0                       0.0    0.0      0.0
  SINCE MAR 1      7.2                      10.4   -3.2     10.7
  SINCE JUL 1     27.6                      48.3  -20.7     63.2
  SNOW DEPTH       0

DEGREE DAYS
 HEATING
  TODAY            0                         8     -8        9
  MONTH TO DATE  119                       116      3       29
  SINCE MAR 1   1270                      1476   -206     1406
  SINCE JUL 1   5042                      6101  -1059     6478

 COOLING
  TODAY            3                         1      2        0
  MONTH TO DATE    3                         7     -4       48
  SINCE MAR 1      3                        15    -12       48
  SINCE JAN 1      3                        15    -12       48
..................................................................


WIND (MPH)
  HIGHEST WIND SPEED    18   HIGHEST WIND DIRECTION     S (200)
  HIGHEST GUST SPEED    22   HIGHEST GUST DIRECTION     S (200)


SKY COVER
  POSSIBLE SUNSHINE  MM
  AVERAGE SKY COVER 0.4


WEATHER CONDITIONS
 THE FOLLOWING WEATHER WAS RECORDED TODAY.
  FOG


RELATIVE HUMIDITY (PERCENT)
 HIGHEST   100          1200 AM
 LOWEST     56           300 PM
 AVERAGE    78

..........................................................


THE MANSFIELD OH CLIMATE NORMALS FOR TOMORROW
                         NORMAL    RECORD    YEAR
 MAXIMUM TEMPERATURE (F)   69        86      1991
 MINIMUM TEMPERATURE (F)   47        28      1946


SUNRISE AND SUNSET
MAY 12 2016...........SUNRISE   615 AM EDT   SUNSET   838 PM EDT
MAY 13 2016...........SUNRISE   614 AM EDT   SUNSET   839 PM EDT


-  INDICATES NEGATIVE NUMBERS.
R  INDICATES RECORD WAS SET OR TIED.
MM INDICATES DATA IS MISSING.
T  INDICATES TRACE AMOUNT.




$$
