000
CDUS41 KCLE 150545
CLIMFD


CLIMATE REPORT
NATIONAL WEATHER SERVICE CLEVELAND OH
145 AM EDT FRI AUG 15 2014


...................................

...THE MANSFIELD OH CLIMATE SUMMARY FOR AUGUST 14 2014...

CLIMATE NORMAL PERIOD 1981 TO 2010
CLIMATE RECORD PERIOD 1916 TO 2014


WEATHER ITEM   OBSERVED TIME   RECORD YEAR NORMAL DEPARTURE LAST
                VALUE   (LST)  VALUE       VALUE  FROM      YEAR
                                                  NORMAL
..................................................................
TEMPERATURE (F)
 YESTERDAY
  MAXIMUM         70    412 PM  92    1944  80    -10       69
  MINIMUM         51   1117 PM  42    1946  60     -9       49
  AVERAGE         61                        70     -9       59

PRECIPITATION (IN)
  YESTERDAY        0.00                      0.15  -0.15     0.00
  MONTH TO DATE    2.58                      1.98   0.60     1.42
  SINCE JUN 1     11.80                     11.11   0.69    14.59
  SINCE JAN 1     28.13                     28.44  -0.31    28.46

SNOWFALL (IN)
  YESTERDAY        0.0                       0.0    0.0      0.0
  MONTH TO DATE    0.0                       0.0    0.0      0.0
  SINCE JUN 1      0.0                       0.0    0.0      0.0
  SINCE JUL 1      0.0                       0.0    0.0      0.0
  SNOW DEPTH       0

DEGREE DAYS
 HEATING
  YESTERDAY        4                         0      4        6
  MONTH TO DATE    4                         0      4       11
  SINCE JUN 1     45                        61    -16       60
  SINCE JUL 1     21                         8     13       21

 COOLING
  YESTERDAY        0                         6     -6        0
  MONTH TO DATE   58                        84    -26       58
  SINCE JUN 1    364                       428    -64      444
  SINCE JAN 1    427                       474    -47      539
..................................................................


WIND (MPH)
  HIGHEST WIND SPEED    20   HIGHEST WIND DIRECTION    NW (320)
  HIGHEST GUST SPEED    25   HIGHEST GUST DIRECTION    NW (330)
  AVERAGE WIND SPEED     7.6


SKY COVER
  POSSIBLE SUNSHINE  MM
  AVERAGE SKY COVER 0.1


WEATHER CONDITIONS
 THE FOLLOWING WEATHER WAS RECORDED YESTERDAY.
  LIGHT RAIN


RELATIVE HUMIDITY (PERCENT)
 HIGHEST    93           300 AM
 LOWEST     40           500 PM
 AVERAGE    67

..........................................................


THE MANSFIELD OH CLIMATE NORMALS FOR TODAY
                         NORMAL    RECORD    YEAR
 MAXIMUM TEMPERATURE (F)   80        91      1995
                                             1965
 MINIMUM TEMPERATURE (F)   60        46      2013
                                             1979
                                             1963


SUNRISE AND SUNSET
AUGUST 15 2014........SUNRISE   640 AM EDT   SUNSET   828 PM EDT
AUGUST 16 2014........SUNRISE   641 AM EDT   SUNSET   827 PM EDT


-  INDICATES NEGATIVE NUMBERS.
R  INDICATES RECORD WAS SET OR TIED.
MM INDICATES DATA IS MISSING.
T  INDICATES TRACE AMOUNT.




$$
