102
CDUS41 KCLE 082122
CLIMFD


CLIMATE REPORT
NATIONAL WEATHER SERVICE CLEVELAND OH
519 PM EDT FRI MAY 8 2015


...................................

...THE MANSFIELD OH CLIMATE SUMMARY FOR MAY 8 2015...
VALID TODAY AS OF 0500 PM LOCAL TIME.

CLIMATE NORMAL PERIOD 1981 TO 2010
CLIMATE RECORD PERIOD 1916 TO 2015


WEATHER ITEM   OBSERVED TIME   RECORD YEAR NORMAL DEPARTURE LAST
                VALUE   (LST)  VALUE       VALUE  FROM      YEAR
                                                  NORMAL
..................................................................
TEMPERATURE (F)
 TODAY
  MAXIMUM         87R   305 PM  86    1936  67     20       85
  MINIMUM         62    602 AM  26    1958  46     16       61
  AVERAGE         75                        56     19       73

PRECIPITATION (IN)
  TODAY            0.00                      0.13  -0.13     0.00
  MONTH TO DATE    0.66                      1.07  -0.41     0.08
  SINCE MAR 1      8.90                      8.60   0.30     9.08
  SINCE JAN 1     14.06                     13.86   0.20    13.41

SNOWFALL (IN)
  TODAY            0.0                       0.0    0.0      0.0
  MONTH TO DATE    0.0                       0.0    0.0      0.0
  SINCE MAR 1     10.7                      10.4    0.3     11.5
  SINCE JUL 1     63.2                      48.3   14.9     65.4
  SNOW DEPTH       0

DEGREE DAYS
 HEATING
  TODAY            0                         9     -9        0
  MONTH TO DATE   20                        81    -61       89
  SINCE MAR 1   1397                      1441    -44     1558
  SINCE JUL 1   6469                      6066    403     6602

 COOLING
  TODAY           10                         1      9        8
  MONTH TO DATE   21                         3     18        8
  SINCE MAR 1     21                        11     10       10
  SINCE JAN 1     21                        11     10       10
..................................................................


WIND (MPH)
  HIGHEST WIND SPEED    16   HIGHEST WIND DIRECTION     S (200)
  HIGHEST GUST SPEED    22   HIGHEST GUST DIRECTION     S (190)


SKY COVER
  POSSIBLE SUNSHINE  MM
  AVERAGE SKY COVER 0.1


WEATHER CONDITIONS
 THE FOLLOWING WEATHER WAS RECORDED TODAY.
  NO SIGNIFICANT WEATHER WAS OBSERVED.


RELATIVE HUMIDITY (PERCENT)
 HIGHEST    72           300 AM
 LOWEST     35           400 PM
 AVERAGE    54

..........................................................


THE MANSFIELD OH CLIMATE NORMALS FOR TOMORROW
                         NORMAL    RECORD    YEAR
 MAXIMUM TEMPERATURE (F)   68        88      1936
                                             1930
 MINIMUM TEMPERATURE (F)   46        27      1966


SUNRISE AND SUNSET
MAY  8 2015...........SUNRISE   620 AM EDT   SUNSET   833 PM EDT
MAY  9 2015...........SUNRISE   619 AM EDT   SUNSET   834 PM EDT


-  INDICATES NEGATIVE NUMBERS.
R  INDICATES RECORD WAS SET OR TIED.
MM INDICATES DATA IS MISSING.
T  INDICATES TRACE AMOUNT.




$$
