000
CDUS41 KCLE 240526
CLIMFD


CLIMATE REPORT
NATIONAL WEATHER SERVICE CLEVELAND OH
1226 AM EST SAT JAN 24 2015


...................................

...THE MANSFIELD OH CLIMATE SUMMARY FOR JANUARY 23 2015...

CLIMATE NORMAL PERIOD 1981 TO 2010
CLIMATE RECORD PERIOD 1916 TO 2015


WEATHER ITEM   OBSERVED TIME   RECORD YEAR NORMAL DEPARTURE LAST
                VALUE   (LST)  VALUE       VALUE  FROM      YEAR
                                                  NORMAL
..................................................................
TEMPERATURE (F)
 YESTERDAY
  MAXIMUM         31    243 PM  63    1967  33     -2       11
  MINIMUM         25   1136 PM -19    1963  18      7       -2
  AVERAGE         28                        25      3        5

PRECIPITATION (IN)
  YESTERDAY        0.00                      0.08  -0.08     0.03
  MONTH TO DATE    2.63                      2.18   0.45     1.77
  SINCE DEC 1      4.49                      5.47  -0.98     5.95
  SINCE JAN 1      2.63                      2.18   0.45     1.77

SNOWFALL (IN)
  YESTERDAY        0.0                       0.4   -0.4      1.0
  MONTH TO DATE   14.4                       9.9    4.5     15.8
  SINCE DEC 1     14.6                      20.4   -5.8     32.2
  SINCE JUL 1     20.5                      23.1   -2.6     33.8
  SNOW DEPTH       2

DEGREE DAYS
 HEATING
  YESTERDAY       37                        40     -3       60
  MONTH TO DATE  966                       912     54     1016
  SINCE DEC 1   1929                      2008    -79     2083
  SINCE JUL 1   3317                      3289     28     3415

 COOLING
  YESTERDAY        0                         0      0        0
  MONTH TO DATE    0                         0      0        0
  SINCE DEC 1      0                         0      0        0
  SINCE JAN 1      0                         0      0        0
..................................................................


WIND (MPH)
  HIGHEST WIND SPEED    12   HIGHEST WIND DIRECTION     S (190)
  HIGHEST GUST SPEED    14   HIGHEST GUST DIRECTION     S (190)
  AVERAGE WIND SPEED     4.7


SKY COVER
  POSSIBLE SUNSHINE  MM
  AVERAGE SKY COVER 0.7


WEATHER CONDITIONS
 THE FOLLOWING WEATHER WAS RECORDED YESTERDAY.
  NO SIGNIFICANT WEATHER WAS OBSERVED.


RELATIVE HUMIDITY (PERCENT)
 HIGHEST    92          1100 PM
 LOWEST     72           200 PM
 AVERAGE    82

..........................................................


THE MANSFIELD OH CLIMATE NORMALS FOR TODAY
                         NORMAL    RECORD    YEAR
 MAXIMUM TEMPERATURE (F)   33        63      1972
                                             1950
 MINIMUM TEMPERATURE (F)   18       -20      1963


SUNRISE AND SUNSET
JANUARY 24 2015.......SUNRISE   747 AM EST   SUNSET   537 PM EST
JANUARY 25 2015.......SUNRISE   746 AM EST   SUNSET   539 PM EST


-  INDICATES NEGATIVE NUMBERS.
R  INDICATES RECORD WAS SET OR TIED.
MM INDICATES DATA IS MISSING.
T  INDICATES TRACE AMOUNT.




$$
