000
CDUS41 KCLE 130545
CLIMFD


CLIMATE REPORT
NATIONAL WEATHER SERVICE CLEVELAND OH
145 AM EDT FRI OCT 13 2017


...................................

...THE MANSFIELD OH CLIMATE SUMMARY FOR OCTOBER 12 2017...

CLIMATE NORMAL PERIOD 1981 TO 2010
CLIMATE RECORD PERIOD 1916 TO 2017


WEATHER ITEM   OBSERVED TIME   RECORD YEAR NORMAL DEPARTURE LAST
                VALUE   (LST)  VALUE       VALUE  FROM      YEAR
                                                  NORMAL
..................................................................
TEMPERATURE (F)
 YESTERDAY
  MAXIMUM         63    422 PM  90    1928  63      0       77
  MINIMUM         56    909 AM  23    1957  43     13       49
  AVERAGE         60                        53      7       63

PRECIPITATION (IN)
  YESTERDAY        0.02                      0.09  -0.07     0.01
  MONTH TO DATE    2.21                      1.15   1.06     0.18
  SINCE SEP 1      3.81                      4.47  -0.66     3.89
  SINCE JAN 1     40.39                     35.30   5.09    27.52

SNOWFALL (IN)
  YESTERDAY        0.0                       0.0    0.0      0.0
  MONTH TO DATE    0.0                       0.0    0.0      0.0
  SINCE SEP 1      0.0                       0.0    0.0      0.0
  SINCE JUL 1      0.0                       0.0    0.0      0.0
  SNOW DEPTH       0

DEGREE DAYS
 HEATING
  YESTERDAY        5                        12     -7        2
  MONTH TO DATE   25                       128   -103       65
  SINCE SEP 1    115                       253   -138       99
  SINCE JUL 1    129                       278   -149      100

 COOLING
  YESTERDAY        0                         0      0        0
  MONTH TO DATE   19                         5     14        8
  SINCE SEP 1    131                        68     63      154
  SINCE JAN 1    748                       630    118     1058
..................................................................


WIND (MPH)
  HIGHEST WIND SPEED    12   HIGHEST WIND DIRECTION    NW (330)
  HIGHEST GUST SPEED    15   HIGHEST GUST DIRECTION     N (20)
  AVERAGE WIND SPEED     3.0


SKY COVER
  POSSIBLE SUNSHINE  MM
  AVERAGE SKY COVER 1.0


WEATHER CONDITIONS
 THE FOLLOWING WEATHER WAS RECORDED YESTERDAY.
  LIGHT RAIN
  FOG
  FOG W/VISIBILITY <= 1/4 MILE


RELATIVE HUMIDITY (PERCENT)
 HIGHEST   100           500 AM
 LOWEST     84           100 PM
 AVERAGE    92

..........................................................


THE MANSFIELD OH CLIMATE NORMALS FOR TODAY
                         NORMAL    RECORD    YEAR
 MAXIMUM TEMPERATURE (F)   63        84      1969
 MINIMUM TEMPERATURE (F)   43        22      1946


SUNRISE AND SUNSET
OCTOBER 13 2017.......SUNRISE   739 AM EDT   SUNSET   652 PM EDT
OCTOBER 14 2017.......SUNRISE   741 AM EDT   SUNSET   651 PM EDT


-  INDICATES NEGATIVE NUMBERS.
R  INDICATES RECORD WAS SET OR TIED.
MM INDICATES DATA IS MISSING.
T  INDICATES TRACE AMOUNT.




$$
