000
CDUS41 KCLE 140528
CLIMFD


CLIMATE REPORT
NATIONAL WEATHER SERVICE CLEVELAND OH
1227 AM EST SUN DEC 14 2014


...................................

...THE MANSFIELD OH CLIMATE SUMMARY FOR DECEMBER 13 2014...

CLIMATE NORMAL PERIOD 1981 TO 2010
CLIMATE RECORD PERIOD 1916 TO 2014


WEATHER ITEM   OBSERVED TIME   RECORD YEAR NORMAL DEPARTURE LAST
                VALUE   (LST)  VALUE       VALUE  FROM      YEAR
                                                  NORMAL
..................................................................
TEMPERATURE (F)
 YESTERDAY
  MAXIMUM         43    920 PM  62    1927  37      6       32
  MINIMUM         26    307 AM -15    1958  23      3       16
  AVERAGE         35                        30      5       24

PRECIPITATION (IN)
  YESTERDAY        0.00                      0.11  -0.11     0.00
  MONTH TO DATE    1.00                      1.43  -0.43     0.52
  SINCE DEC 1      1.00                      1.43  -0.43     0.52
  SINCE JAN 1     35.66                     42.33  -6.67    39.36

SNOWFALL (IN)
  YESTERDAY        0.0                       0.3   -0.3      0.0
  MONTH TO DATE    0.2                       3.6   -3.4      6.5
  SINCE DEC 1      0.2                       3.6   -3.4      6.5
  SINCE JUL 1      6.1                       6.3   -0.2      8.1
  SNOW DEPTH       0

DEGREE DAYS
 HEATING
  YESTERDAY       30                        35     -5       41
  MONTH TO DATE  416                       426    -10      458
  SINCE DEC 1    416                       426    -10      458
  SINCE JUL 1   1804                      1707     97     1790

 COOLING
  YESTERDAY        0                         0      0        0
  MONTH TO DATE    0                         0      0        0
  SINCE DEC 1      0                         0      0        0
  SINCE JAN 1    623                       632     -9      741
..................................................................


WIND (MPH)
  HIGHEST WIND SPEED    16   HIGHEST WIND DIRECTION     W (250)
  HIGHEST GUST SPEED    23   HIGHEST GUST DIRECTION     W (250)
  AVERAGE WIND SPEED     8.8


SKY COVER
  POSSIBLE SUNSHINE  MM
  AVERAGE SKY COVER 1.0


WEATHER CONDITIONS
 THE FOLLOWING WEATHER WAS RECORDED YESTERDAY.
  FOG


RELATIVE HUMIDITY (PERCENT)
 HIGHEST   100          1200 AM
 LOWEST     89           700 PM
 AVERAGE    95

..........................................................


THE MANSFIELD OH CLIMATE NORMALS FOR TODAY
                         NORMAL    RECORD    YEAR
 MAXIMUM TEMPERATURE (F)   37        62      1984
 MINIMUM TEMPERATURE (F)   23       -13      1958


SUNRISE AND SUNSET
DECEMBER 14 2014......SUNRISE   747 AM EST   SUNSET   503 PM EST
DECEMBER 15 2014......SUNRISE   747 AM EST   SUNSET   503 PM EST


-  INDICATES NEGATIVE NUMBERS.
R  INDICATES RECORD WAS SET OR TIED.
MM INDICATES DATA IS MISSING.
T  INDICATES TRACE AMOUNT.




$$
