000
CDUS41 KCLE 180526
CLIMFD


CLIMATE REPORT
NATIONAL WEATHER SERVICE CLEVELAND OH
125 AM EDT MON MAY 18 2015


...................................

...THE MANSFIELD OH CLIMATE SUMMARY FOR MAY 17 2015...

CLIMATE NORMAL PERIOD 1981 TO 2010
CLIMATE RECORD PERIOD 1916 TO 2015


WEATHER ITEM   OBSERVED TIME   RECORD YEAR NORMAL DEPARTURE LAST
                VALUE   (LST)  VALUE       VALUE  FROM      YEAR
                                                  NORMAL
..................................................................
TEMPERATURE (F)
 YESTERDAY
  MAXIMUM         79    503 PM  91    1962  70      9       55
  MINIMUM         65    425 AM  31    1935  48     17       40
  AVERAGE         72                        59     13       48

PRECIPITATION (IN)
  YESTERDAY        0.19                      0.15   0.04     0.04
  MONTH TO DATE    1.78                      2.34  -0.56     2.36
  SINCE MAR 1     10.02                      9.87   0.15    11.36
  SINCE JAN 1     15.18                     15.13   0.05    15.69

SNOWFALL (IN)
  YESTERDAY        0.0                       0.0    0.0      0.0
  MONTH TO DATE    0.0                       0.0    0.0      0.0
  SINCE MAR 1     10.7                      10.4    0.3     11.5
  SINCE JUL 1     63.2                      48.3   14.9     65.4
  SNOW DEPTH       0

DEGREE DAYS
 HEATING
  YESTERDAY        0                         7     -7       17
  MONTH TO DATE   61                       154    -93      140
  SINCE MAR 1   1438                      1514    -76     1609
  SINCE JUL 1   6510                      6139    371     6653

 COOLING
  YESTERDAY        7                         1      6        0
  MONTH TO DATE   62                        12     50       34
  SINCE MAR 1     62                        20     42       36
  SINCE JAN 1     62                        20     42       36
..................................................................


WIND (MPH)
  HIGHEST WIND SPEED    16   HIGHEST WIND DIRECTION     S (160)
  HIGHEST GUST SPEED    22   HIGHEST GUST DIRECTION     S (170)
  AVERAGE WIND SPEED     9.0


SKY COVER
  POSSIBLE SUNSHINE  MM
  AVERAGE SKY COVER 0.6


WEATHER CONDITIONS
 THE FOLLOWING WEATHER WAS RECORDED YESTERDAY.
  THUNDERSTORM
  LIGHT RAIN
  FOG


RELATIVE HUMIDITY (PERCENT)
 HIGHEST   100          1200 AM
 LOWEST     67           500 PM
 AVERAGE    84

..........................................................


THE MANSFIELD OH CLIMATE NORMALS FOR TODAY
                         NORMAL    RECORD    YEAR
 MAXIMUM TEMPERATURE (F)   70        92      1962
 MINIMUM TEMPERATURE (F)   49        30      1941


SUNRISE AND SUNSET
MAY 18 2015...........SUNRISE   610 AM EDT   SUNSET   843 PM EDT
MAY 19 2015...........SUNRISE   609 AM EDT   SUNSET   844 PM EDT


-  INDICATES NEGATIVE NUMBERS.
R  INDICATES RECORD WAS SET OR TIED.
MM INDICATES DATA IS MISSING.
T  INDICATES TRACE AMOUNT.




$$
