000
CDUS41 KCLE 210546
CLIMFD


CLIMATE REPORT
NATIONAL WEATHER SERVICE CLEVELAND OH
145 AM EDT SAT MAY 21 2016


...................................

...THE MANSFIELD OH CLIMATE SUMMARY FOR MAY 20 2016...

CLIMATE NORMAL PERIOD 1981 TO 2010
CLIMATE RECORD PERIOD 1916 TO 2016


WEATHER ITEM   OBSERVED TIME   RECORD YEAR NORMAL DEPARTURE LAST
                VALUE   (LST)  VALUE       VALUE  FROM      YEAR
                                                  NORMAL
..................................................................
TEMPERATURE (F)
 YESTERDAY
  MAXIMUM         71        MM  89    1962  71      0       55
  MINIMUM         45        MM  32    1945  49     -4       42
  AVERAGE         58                        60     -2       49

PRECIPITATION (IN)
  YESTERDAY        0.05                      0.16  -0.11      T
  MONTH TO DATE    2.93                      2.78   0.15     1.78
  SINCE MAR 1     10.60                     10.31   0.29    10.02
  SINCE JAN 1     15.50                     15.57  -0.07    15.18

SNOWFALL (IN)
  YESTERDAY       MM                         0.0   MM        0.0
  MONTH TO DATE    0.0                       0.0    0.0      0.0
  SINCE MAR 1      7.2                      10.4   -3.2     10.7
  SINCE JUL 1     27.6                      48.3  -20.7     63.2
  SNOW DEPTH       0

DEGREE DAYS
 HEATING
  YESTERDAY        7                         7      0       16
  MONTH TO DATE  218                       175     43       84
  SINCE MAR 1   1369                      1535   -166     1461
  SINCE JUL 1   5141                      6160  -1019     6533

 COOLING
  YESTERDAY        0                         1     -1        0
  MONTH TO DATE    3                        15    -12       70
  SINCE MAR 1      3                        23    -20       70
  SINCE JAN 1      3                        23    -20       70
..................................................................


WIND (MPH)
  HIGHEST WIND SPEED    13   HIGHEST WIND DIRECTION     E (110)
  HIGHEST GUST SPEED    MM   HIGHEST GUST DIRECTION    MM
  AVERAGE WIND SPEED     6.5


SKY COVER
  POSSIBLE SUNSHINE  MM
  AVERAGE SKY COVER 0.3


WEATHER CONDITIONS
 THE FOLLOWING WEATHER WAS RECORDED YESTERDAY.
  LIGHT RAIN
  FOG


RELATIVE HUMIDITY (PERCENT)
 HIGHEST    80           900 PM
 LOWEST     39          1200 PM
 AVERAGE    60

..........................................................


THE MANSFIELD OH CLIMATE NORMALS FOR TODAY
                         NORMAL    RECORD    YEAR
 MAXIMUM TEMPERATURE (F)   71        89      1941
                                             1934
 MINIMUM TEMPERATURE (F)   50        31      1958


SUNRISE AND SUNSET
MAY 21 2016...........SUNRISE   607 AM EDT   SUNSET   847 PM EDT
MAY 22 2016...........SUNRISE   606 AM EDT   SUNSET   848 PM EDT


-  INDICATES NEGATIVE NUMBERS.
R  INDICATES RECORD WAS SET OR TIED.
MM INDICATES DATA IS MISSING.
T  INDICATES TRACE AMOUNT.




$$
