000
CDUS41 KCLE 062212
CLIMFD


CLIMATE REPORT
NATIONAL WEATHER SERVICE CLEVELAND OH
511 PM EST FRI JAN 6 2017


...................................

...THE MANSFIELD OH CLIMATE SUMMARY FOR JANUARY 6 2017...
VALID TODAY AS OF 0500 PM LOCAL TIME.

CLIMATE NORMAL PERIOD 1981 TO 2010
CLIMATE RECORD PERIOD 1916 TO 2017


WEATHER ITEM   OBSERVED TIME   RECORD YEAR NORMAL DEPARTURE LAST
                VALUE   (LST)  VALUE       VALUE  FROM      YEAR
                                                  NORMAL
..................................................................
TEMPERATURE (F)
 TODAY
  MAXIMUM         12    212 PM  63    1946  33    -21       39
  MINIMUM          0    820 AM -13    2014  19    -19       17
  AVERAGE          6                        26    -20       28

PRECIPITATION (IN)
  TODAY            0.00                      0.10  -0.10     0.00
  MONTH TO DATE    0.97                      0.62   0.35     0.01
  SINCE DEC 1      4.11                      3.91   0.20     4.17
  SINCE JAN 1      0.97                      0.62   0.35     0.01

SNOWFALL (IN)
  TODAY            0.0                       0.4   -0.4      0.0
  MONTH TO DATE    2.0                       2.6   -0.6      0.1
  SINCE DEC 1     13.0                      13.1   -0.1      0.3
  SINCE JUL 1     13.2                      15.8   -2.6      0.3
  SNOW DEPTH       2

DEGREE DAYS
 HEATING
  TODAY           59                        39     20       37
  MONTH TO DATE  222                       234    -12      236
  SINCE DEC 1   1330                      1330      0      916
  SINCE JUL 1   2207                      2611   -404     1856

 COOLING
  TODAY            0                         0      0        0
  MONTH TO DATE    0                         0      0        0
  SINCE DEC 1      0                         0      0        0
  SINCE JAN 1      0                         0      0        0
..................................................................


WIND (MPH)
  HIGHEST WIND SPEED    13   HIGHEST WIND DIRECTION    SW (220)
  HIGHEST GUST SPEED    20   HIGHEST GUST DIRECTION     W (260)


SKY COVER
  POSSIBLE SUNSHINE  MM
  AVERAGE SKY COVER 0.1


WEATHER CONDITIONS
 THE FOLLOWING WEATHER WAS RECORDED TODAY.
  FOG
  HAZE


RELATIVE HUMIDITY (PERCENT)
 HIGHEST    95           300 AM
 LOWEST     63           200 PM
 AVERAGE    79

..........................................................


THE MANSFIELD OH CLIMATE NORMALS FOR TOMORROW
                         NORMAL    RECORD    YEAR
 MAXIMUM TEMPERATURE (F)   33        64      2008
 MINIMUM TEMPERATURE (F)   19       -12      2014


SUNRISE AND SUNSET
JANUARY  6 2017.......SUNRISE   754 AM EST   SUNSET   518 PM EST
JANUARY  7 2017.......SUNRISE   754 AM EST   SUNSET   519 PM EST


-  INDICATES NEGATIVE NUMBERS.
R  INDICATES RECORD WAS SET OR TIED.
MM INDICATES DATA IS MISSING.
T  INDICATES TRACE AMOUNT.




$$
