000
CDUS41 KCLE 250541
CLIMFD


CLIMATE REPORT
NATIONAL WEATHER SERVICE CLEVELAND OH
128 AM EDT SAT JUL 25 2015


...................................

...THE MANSFIELD OH CLIMATE SUMMARY FOR JULY 24 2015...

CLIMATE NORMAL PERIOD 1981 TO 2010
CLIMATE RECORD PERIOD 1916 TO 2015


WEATHER ITEM   OBSERVED TIME   RECORD YEAR NORMAL DEPARTURE LAST
                VALUE   (LST)  VALUE       VALUE  FROM      YEAR
                                                  NORMAL
..................................................................
TEMPERATURE (F)
 YESTERDAY
  MAXIMUM         84    424 PM 102    1934  82      2       72
  MINIMUM         58    351 AM  46    1947  61     -3       53
  AVERAGE         71                        72     -1       63

PRECIPITATION (IN)
  YESTERDAY        0.00                      0.14  -0.14     0.00
  MONTH TO DATE    1.49                      3.44  -1.95     2.66
  SINCE JUN 1      8.93                      8.19   0.74     9.14
  SINCE JAN 1     26.72                     25.52   1.20    25.47

SNOWFALL (IN)
  YESTERDAY        0.0                       0.0    0.0      0.0
  MONTH TO DATE    0.0                       0.0    0.0      0.0
  SINCE JUN 1      0.0                       0.0    0.0      0.0
  SINCE JUL 1      0.0                       0.0    0.0      0.0
  SNOW DEPTH       0

DEGREE DAYS
 HEATING
  YESTERDAY        0                         0      0        2
  MONTH TO DATE    3                         0      3       11
  SINCE JUN 1     36                        53    -17       35
  SINCE JUL 1      3                         0      3       11

 COOLING
  YESTERDAY        6                         7     -1        0
  MONTH TO DATE  114                       168    -54      119
  SINCE JUN 1    270                       302    -32      288
  SINCE JAN 1    388                       348     40      351
..................................................................


WIND (MPH)
  HIGHEST WIND SPEED    14   HIGHEST WIND DIRECTION    NW (320)
  HIGHEST GUST SPEED    16   HIGHEST GUST DIRECTION     W (260)
  AVERAGE WIND SPEED     4.8


SKY COVER
  POSSIBLE SUNSHINE  MM
  AVERAGE SKY COVER 0.0


WEATHER CONDITIONS
 THE FOLLOWING WEATHER WAS RECORDED YESTERDAY.
  NO SIGNIFICANT WEATHER WAS OBSERVED.


RELATIVE HUMIDITY (PERCENT)
 HIGHEST    87           100 AM
 LOWEST     43           300 PM
 AVERAGE    65

..........................................................


THE MANSFIELD OH CLIMATE NORMALS FOR TODAY
                         NORMAL    RECORD    YEAR
 MAXIMUM TEMPERATURE (F)   81       104      1934
 MINIMUM TEMPERATURE (F)   61        45      1957


SUNRISE AND SUNSET
JULY 25 2015..........SUNRISE   620 AM EDT   SUNSET   853 PM EDT
JULY 26 2015..........SUNRISE   621 AM EDT   SUNSET   852 PM EDT


-  INDICATES NEGATIVE NUMBERS.
R  INDICATES RECORD WAS SET OR TIED.
MM INDICATES DATA IS MISSING.
T  INDICATES TRACE AMOUNT.




$$
