000
CDUS41 KCLE 080533
CLIMFD


CLIMATE REPORT
NATIONAL WEATHER SERVICE CLEVELAND OH
1233 AM EST SUN JAN 8 2017


...................................

...THE MANSFIELD OH CLIMATE SUMMARY FOR JANUARY 7 2017...

CLIMATE NORMAL PERIOD 1981 TO 2010
CLIMATE RECORD PERIOD 1916 TO 2017


WEATHER ITEM   OBSERVED TIME   RECORD YEAR NORMAL DEPARTURE LAST
                VALUE   (LST)  VALUE       VALUE  FROM      YEAR
                                                  NORMAL
..................................................................
TEMPERATURE (F)
 YESTERDAY
  MAXIMUM         13    234 PM  64    2008  33    -20       47
  MINIMUM          0    818 AM -12    2014  19    -19       20
  AVERAGE          7                        26    -19       34

PRECIPITATION (IN)
  YESTERDAY        T                         0.10  -0.10     0.00
  MONTH TO DATE    0.97                      0.72   0.25     0.01
  SINCE DEC 1      4.11                      4.01   0.10     4.17
  SINCE JAN 1      0.97                      0.72   0.25     0.01

SNOWFALL (IN)
  YESTERDAY        T                         0.4   -0.4      0.0
  MONTH TO DATE    2.0                       3.0   -1.0      0.1
  SINCE DEC 1     13.0                      13.5   -0.5      0.3
  SINCE JUL 1     13.2                      16.2   -3.0      0.3
  SNOW DEPTH       2

DEGREE DAYS
 HEATING
  YESTERDAY       58                        39     19       31
  MONTH TO DATE  280                       273      7      267
  SINCE DEC 1   1388                      1369     19      947
  SINCE JUL 1   2265                      2650   -385     1887

 COOLING
  YESTERDAY        0                         0      0        0
  MONTH TO DATE    0                         0      0        0
  SINCE DEC 1      0                         0      0        0
  SINCE JAN 1      0                         0      0        0
..................................................................


WIND (MPH)
  HIGHEST WIND SPEED    16   HIGHEST WIND DIRECTION     W (250)
  HIGHEST GUST SPEED    22   HIGHEST GUST DIRECTION     W (250)
  AVERAGE WIND SPEED     8.8


SKY COVER
  POSSIBLE SUNSHINE  MM
  AVERAGE SKY COVER 0.3


WEATHER CONDITIONS
 THE FOLLOWING WEATHER WAS RECORDED YESTERDAY.
  LIGHT SNOW
  FOG
  HAZE


RELATIVE HUMIDITY (PERCENT)
 HIGHEST    95          1200 AM
 LOWEST     58           100 PM
 AVERAGE    77

..........................................................


THE MANSFIELD OH CLIMATE NORMALS FOR TODAY
                         NORMAL    RECORD    YEAR
 MAXIMUM TEMPERATURE (F)   33        63      1937
 MINIMUM TEMPERATURE (F)   18       -10      1968


SUNRISE AND SUNSET
JANUARY  8 2017.......SUNRISE   754 AM EST   SUNSET   520 PM EST
JANUARY  9 2017.......SUNRISE   754 AM EST   SUNSET   521 PM EST


-  INDICATES NEGATIVE NUMBERS.
R  INDICATES RECORD WAS SET OR TIED.
MM INDICATES DATA IS MISSING.
T  INDICATES TRACE AMOUNT.




$$
