000
CDUS41 KCLE 170605
CLIMFD


CLIMATE REPORT
NATIONAL WEATHER SERVICE CLEVELAND OH
204 AM EDT THU JUL 17 2014


...................................

...THE MANSFIELD OH CLIMATE SUMMARY FOR JULY 16 2014...
VALID TODAY AS OF 0200 AM LOCAL TIME.

CLIMATE NORMAL PERIOD 1981 TO 2010
CLIMATE RECORD PERIOD 1916 TO 2014


WEATHER ITEM   OBSERVED TIME   RECORD YEAR NORMAL DEPARTURE LAST
                VALUE   (LST)  VALUE       VALUE  FROM      YEAR
                                                  NORMAL
..................................................................
TEMPERATURE (F)
 TODAY
  MAXIMUM         69    250 PM  98    1988  82    -13       91
                                      1931
  MINIMUM         52    553 AM  42    1957  62    -10       71
                                      1939
  AVERAGE         61                        72    -11       81

PRECIPITATION (IN)
  TODAY            0.00                      0.14  -0.14     0.00
  MONTH TO DATE    1.29                      2.34  -1.05     4.37
  SINCE JUN 1      7.77                      7.09   0.68    11.36
  SINCE JAN 1     24.10                     24.42  -0.32    25.23

SNOWFALL (IN)
  TODAY            0.0                       0.0    0.0      0.0
  MONTH TO DATE    0.0                       0.0    0.0      0.0
  SINCE JUN 1      0.0                       0.0    0.0      0.0
  SINCE JUL 1      0.0                       0.0    0.0      0.0
  SNOW DEPTH       0

DEGREE DAYS
 HEATING
  TODAY            4                         0      4        0
  MONTH TO DATE    8                         0      8        0
  SINCE JUN 1     32                        53    -21       39
  SINCE JUL 1      8                         0      8        0

 COOLING
  TODAY            0                         7     -7       16
  MONTH TO DATE   87                       112    -25      147
  SINCE JUN 1    256                       246     10      295
  SINCE JAN 1    319                       292     27      390
..................................................................


WIND (MPH)
  HIGHEST WIND SPEED    14   HIGHEST WIND DIRECTION     W (250)
  HIGHEST GUST SPEED    20   HIGHEST GUST DIRECTION    SW (240)


SKY COVER
  POSSIBLE SUNSHINE  MM
  AVERAGE SKY COVER 0.4


WEATHER CONDITIONS
 THE FOLLOWING WEATHER WAS RECORDED TODAY.
  NO SIGNIFICANT WEATHER WAS OBSERVED.


RELATIVE HUMIDITY (PERCENT)
 HIGHEST   100           500 AM
 LOWEST     52           500 PM
 AVERAGE    76

..........................................................


THE MANSFIELD OH CLIMATE NORMALS FOR TOMORROW
                         NORMAL    RECORD    YEAR
 MAXIMUM TEMPERATURE (F)   82       101      1931
 MINIMUM TEMPERATURE (F)   62        43      1945


SUNRISE AND SUNSET
JULY 16 2014..........SUNRISE   612 AM EDT   SUNSET   900 PM EDT
JULY 17 2014..........SUNRISE   613 AM EDT   SUNSET   859 PM EDT


-  INDICATES NEGATIVE NUMBERS.
R  INDICATES RECORD WAS SET OR TIED.
MM INDICATES DATA IS MISSING.
T  INDICATES TRACE AMOUNT.




$$
