000
CDUS41 KCLE 162219
CLIMFD


CLIMATE REPORT
NATIONAL WEATHER SERVICE CLEVELAND OH
519 PM EST FRI FEB 16 2018


...................................

...THE MANSFIELD OH CLIMATE SUMMARY FOR FEBRUARY 16 2018...
VALID TODAY AS OF 0500 PM LOCAL TIME.

CLIMATE NORMAL PERIOD 1981 TO 2010
CLIMATE RECORD PERIOD 1916 TO 2018


WEATHER ITEM   OBSERVED TIME   RECORD YEAR NORMAL DEPARTURE LAST
                VALUE   (LST)  VALUE       VALUE  FROM      YEAR
                                                  NORMAL
..................................................................
TEMPERATURE (F)
 TODAY
  MAXIMUM         48   1220 AM  64    1927  36     12       32
  MINIMUM         31    459 PM  -9    2015  21     10       22
                                      1939
  AVERAGE         40                        28     12       27

PRECIPITATION (IN)
  TODAY            0.24                      0.08   0.16      T
  MONTH TO DATE    1.67                      1.35   0.32     1.24
  SINCE DEC 1      6.03                      7.51  -1.48    10.29
  SINCE JAN 1      4.18                      4.22  -0.04     7.15

SNOWFALL (IN)
  TODAY            0.0                       0.4   -0.4       T
  MONTH TO DATE    7.6                       6.4    1.2      3.8
  SINCE DEC 1     29.4                      30.2   -0.8     21.4
  SINCE JUL 1     29.5                      32.9   -3.4     21.6
  SNOW DEPTH       0

DEGREE DAYS
 HEATING
  TODAY           25                        37    -12       38
  MONTH TO DATE  600                       607     -7      509
  SINCE DEC 1   3001                      2926     75     2611
  SINCE JUL 1   4083                      4207   -124     3488

 COOLING
  TODAY            0                         0      0        0
  MONTH TO DATE    0                         0      0        0
  SINCE DEC 1      0                         0      0        0
  SINCE JAN 1      0                         0      0        0
..................................................................


WIND (MPH)
  HIGHEST WIND SPEED    22   HIGHEST WIND DIRECTION    NW (330)
  HIGHEST GUST SPEED    26   HIGHEST GUST DIRECTION    NW (320)


SKY COVER
  POSSIBLE SUNSHINE  MM
  AVERAGE SKY COVER 0.9


WEATHER CONDITIONS
 THE FOLLOWING WEATHER WAS RECORDED TODAY.
  LIGHT RAIN
  FOG
  FOG W/VISIBILITY <= 1/4 MILE


RELATIVE HUMIDITY (PERCENT)
 HIGHEST   100           100 AM
 LOWEST     72           500 PM
 AVERAGE    86

..........................................................


THE MANSFIELD OH CLIMATE NORMALS FOR TOMORROW
                         NORMAL    RECORD    YEAR
 MAXIMUM TEMPERATURE (F)   37        58      2017
 MINIMUM TEMPERATURE (F)   21       -11      1979


SUNRISE AND SUNSET
FEBRUARY 16 2018......SUNRISE   723 AM EST   SUNSET   606 PM EST
FEBRUARY 17 2018......SUNRISE   721 AM EST   SUNSET   607 PM EST


-  INDICATES NEGATIVE NUMBERS.
R  INDICATES RECORD WAS SET OR TIED.
MM INDICATES DATA IS MISSING.
T  INDICATES TRACE AMOUNT.




$$
