000
CDUS41 KCLE 122211
CLIMFD


CLIMATE REPORT
NATIONAL WEATHER SERVICE CLEVELAND OH
510 PM EST FRI DEC 12 2014


...................................

...THE MANSFIELD OH CLIMATE SUMMARY FOR DECEMBER 12 2014...
VALID TODAY AS OF 0500 PM LOCAL TIME.

CLIMATE NORMAL PERIOD 1981 TO 2010
CLIMATE RECORD PERIOD 1916 TO 2014


WEATHER ITEM   OBSERVED TIME   RECORD YEAR NORMAL DEPARTURE LAST
                VALUE   (LST)  VALUE       VALUE  FROM      YEAR
                                                  NORMAL
..................................................................
TEMPERATURE (F)
 TODAY
  MAXIMUM         34    457 PM  60    1949  37     -3       17
  MINIMUM         24    855 AM  -8    1962  24      0        5
                                      1917
  AVERAGE         29                        30     -1       11

PRECIPITATION (IN)
  TODAY            0.00                      0.10  -0.10     0.00
  MONTH TO DATE    1.00                      1.32  -0.32     0.52
  SINCE DEC 1      1.00                      1.32  -0.32     0.52
  SINCE JAN 1     35.66                     42.22  -6.56    39.36

SNOWFALL (IN)
  TODAY            0.0                       0.4   -0.4      0.0
  MONTH TO DATE    0.2                       3.3   -3.1      6.5
  SINCE DEC 1      0.2                       3.3   -3.1      6.5
  SINCE JUL 1      6.1                       6.0    0.1      8.1
  SNOW DEPTH       0

DEGREE DAYS
 HEATING
  TODAY           36                        35      1       54
  MONTH TO DATE  386                       391     -5      417
  SINCE DEC 1    386                       391     -5      417
  SINCE JUL 1   1774                      1672    102     1749

 COOLING
  TODAY            0                         0      0        0
  MONTH TO DATE    0                         0      0        0
  SINCE DEC 1      0                         0      0        0
  SINCE JAN 1    623                       632     -9      741
..................................................................


WIND (MPH)
  HIGHEST WIND SPEED    16   HIGHEST WIND DIRECTION     W (260)
  HIGHEST GUST SPEED    23   HIGHEST GUST DIRECTION     W (260)


SKY COVER
  POSSIBLE SUNSHINE  MM
  AVERAGE SKY COVER 0.6


WEATHER CONDITIONS
 THE FOLLOWING WEATHER WAS RECORDED TODAY.
  FOG
  HAZE


RELATIVE HUMIDITY (PERCENT)
 HIGHEST   100           600 AM
 LOWEST     75           400 PM
 AVERAGE    88

..........................................................


THE MANSFIELD OH CLIMATE NORMALS FOR TOMORROW
                         NORMAL    RECORD    YEAR
 MAXIMUM TEMPERATURE (F)   37        62      1927
 MINIMUM TEMPERATURE (F)   23       -15      1958


SUNRISE AND SUNSET
DECEMBER 12 2014......SUNRISE   745 AM EST   SUNSET   503 PM EST
DECEMBER 13 2014......SUNRISE   746 AM EST   SUNSET   503 PM EST


-  INDICATES NEGATIVE NUMBERS.
R  INDICATES RECORD WAS SET OR TIED.
MM INDICATES DATA IS MISSING.
T  INDICATES TRACE AMOUNT.




$$
