000
CDUS41 KCLE 262214
CLIMFD


CLIMATE REPORT
NATIONAL WEATHER SERVICE CLEVELAND OH
514 PM EST SUN NOV 26 2017


...................................

...THE MANSFIELD OH CLIMATE SUMMARY FOR NOVEMBER 26 2017...
VALID TODAY AS OF 0500 PM LOCAL TIME.

CLIMATE NORMAL PERIOD 1981 TO 2010
CLIMATE RECORD PERIOD 1916 TO 2017


WEATHER ITEM   OBSERVED TIME   RECORD YEAR NORMAL DEPARTURE LAST
                VALUE   (LST)  VALUE       VALUE  FROM      YEAR
                                                  NORMAL
..................................................................
TEMPERATURE (F)
 TODAY
  MAXIMUM         42    416 PM  65    2006  44     -2       41
  MINIMUM         27    746 AM   7    1950  29     -2       34
  AVERAGE         35                        37     -2       38

PRECIPITATION (IN)
  TODAY            0.00                      0.12  -0.12     0.00
  MONTH TO DATE    6.15                      3.32   2.83     0.68
  SINCE SEP 1     10.68                      9.58   1.10     7.86
  SINCE JAN 1     47.26                     40.41   6.85    31.49

SNOWFALL (IN)
  TODAY            0.0                       0.2   -0.2      0.0
  MONTH TO DATE    0.1                       1.7   -1.6      0.2
  SINCE SEP 1      0.1                       2.2   -2.1      0.2
  SINCE JUL 1      0.1                       2.2   -2.1      0.2
  SNOW DEPTH       0

DEGREE DAYS
 HEATING
  TODAY           30                        28      2       27
  MONTH TO DATE  633                       596     37      495
  SINCE SEP 1    996                      1139   -143      803
  SINCE JUL 1   1010                      1164   -154      804

 COOLING
  TODAY            0                         0      0        0
  MONTH TO DATE    0                         0      0        6
  SINCE SEP 1    131                        70     61      180
  SINCE JAN 1    748                       632    116     1084
..................................................................


WIND (MPH)
  HIGHEST WIND SPEED    17   HIGHEST WIND DIRECTION    SW (220)
  HIGHEST GUST SPEED    23   HIGHEST GUST DIRECTION    SW (220)


SKY COVER
  POSSIBLE SUNSHINE  MM
  AVERAGE SKY COVER 0.1


WEATHER CONDITIONS
 THE FOLLOWING WEATHER WAS RECORDED TODAY.
  NO SIGNIFICANT WEATHER WAS OBSERVED.


RELATIVE HUMIDITY (PERCENT)
 HIGHEST    85           400 AM
 LOWEST     53           300 PM
 AVERAGE    69

..........................................................


THE MANSFIELD OH CLIMATE NORMALS FOR TOMORROW
                         NORMAL    RECORD    YEAR
 MAXIMUM TEMPERATURE (F)   44        70      1990
 MINIMUM TEMPERATURE (F)   29        -1      1930


SUNRISE AND SUNSET
NOVEMBER 26 2017......SUNRISE   730 AM EST   SUNSET   505 PM EST
NOVEMBER 27 2017......SUNRISE   731 AM EST   SUNSET   504 PM EST


-  INDICATES NEGATIVE NUMBERS.
R  INDICATES RECORD WAS SET OR TIED.
MM INDICATES DATA IS MISSING.
T  INDICATES TRACE AMOUNT.




$$
