000
CDUS41 KCLE 242222
CLIMFD


CLIMATE REPORT
NATIONAL WEATHER SERVICE CLEVELAND OH
522 PM EST THU NOV 24 2016


...................................

...THE MANSFIELD OH CLIMATE SUMMARY FOR NOVEMBER 24 2016...
VALID TODAY AS OF 0500 PM LOCAL TIME.

CLIMATE NORMAL PERIOD 1981 TO 2010
CLIMATE RECORD PERIOD 1916 TO 2016


WEATHER ITEM   OBSERVED TIME   RECORD YEAR NORMAL DEPARTURE LAST
                VALUE   (LST)  VALUE       VALUE  FROM      YEAR
                                                  NORMAL
..................................................................
TEMPERATURE (F)
 TODAY
  MAXIMUM         47    845 AM  65    1931  45      2       47
  MINIMUM         39   1239 AM   3    1956  30      9       32
  AVERAGE         43                        38      5       40

PRECIPITATION (IN)
  TODAY            0.10                      0.13  -0.03     0.00
  MONTH TO DATE    0.68                      3.07  -2.39     1.47
  SINCE SEP 1      7.86                      9.33  -1.47     6.61
  SINCE JAN 1     31.49                     40.16  -8.67    34.60

SNOWFALL (IN)
  TODAY            0.0                       0.1   -0.1      0.0
  MONTH TO DATE    0.2                       1.4   -1.2      0.0
  SINCE SEP 1      0.2                       1.9   -1.7      0.0
  SINCE JUL 1      0.2                       1.9   -1.7      0.0
  SNOW DEPTH       0

DEGREE DAYS
 HEATING
  TODAY           22                        27     -5       25
  MONTH TO DATE  440                       540   -100      405
  SINCE SEP 1    748                      1083   -335      795
  SINCE JUL 1    749                      1108   -359      812

 COOLING
  TODAY            0                         0      0        0
  MONTH TO DATE    6                         0      6        4
  SINCE SEP 1    180                        70    110      147
  SINCE JAN 1   1084                       632    452      778
..................................................................


WIND (MPH)
  HIGHEST WIND SPEED    14   HIGHEST WIND DIRECTION     W (260)
  HIGHEST GUST SPEED    19   HIGHEST GUST DIRECTION     W (260)


SKY COVER
  POSSIBLE SUNSHINE  MM
  AVERAGE SKY COVER 0.9


WEATHER CONDITIONS
 THE FOLLOWING WEATHER WAS RECORDED TODAY.
  LIGHT RAIN
  FOG


RELATIVE HUMIDITY (PERCENT)
 HIGHEST   100           400 AM
 LOWEST     86           100 PM
 AVERAGE    93

..........................................................


THE MANSFIELD OH CLIMATE NORMALS FOR TOMORROW
                         NORMAL    RECORD    YEAR
 MAXIMUM TEMPERATURE (F)   45        65      2006
 MINIMUM TEMPERATURE (F)   30         5      1950


SUNRISE AND SUNSET
NOVEMBER 24 2016......SUNRISE   728 AM EST   SUNSET   506 PM EST
NOVEMBER 25 2016......SUNRISE   729 AM EST   SUNSET   505 PM EST


-  INDICATES NEGATIVE NUMBERS.
R  INDICATES RECORD WAS SET OR TIED.
MM INDICATES DATA IS MISSING.
T  INDICATES TRACE AMOUNT.




$$
