000
CDUS41 KCLE 030526
CLIMFD


CLIMATE REPORT
NATIONAL WEATHER SERVICE CLEVELAND OH
1226 AM EST FRI FEB 3 2017


...................................

...THE MANSFIELD OH CLIMATE SUMMARY FOR FEBRUARY 2 2017...

CLIMATE NORMAL PERIOD 1981 TO 2010
CLIMATE RECORD PERIOD 1916 TO 2017


WEATHER ITEM   OBSERVED TIME   RECORD YEAR NORMAL DEPARTURE LAST
                VALUE   (LST)  VALUE       VALUE  FROM      YEAR
                                                  NORMAL
..................................................................
TEMPERATURE (F)
 YESTERDAY
  MAXIMUM         32   1257 AM  54    1973  34     -2       52
                                      1968
                                      1967
  MINIMUM         20   1159 PM -11    1951  19      1       24
  AVERAGE         26                        26      0       38

PRECIPITATION (IN)
  YESTERDAY        T                         0.09  -0.09     0.40
  MONTH TO DATE    T                         0.17  -0.17     0.42
  SINCE DEC 1      9.05                      6.33   2.72     6.12
  SINCE JAN 1      5.91                      3.04   2.87     1.96

SNOWFALL (IN)
  YESTERDAY        T                         0.4   -0.4      0.0
  MONTH TO DATE    T                         0.8   -0.8      0.0
  SINCE DEC 1     17.6                      24.6   -7.0      8.9
  SINCE JUL 1     17.8                      27.3   -9.5      8.9
  SNOW DEPTH       T

DEGREE DAYS
 HEATING
  YESTERDAY       39                        39      0       27
  MONTH TO DATE   70                        78     -8       52
  SINCE DEC 1   2172                      2397   -225     1924
  SINCE JUL 1   3049                      3678   -629     2864

 COOLING
  YESTERDAY        0                         0      0        0
  MONTH TO DATE    0                         0      0        0
  SINCE DEC 1      0                         0      0        0
  SINCE JAN 1      0                         0      0        0
..................................................................


WIND (MPH)
  HIGHEST WIND SPEED    18   HIGHEST WIND DIRECTION    NW (310)
  HIGHEST GUST SPEED    26   HIGHEST GUST DIRECTION    NW (300)
  AVERAGE WIND SPEED     9.9


SKY COVER
  POSSIBLE SUNSHINE  MM
  AVERAGE SKY COVER 0.5


WEATHER CONDITIONS
 THE FOLLOWING WEATHER WAS RECORDED YESTERDAY.
  LIGHT SNOW


RELATIVE HUMIDITY (PERCENT)
 HIGHEST    78           200 AM
 LOWEST     50          1200 PM
 AVERAGE    64

..........................................................


THE MANSFIELD OH CLIMATE NORMALS FOR TODAY
                         NORMAL    RECORD    YEAR
 MAXIMUM TEMPERATURE (F)   34        59      2016
 MINIMUM TEMPERATURE (F)   19       -10      1945


SUNRISE AND SUNSET
FEBRUARY  3 2017......SUNRISE   738 AM EST   SUNSET   550 PM EST
FEBRUARY  4 2017......SUNRISE   737 AM EST   SUNSET   552 PM EST


-  INDICATES NEGATIVE NUMBERS.
R  INDICATES RECORD WAS SET OR TIED.
MM INDICATES DATA IS MISSING.
T  INDICATES TRACE AMOUNT.




$$
