000
CDUS41 KCLE 052114
CLIMFD


CLIMATE REPORT
NATIONAL WEATHER SERVICE CLEVELAND OH
514 PM EDT WED JUL 5 2017


...................................

...THE MANSFIELD OH CLIMATE SUMMARY FOR JULY 5 2017...
VALID TODAY AS OF 0500 PM LOCAL TIME.

CLIMATE NORMAL PERIOD 1981 TO 2010
CLIMATE RECORD PERIOD 1916 TO 2017


WEATHER ITEM   OBSERVED TIME   RECORD YEAR NORMAL DEPARTURE LAST
                VALUE   (LST)  VALUE       VALUE  FROM      YEAR
                                                  NORMAL
..................................................................
TEMPERATURE (F)
 TODAY
  MAXIMUM         85    355 PM  95    1988  82      3       86
  MINIMUM         59    420 AM  45    1979  61     -2       69
                                      1940
  AVERAGE         72                        72      0       78

PRECIPITATION (IN)
  TODAY            0.00                      0.14  -0.14     0.00
  MONTH TO DATE    0.09                      0.73  -0.64     0.10
  SINCE JUN 1      7.68                      5.48   2.20     2.19
  SINCE JAN 1     28.83                     22.81   6.02    18.59

SNOWFALL (IN)
  TODAY            0.0                       0.0    0.0      0.0
  MONTH TO DATE    0.0                       0.0    0.0      0.0
  SINCE JUN 1      0.0                       0.0    0.0      0.0
  SINCE JUL 1      0.0                       0.0    0.0      0.0
  SNOW DEPTH       0

DEGREE DAYS
 HEATING
  TODAY            0                         0      0        0
  MONTH TO DATE    0                         0      0        1
  SINCE JUN 1     33                        53    -20       14
  SINCE JUL 1      0                         0      0        1

 COOLING
  TODAY            7                         7      0       13
  MONTH TO DATE   39                        35      4       16
  SINCE JUN 1    211                       169     42      198
  SINCE JAN 1    268                       215     53      260
..................................................................


WIND (MPH)
  HIGHEST WIND SPEED     8   HIGHEST WIND DIRECTION    NE (30)
  HIGHEST GUST SPEED    14   HIGHEST GUST DIRECTION     N (360)


SKY COVER
  POSSIBLE SUNSHINE  MM
  AVERAGE SKY COVER 0.0


WEATHER CONDITIONS
 THE FOLLOWING WEATHER WAS RECORDED TODAY.
  NO SIGNIFICANT WEATHER WAS OBSERVED.


RELATIVE HUMIDITY (PERCENT)
 HIGHEST    90           200 AM
 LOWEST     44           200 PM
 AVERAGE    67

..........................................................


THE MANSFIELD OH CLIMATE NORMALS FOR TOMORROW
                         NORMAL    RECORD    YEAR
 MAXIMUM TEMPERATURE (F)   82        96      2012
                                             1988
 MINIMUM TEMPERATURE (F)   61        45      1979


SUNRISE AND SUNSET
JULY  5 2017..........SUNRISE   605 AM EDT   SUNSET   905 PM EDT
JULY  6 2017..........SUNRISE   605 AM EDT   SUNSET   904 PM EDT


-  INDICATES NEGATIVE NUMBERS.
R  INDICATES RECORD WAS SET OR TIED.
MM INDICATES DATA IS MISSING.
T  INDICATES TRACE AMOUNT.




$$
