000
CDUS41 KCLE 030528
CLIMFD


CLIMATE REPORT
NATIONAL WEATHER SERVICE CLEVELAND OH
127 AM EDT THU JUL 3 2014


...................................

...THE MANSFIELD OH CLIMATE SUMMARY FOR JULY 2 2014...

CLIMATE NORMAL PERIOD 1981 TO 2010
CLIMATE RECORD PERIOD 1916 TO 2014


WEATHER ITEM   OBSERVED TIME   RECORD YEAR NORMAL DEPARTURE LAST
                VALUE   (LST)  VALUE       VALUE  FROM      YEAR
                                                  NORMAL
..................................................................
TEMPERATURE (F)
 YESTERDAY
  MAXIMUM         83    116 PM  97    1931  82      1       81
  MINIMUM         65   1157 PM  44    1957  61      4       64
  AVERAGE         74                        71      3       73

PRECIPITATION (IN)
  YESTERDAY        0.82                      0.14   0.68     0.13
  MONTH TO DATE    0.94                      0.29   0.65     0.25
  SINCE JUN 1      7.42                      5.04   2.38     7.24
  SINCE JAN 1     23.75                     22.37   1.38    21.11

SNOWFALL (IN)
  YESTERDAY        0.0                       0.0    0.0      0.0
  MONTH TO DATE    0.0                       0.0    0.0      0.0
  SINCE JUN 1      0.0                       0.0    0.0      0.0
  SINCE JUL 1      0.0                       0.0    0.0      0.0
  SNOW DEPTH       0

DEGREE DAYS
 HEATING
  YESTERDAY        0                         0      0        0
  MONTH TO DATE    0                         0      0        0
  SINCE JUN 1     24                        53    -29       39
  SINCE JUL 1      0                         0      0        0

 COOLING
  YESTERDAY        9                         7      2        8
  MONTH TO DATE   23                        14      9       13
  SINCE JUN 1    192                       148     44      161
  SINCE JAN 1    255                       194     61      256
..................................................................


WIND (MPH)
  HIGHEST WIND SPEED    22   HIGHEST WIND DIRECTION    SW (230)
  HIGHEST GUST SPEED    26   HIGHEST GUST DIRECTION    SW (230)
  AVERAGE WIND SPEED     6.4


SKY COVER
  POSSIBLE SUNSHINE  MM
  AVERAGE SKY COVER 0.5


WEATHER CONDITIONS
 THE FOLLOWING WEATHER WAS RECORDED YESTERDAY.
  THUNDERSTORM
  HEAVY RAIN
  LIGHT RAIN
  FOG
  HAZE


RELATIVE HUMIDITY (PERCENT)
 HIGHEST   100           300 AM
 LOWEST     54           100 PM
 AVERAGE    77

..........................................................


THE MANSFIELD OH CLIMATE NORMALS FOR TODAY
                         NORMAL    RECORD    YEAR
 MAXIMUM TEMPERATURE (F)   82        93      1966
                                             1949
                                             1934
 MINIMUM TEMPERATURE (F)   61        44      1945
                                             1940


SUNRISE AND SUNSET
JULY  3 2014..........SUNRISE   603 AM EDT   SUNSET   905 PM EDT
JULY  4 2014..........SUNRISE   604 AM EDT   SUNSET   905 PM EDT


-  INDICATES NEGATIVE NUMBERS.
R  INDICATES RECORD WAS SET OR TIED.
MM INDICATES DATA IS MISSING.
T  INDICATES TRACE AMOUNT.




$$
