000
CDUS41 KCLE 210537
CLIMFD


CLIMATE REPORT
NATIONAL WEATHER SERVICE CLEVELAND OH
125 AM EDT FRI APR 21 2017


...................................

...THE MANSFIELD OH CLIMATE SUMMARY FOR APRIL 20 2017...

CLIMATE NORMAL PERIOD 1981 TO 2010
CLIMATE RECORD PERIOD 1916 TO 2017


WEATHER ITEM   OBSERVED TIME   RECORD YEAR NORMAL DEPARTURE LAST
                VALUE   (LST)  VALUE       VALUE  FROM      YEAR
                                                  NORMAL
..................................................................
TEMPERATURE (F)
 YESTERDAY
  MAXIMUM         81    217 PM  82    1987  61     20       73
                                      1985
  MINIMUM         55    412 AM  24    1926  40     15       45
  AVERAGE         68                        50     18       59

PRECIPITATION (IN)
  YESTERDAY        0.06                      0.14  -0.08     0.00
  MONTH TO DATE    2.53                      2.80  -0.27     1.92
  SINCE MAR 1      6.29                      6.19   0.10     6.07
  SINCE JAN 1     14.15                     11.45   2.70    10.97

SNOWFALL (IN)
  YESTERDAY        0.0                       0.1   -0.1      0.0
  MONTH TO DATE    4.3                       2.3    2.0      4.2
  SINCE MAR 1     15.0                      10.1    4.9      7.2
  SINCE JUL 1     36.6                      48.0  -11.4     27.6
  SNOW DEPTH       0

DEGREE DAYS
 HEATING
  YESTERDAY        0                        15    -15        6
  MONTH TO DATE  205                       365   -160      403
  SINCE MAR 1   1027                      1230   -203     1022
  SINCE JUL 1   4697                      5855  -1158     4794

 COOLING
  YESTERDAY        3                         0      3        0
  MONTH TO DATE   14                         0     14        0
  SINCE MAR 1     14                         1     13        0
  SINCE JAN 1     14                         1     13        0
..................................................................


WIND (MPH)
  HIGHEST WIND SPEED    31   HIGHEST WIND DIRECTION    SW (220)
  HIGHEST GUST SPEED    41   HIGHEST GUST DIRECTION     S (200)
  AVERAGE WIND SPEED    13.0


SKY COVER
  POSSIBLE SUNSHINE  MM
  AVERAGE SKY COVER 0.5


WEATHER CONDITIONS
 THE FOLLOWING WEATHER WAS RECORDED YESTERDAY.
  THUNDERSTORM
  LIGHT RAIN
  FOG


RELATIVE HUMIDITY (PERCENT)
 HIGHEST   100          1200 AM
 LOWEST     45          1200 PM
 AVERAGE    73

..........................................................


THE MANSFIELD OH CLIMATE NORMALS FOR TODAY
                         NORMAL    RECORD    YEAR
 MAXIMUM TEMPERATURE (F)   62        84      1985
 MINIMUM TEMPERATURE (F)   40        25      1981


SUNRISE AND SUNSET
APRIL 21 2017.........SUNRISE   642 AM EDT   SUNSET   816 PM EDT
APRIL 22 2017.........SUNRISE   640 AM EDT   SUNSET   817 PM EDT


-  INDICATES NEGATIVE NUMBERS.
R  INDICATES RECORD WAS SET OR TIED.
MM INDICATES DATA IS MISSING.
T  INDICATES TRACE AMOUNT.




$$
