000
CDUS41 KCLE 080527
CLIMFD


CLIMATE REPORT
NATIONAL WEATHER SERVICE CLEVELAND OH
126 AM EDT FRI JUL 8 2016


...................................

...THE MANSFIELD OH CLIMATE SUMMARY FOR JULY 7 2016...

CLIMATE NORMAL PERIOD 1981 TO 2010
CLIMATE RECORD PERIOD 1916 TO 2016


WEATHER ITEM   OBSERVED TIME   RECORD YEAR NORMAL DEPARTURE LAST
                VALUE   (LST)  VALUE       VALUE  FROM      YEAR
                                                  NORMAL
..................................................................
TEMPERATURE (F)
 YESTERDAY
  MAXIMUM         89    418 PM 100    1988  82      7       82
  MINIMUM         67    452 AM  45    1959  61      6       61
                                      1945
  AVERAGE         78                        72      6       72

PRECIPITATION (IN)
  YESTERDAY        0.00                      0.15  -0.15     0.37
  MONTH TO DATE    0.19                      1.03  -0.84     0.37
  SINCE JUN 1      2.28                      5.78  -3.50     7.81
  SINCE JAN 1     18.68                     23.11  -4.43    25.60

SNOWFALL (IN)
  YESTERDAY        0.0                       0.0    0.0      0.0
  MONTH TO DATE    0.0                       0.0    0.0      0.0
  SINCE JUN 1      0.0                       0.0    0.0      0.0
  SINCE JUL 1      0.0                       0.0    0.0      0.0
  SNOW DEPTH       0

DEGREE DAYS
 HEATING
  YESTERDAY        0                         0      0        0
  MONTH TO DATE    1                         0      1        0
  SINCE JUN 1     14                        53    -39       33
  SINCE JUL 1      1                         0      1        0

 COOLING
  YESTERDAY       13                         7      6        7
  MONTH TO DATE   39                        49    -10       23
  SINCE JUN 1    221                       183     38      179
  SINCE JAN 1    283                       229     54      297
..................................................................


WIND (MPH)
  HIGHEST WIND SPEED    15   HIGHEST WIND DIRECTION    SW (240)
  HIGHEST GUST SPEED    20   HIGHEST GUST DIRECTION    SW (240)
  AVERAGE WIND SPEED     8.1


SKY COVER
  POSSIBLE SUNSHINE  MM
  AVERAGE SKY COVER 0.2


WEATHER CONDITIONS
 THE FOLLOWING WEATHER WAS RECORDED YESTERDAY.
  FOG


RELATIVE HUMIDITY (PERCENT)
 HIGHEST   100           500 AM
 LOWEST     55           100 PM
 AVERAGE    78

..........................................................


THE MANSFIELD OH CLIMATE NORMALS FOR TODAY
                         NORMAL    RECORD    YEAR
 MAXIMUM TEMPERATURE (F)   82        98      1988
 MINIMUM TEMPERATURE (F)   61        45      1959


SUNRISE AND SUNSET
JULY  8 2016..........SUNRISE   607 AM EDT   SUNSET   903 PM EDT
JULY  9 2016..........SUNRISE   607 AM EDT   SUNSET   903 PM EDT


-  INDICATES NEGATIVE NUMBERS.
R  INDICATES RECORD WAS SET OR TIED.
MM INDICATES DATA IS MISSING.
T  INDICATES TRACE AMOUNT.




$$
