000
CDUS41 KCLE 042214
CLIMFD


CLIMATE REPORT
NATIONAL WEATHER SERVICE CLEVELAND OH
512 PM EST SAT FEB 4 2017


...................................

...THE MANSFIELD OH CLIMATE SUMMARY FOR FEBRUARY 4 2017...
VALID TODAY AS OF 0500 PM LOCAL TIME.

CLIMATE NORMAL PERIOD 1981 TO 2010
CLIMATE RECORD PERIOD 1916 TO 2017


WEATHER ITEM   OBSERVED TIME   RECORD YEAR NORMAL DEPARTURE LAST
                VALUE   (LST)  VALUE       VALUE  FROM      YEAR
                                                  NORMAL
..................................................................
TEMPERATURE (F)
 TODAY
  MAXIMUM         31    109 PM  58    1991  34     -3       35
                                      1924
  MINIMUM         12    523 AM  -7    1996  19     -7       24
  AVERAGE         22                        26     -4       30

PRECIPITATION (IN)
  TODAY            0.00                      0.09  -0.09      T
  MONTH TO DATE    T                         0.34  -0.34     0.71
  SINCE DEC 1      9.05                      6.50   2.55     6.41
  SINCE JAN 1      5.91                      3.21   2.70     2.25

SNOWFALL (IN)
  TODAY            0.0                       0.4   -0.4       T
  MONTH TO DATE    T                         1.7   -1.7       T
  SINCE DEC 1     17.6                      25.5   -7.9      8.9
  SINCE JUL 1     17.8                      28.2  -10.4      8.9
  SNOW DEPTH       0

DEGREE DAYS
 HEATING
  TODAY           43                        39      4       35
  MONTH TO DATE  158                       156      2      105
  SINCE DEC 1   2260                      2475   -215     1977
  SINCE JUL 1   3137                      3756   -619     2917

 COOLING
  TODAY            0                         0      0        0
  MONTH TO DATE    0                         0      0        0
  SINCE DEC 1      0                         0      0        0
  SINCE JAN 1      0                         0      0        0
..................................................................


WIND (MPH)
  HIGHEST WIND SPEED    17   HIGHEST WIND DIRECTION     S (200)
  HIGHEST GUST SPEED    22   HIGHEST GUST DIRECTION     S (200)


SKY COVER
  POSSIBLE SUNSHINE  MM
  AVERAGE SKY COVER 0.0


WEATHER CONDITIONS
 THE FOLLOWING WEATHER WAS RECORDED TODAY.
  NO SIGNIFICANT WEATHER WAS OBSERVED.


RELATIVE HUMIDITY (PERCENT)
 HIGHEST    76           500 AM
 LOWEST     39          1200 PM
 AVERAGE    58

..........................................................


THE MANSFIELD OH CLIMATE NORMALS FOR TOMORROW
                         NORMAL    RECORD    YEAR
 MAXIMUM TEMPERATURE (F)   34        60      1938
 MINIMUM TEMPERATURE (F)   19       -17      1918


SUNRISE AND SUNSET
FEBRUARY  4 2017......SUNRISE   737 AM EST   SUNSET   552 PM EST
FEBRUARY  5 2017......SUNRISE   736 AM EST   SUNSET   553 PM EST


-  INDICATES NEGATIVE NUMBERS.
R  INDICATES RECORD WAS SET OR TIED.
MM INDICATES DATA IS MISSING.
T  INDICATES TRACE AMOUNT.




$$
