000
CDUS41 KCLE 120527
CLIMFD


CLIMATE REPORT
NATIONAL WEATHER SERVICE CLEVELAND OH
1226 AM EST SUN MAR 12 2017


...................................

...THE MANSFIELD OH CLIMATE SUMMARY FOR MARCH 11 2017...

CLIMATE NORMAL PERIOD 1981 TO 2010
CLIMATE RECORD PERIOD 1916 TO 2017


WEATHER ITEM   OBSERVED TIME   RECORD YEAR NORMAL DEPARTURE LAST
                VALUE   (LST)  VALUE       VALUE  FROM      YEAR
                                                  NORMAL
..................................................................
TEMPERATURE (F)
 YESTERDAY
  MAXIMUM         28    509 PM  72    1990  44    -16       47
  MINIMUM         14    716 AM   5    1960  26    -12       35
  AVERAGE         21                        35    -14       41

PRECIPITATION (IN)
  YESTERDAY        0.00                      0.10  -0.10     0.00
  MONTH TO DATE    1.71                      1.05   0.66     1.77
  SINCE MAR 1      1.71                      1.05   0.66     1.77
  SINCE JAN 1      9.57                      6.31   3.26     6.67

SNOWFALL (IN)
  YESTERDAY        0.0                       0.3   -0.3      0.0
  MONTH TO DATE    2.7                       3.6   -0.9      3.0
  SINCE MAR 1      2.7                       3.6   -0.9      3.0
  SINCE JUL 1     24.3                      41.5  -17.2     23.4
  SNOW DEPTH       2

DEGREE DAYS
 HEATING
  YESTERDAY       44                        30     14       24
  MONTH TO DATE  313                       348    -35      267
  SINCE MAR 1    313                       348    -35      267
  SINCE JUL 1   3983                      4973   -990     4039

 COOLING
  YESTERDAY        0                         0      0        0
  MONTH TO DATE    0                         0      0        0
  SINCE MAR 1      0                         0      0        0
  SINCE JAN 1      0                         0      0        0
..................................................................


WIND (MPH)
  HIGHEST WIND SPEED    22   HIGHEST WIND DIRECTION    NW (320)
  HIGHEST GUST SPEED    26   HIGHEST GUST DIRECTION    NW (320)
  AVERAGE WIND SPEED     8.3


SKY COVER
  POSSIBLE SUNSHINE  MM
  AVERAGE SKY COVER 0.2


WEATHER CONDITIONS
 THE FOLLOWING WEATHER WAS RECORDED YESTERDAY.
  NO SIGNIFICANT WEATHER WAS OBSERVED.


RELATIVE HUMIDITY (PERCENT)
 HIGHEST    67          1000 PM
 LOWEST     42           500 PM
 AVERAGE    55

..........................................................


THE MANSFIELD OH CLIMATE NORMALS FOR TODAY
                         NORMAL    RECORD    YEAR
 MAXIMUM TEMPERATURE (F)   44        72      1990
 MINIMUM TEMPERATURE (F)   27       -20      1948


SUNRISE AND SUNSET
MARCH 12 2017.........SUNRISE   746 AM EDT   SUNSET   734 PM EDT
MARCH 13 2017.........SUNRISE   745 AM EDT   SUNSET   735 PM EDT


-  INDICATES NEGATIVE NUMBERS.
R  INDICATES RECORD WAS SET OR TIED.
MM INDICATES DATA IS MISSING.
T  INDICATES TRACE AMOUNT.




$$
