000
CDUS41 KCLE 050539
CLIMFD


CLIMATE REPORT
NATIONAL WEATHER SERVICE CLEVELAND OH
139 AM EDT TUE JUL 5 2016


...................................

...THE MANSFIELD OH CLIMATE SUMMARY FOR JULY 4 2016...

CLIMATE NORMAL PERIOD 1981 TO 2010
CLIMATE RECORD PERIOD 1916 TO 2016


WEATHER ITEM   OBSERVED TIME   RECORD YEAR NORMAL DEPARTURE LAST
                VALUE   (LST)  VALUE       VALUE  FROM      YEAR
                                                  NORMAL
..................................................................
TEMPERATURE (F)
 YESTERDAY
  MAXIMUM         73    146 PM  96    2012  82     -9       78
  MINIMUM         57    247 AM  42    1940  61     -4       54
  AVERAGE         65                        71     -6       66

PRECIPITATION (IN)
  YESTERDAY        0.03                      0.15  -0.12     0.00
  MONTH TO DATE    0.10                      0.59  -0.49     0.00
  SINCE JUN 1      2.19                      5.34  -3.15     7.44
  SINCE JAN 1     18.59                     22.67  -4.08    25.23

SNOWFALL (IN)
  YESTERDAY        0.0                       0.0    0.0      0.0
  MONTH TO DATE    0.0                       0.0    0.0      0.0
  SINCE JUN 1      0.0                       0.0    0.0      0.0
  SINCE JUL 1      0.0                       0.0    0.0      0.0
  SNOW DEPTH       0

DEGREE DAYS
 HEATING
  YESTERDAY        0                         0      0        0
  MONTH TO DATE    1                         0      1        0
  SINCE JUN 1     14                        53    -39       33
  SINCE JUL 1      1                         0      1        0

 COOLING
  YESTERDAY        0                         7     -7        1
  MONTH TO DATE    3                        28    -25        7
  SINCE JUN 1    185                       162     23      163
  SINCE JAN 1    247                       208     39      281
..................................................................


WIND (MPH)
  HIGHEST WIND SPEED    15   HIGHEST WIND DIRECTION    SE (130)
  HIGHEST GUST SPEED    18   HIGHEST GUST DIRECTION    SE (130)
  AVERAGE WIND SPEED     6.2


SKY COVER
  POSSIBLE SUNSHINE  MM
  AVERAGE SKY COVER 0.3


WEATHER CONDITIONS
 THE FOLLOWING WEATHER WAS RECORDED YESTERDAY.
  LIGHT RAIN


RELATIVE HUMIDITY (PERCENT)
 HIGHEST    90          1200 AM
 LOWEST     90          1200 AM
 AVERAGE    90

..........................................................


THE MANSFIELD OH CLIMATE NORMALS FOR TODAY
                         NORMAL    RECORD    YEAR
 MAXIMUM TEMPERATURE (F)   82        95      1988
 MINIMUM TEMPERATURE (F)   61        45      1979
                                             1940


SUNRISE AND SUNSET
JULY  5 2016..........SUNRISE   605 AM EDT   SUNSET   904 PM EDT
JULY  6 2016..........SUNRISE   605 AM EDT   SUNSET   904 PM EDT


-  INDICATES NEGATIVE NUMBERS.
R  INDICATES RECORD WAS SET OR TIED.
MM INDICATES DATA IS MISSING.
T  INDICATES TRACE AMOUNT.




$$
