000
CDUS41 KCLE 312113
CLIMFD


CLIMATE REPORT
NATIONAL WEATHER SERVICE CLEVELAND OH
512 PM EDT TUE OCT 31 2017


...................................

...THE MANSFIELD OH CLIMATE SUMMARY FOR OCTOBER 31 2017...
VALID TODAY AS OF 0500 PM LOCAL TIME.

CLIMATE NORMAL PERIOD 1981 TO 2010
CLIMATE RECORD PERIOD 1916 TO 2017


WEATHER ITEM   OBSERVED TIME   RECORD YEAR NORMAL DEPARTURE LAST
                VALUE   (LST)  VALUE       VALUE  FROM      YEAR
                                                  NORMAL
..................................................................
TEMPERATURE (F)
 TODAY
  MAXIMUM         41    208 PM  78    1950  56    -15       54
  MINIMUM         34    530 AM  22    1988  38     -4       37
                                      1925
  AVERAGE         38                        47     -9       46

PRECIPITATION (IN)
  TODAY            0.00                      0.11  -0.11     0.00
  MONTH TO DATE    2.93                      2.94  -0.01     3.47
  SINCE SEP 1      4.53                      6.26  -1.73     7.18
  SINCE JAN 1     41.11                     37.09   4.02    30.81

SNOWFALL (IN)
  TODAY            0.0                       0.0    0.0      0.0
  MONTH TO DATE    T                         0.5   -0.5      0.0
  SINCE SEP 1      T                         0.5   -0.5      0.0
  SINCE JUL 1      T                         0.5   -0.5      0.0
  SNOW DEPTH       0

DEGREE DAYS
 HEATING
  TODAY           27                        18      9       19
  MONTH TO DATE  272                       418   -146      274
  SINCE SEP 1    362                       543   -181      308
  SINCE JUL 1    376                       568   -192      309

 COOLING
  TODAY            0                         0      0        0
  MONTH TO DATE   19                         7     12       28
  SINCE SEP 1    131                        70     61      174
  SINCE JAN 1    748                       632    116     1078
..................................................................


WIND (MPH)
  HIGHEST WIND SPEED    20   HIGHEST WIND DIRECTION    SW (220)
  HIGHEST GUST SPEED    27   HIGHEST GUST DIRECTION     W (260)


SKY COVER
  POSSIBLE SUNSHINE  MM
  AVERAGE SKY COVER 0.8


WEATHER CONDITIONS
 THE FOLLOWING WEATHER WAS RECORDED TODAY.
  NO SIGNIFICANT WEATHER WAS OBSERVED.


RELATIVE HUMIDITY (PERCENT)
 HIGHEST    79          1200 AM
 LOWEST     46           200 PM
 AVERAGE    63

..........................................................


THE MANSFIELD OH CLIMATE NORMALS FOR TOMORROW
                         NORMAL    RECORD    YEAR
 MAXIMUM TEMPERATURE (F)   56        79      2016
 MINIMUM TEMPERATURE (F)   38        23      1949
                                             1925


SUNRISE AND SUNSET
OCTOBER 31 2017.......SUNRISE   800 AM EDT   SUNSET   627 PM EDT
NOVEMBER  1 2017......SUNRISE   801 AM EDT   SUNSET   626 PM EDT


-  INDICATES NEGATIVE NUMBERS.
R  INDICATES RECORD WAS SET OR TIED.
MM INDICATES DATA IS MISSING.
T  INDICATES TRACE AMOUNT.




$$
