000
CDUS41 KCLE 192211
CLIMFD


CLIMATE REPORT
NATIONAL WEATHER SERVICE CLEVELAND OH
511 PM EST SAT NOV 19 2016


...................................

...THE MANSFIELD OH CLIMATE SUMMARY FOR NOVEMBER 19 2016...
VALID TODAY AS OF 0500 PM LOCAL TIME.

CLIMATE NORMAL PERIOD 1981 TO 2010
CLIMATE RECORD PERIOD 1916 TO 2016


WEATHER ITEM   OBSERVED TIME   RECORD YEAR NORMAL DEPARTURE LAST
                VALUE   (LST)  VALUE       VALUE  FROM      YEAR
                                                  NORMAL
..................................................................
TEMPERATURE (F)
 TODAY
  MAXIMUM         65    142 AM  69    1985  48     17       60
  MINIMUM         32    459 PM  12    2014  32      0       36
  AVERAGE         49                        40      9       48

PRECIPITATION (IN)
  TODAY            0.16                      0.13   0.03     0.06
  MONTH TO DATE    0.50                      2.41  -1.91     1.30
  SINCE SEP 1      7.68                      8.67  -0.99     6.44
  SINCE JAN 1     31.31                     39.50  -8.19    34.43

SNOWFALL (IN)
  TODAY            T                         0.0    0.0      0.0
  MONTH TO DATE    T                         0.9   -0.9      0.0
  SINCE SEP 1      T                         1.4   -1.4      0.0
  SINCE JUL 1      T                         1.4   -1.4      0.0
  SNOW DEPTH       0

DEGREE DAYS
 HEATING
  TODAY           16                        25     -9       17
  MONTH TO DATE  278                       409   -131      252
  SINCE SEP 1    586                       952   -366      642
  SINCE JUL 1    587                       977   -390      659

 COOLING
  TODAY            0                         0      0        0
  MONTH TO DATE    6                         0      6        4
  SINCE SEP 1    180                        70    110      147
  SINCE JAN 1   1084                       632    452      778
..................................................................


WIND (MPH)
  HIGHEST WIND SPEED    26   HIGHEST WIND DIRECTION     W (250)
  HIGHEST GUST SPEED    35   HIGHEST GUST DIRECTION    SW (230)


SKY COVER
  POSSIBLE SUNSHINE  MM
  AVERAGE SKY COVER 1.0


WEATHER CONDITIONS
 THE FOLLOWING WEATHER WAS RECORDED TODAY.
  LIGHT RAIN
  SNOW
  LIGHT SNOW
  FOG
  HAZE


RELATIVE HUMIDITY (PERCENT)
 HIGHEST   100           700 AM
 LOWEST     40           100 AM
 AVERAGE    70

..........................................................


THE MANSFIELD OH CLIMATE NORMALS FOR TOMORROW
                         NORMAL    RECORD    YEAR
 MAXIMUM TEMPERATURE (F)   47        72      1931
 MINIMUM TEMPERATURE (F)   32        10      1951


SUNRISE AND SUNSET
NOVEMBER 19 2016......SUNRISE   722 AM EST   SUNSET   508 PM EST
NOVEMBER 20 2016......SUNRISE   723 AM EST   SUNSET   508 PM EST


-  INDICATES NEGATIVE NUMBERS.
R  INDICATES RECORD WAS SET OR TIED.
MM INDICATES DATA IS MISSING.
T  INDICATES TRACE AMOUNT.




$$
