889
CDUS41 KCLE 102220
CLIMFD


CLIMATE REPORT
NATIONAL WEATHER SERVICE CLEVELAND OH
514 PM EST TUE JAN 10 2017


...................................

...THE MANSFIELD OH CLIMATE SUMMARY FOR JANUARY 10 2017...
VALID TODAY AS OF 0500 PM LOCAL TIME.

CLIMATE NORMAL PERIOD 1981 TO 2010
CLIMATE RECORD PERIOD 1916 TO 2017


WEATHER ITEM   OBSERVED TIME   RECORD YEAR NORMAL DEPARTURE LAST
                VALUE   (LST)  VALUE       VALUE  FROM      YEAR
                                                  NORMAL
..................................................................
TEMPERATURE (F)
 TODAY
  MAXIMUM         42    459 PM  57    1975  33      9       47
                                      1950
  MINIMUM         28    610 AM -13    1982  18     10       14
  AVERAGE         35                        25     10       31

PRECIPITATION (IN)
  TODAY            0.25                      0.09   0.16     0.78
  MONTH TO DATE    1.22                      1.00   0.22     1.03
  SINCE DEC 1      4.36                      4.29   0.07     5.19
  SINCE JAN 1      1.22                      1.00   0.22     1.03

SNOWFALL (IN)
  TODAY            0.3                       0.4   -0.1      1.5
  MONTH TO DATE    2.3                       4.3   -2.0      1.6
  SINCE DEC 1     13.3                      14.8   -1.5      1.8
  SINCE JUL 1     13.5                      17.5   -4.0      1.8
  SNOW DEPTH       M

DEGREE DAYS
 HEATING
  TODAY           30                        40    -10       34
  MONTH TO DATE  410                       392     18      349
  SINCE DEC 1   1518                      1488     30     1029
  SINCE JUL 1   2395                      2769   -374     1969

 COOLING
  TODAY            0                         0      0        0
  MONTH TO DATE    0                         0      0        0
  SINCE DEC 1      0                         0      0        0
  SINCE JAN 1      0                         0      0        0
..................................................................


WIND (MPH)
  HIGHEST WIND SPEED    39   HIGHEST WIND DIRECTION     S (170)
  HIGHEST GUST SPEED    51   HIGHEST GUST DIRECTION     S (160)


SKY COVER
  POSSIBLE SUNSHINE  MM
  AVERAGE SKY COVER 1.0


WEATHER CONDITIONS
 THE FOLLOWING WEATHER WAS RECORDED TODAY.
  LIGHT RAIN
  LIGHT SNOW
  FOG
  HAZE


RELATIVE HUMIDITY (PERCENT)
 HIGHEST    96          1100 AM
 LOWEST     53          1200 AM
 AVERAGE    75

..........................................................


THE MANSFIELD OH CLIMATE NORMALS FOR TOMORROW
                         NORMAL    RECORD    YEAR
 MAXIMUM TEMPERATURE (F)   33        58      2013
 MINIMUM TEMPERATURE (F)   18       -13      1945


SUNRISE AND SUNSET
JANUARY 10 2017.......SUNRISE   754 AM EST   SUNSET   522 PM EST
JANUARY 11 2017.......SUNRISE   754 AM EST   SUNSET   523 PM EST


-  INDICATES NEGATIVE NUMBERS.
R  INDICATES RECORD WAS SET OR TIED.
MM INDICATES DATA IS MISSING.
T  INDICATES TRACE AMOUNT.




$$
