000
CDUS41 KCLE 180545
CLIMFD


CLIMATE REPORT
NATIONAL WEATHER SERVICE CLEVELAND OH
145 AM EDT SAT JUL 18 2015


...................................

...THE MANSFIELD OH CLIMATE SUMMARY FOR JULY 17 2015...

CLIMATE NORMAL PERIOD 1981 TO 2010
CLIMATE RECORD PERIOD 1916 TO 2015


WEATHER ITEM   OBSERVED TIME   RECORD YEAR NORMAL DEPARTURE LAST
                VALUE   (LST)  VALUE       VALUE  FROM      YEAR
                                                  NORMAL
..................................................................
TEMPERATURE (F)
 YESTERDAY
  MAXIMUM         83    449 PM 101    1931  82      1       76
  MINIMUM         63    119 AM  43    1945  62      1       51
  AVERAGE         73                        72      1       64

PRECIPITATION (IN)
  YESTERDAY        0.29                      0.14   0.15     0.00
  MONTH TO DATE    1.35                      2.48  -1.13     1.29
  SINCE JUN 1      8.79                      7.23   1.56     7.77
  SINCE JAN 1     26.58                     24.56   2.02    24.10

SNOWFALL (IN)
  YESTERDAY        0.0                       0.0    0.0      0.0
  MONTH TO DATE    0.0                       0.0    0.0      0.0
  SINCE JUN 1      0.0                       0.0    0.0      0.0
  SINCE JUL 1      0.0                       0.0    0.0      0.0
  SNOW DEPTH       0

DEGREE DAYS
 HEATING
  YESTERDAY        0                         0      0        1
  MONTH TO DATE    3                         0      3        9
  SINCE JUN 1     36                        53    -17       33
  SINCE JUL 1      3                         0      3        9

 COOLING
  YESTERDAY        8                         7      1        0
  MONTH TO DATE   58                       119    -61       87
  SINCE JUN 1    214                       253    -39      256
  SINCE JAN 1    332                       299     33      319
..................................................................


WIND (MPH)
  HIGHEST WIND SPEED    22   HIGHEST WIND DIRECTION     S (190)
  HIGHEST GUST SPEED    29   HIGHEST GUST DIRECTION     S (200)
  AVERAGE WIND SPEED    10.4


SKY COVER
  POSSIBLE SUNSHINE  MM
  AVERAGE SKY COVER 0.4


WEATHER CONDITIONS
 THE FOLLOWING WEATHER WAS RECORDED YESTERDAY.
  THUNDERSTORM
  RAIN
  LIGHT RAIN
  FOG
  HAZE


RELATIVE HUMIDITY (PERCENT)
 HIGHEST   100          1100 AM
 LOWEST     69           300 PM
 AVERAGE    85

..........................................................


THE MANSFIELD OH CLIMATE NORMALS FOR TODAY
                         NORMAL    RECORD    YEAR
 MAXIMUM TEMPERATURE (F)   82        96      1942
                                             1930
 MINIMUM TEMPERATURE (F)   62        46      1946
                                             1925


SUNRISE AND SUNSET
JULY 18 2015..........SUNRISE   614 AM EDT   SUNSET   858 PM EDT
JULY 19 2015..........SUNRISE   614 AM EDT   SUNSET   858 PM EDT


-  INDICATES NEGATIVE NUMBERS.
R  INDICATES RECORD WAS SET OR TIED.
MM INDICATES DATA IS MISSING.
T  INDICATES TRACE AMOUNT.




$$
