000
CDUS41 KCLE 200545
CLIMFD


CLIMATE REPORT
NATIONAL WEATHER SERVICE CLEVELAND OH
145 AM EDT WED AUG 20 2014


...................................

...THE MANSFIELD OH CLIMATE SUMMARY FOR AUGUST 19 2014...

CLIMATE NORMAL PERIOD 1981 TO 2010
CLIMATE RECORD PERIOD 1916 TO 2014


WEATHER ITEM   OBSERVED TIME   RECORD YEAR NORMAL DEPARTURE LAST
                VALUE   (LST)  VALUE       VALUE  FROM      YEAR
                                                  NORMAL
..................................................................
TEMPERATURE (F)
 YESTERDAY
  MAXIMUM         86    357 PM 103    1936  80      6       80
  MINIMUM         60    452 AM  42    1958  60      0       58
                                      1932
  AVERAGE         73                        70      3       69

PRECIPITATION (IN)
  YESTERDAY        0.63                      0.14   0.49     0.00
  MONTH TO DATE    3.21                      2.72   0.49     1.42
  SINCE JUN 1     12.43                     11.85   0.58    14.59
  SINCE JAN 1     28.76                     29.18  -0.42    28.46

SNOWFALL (IN)
  YESTERDAY        0.0                       0.0    0.0      0.0
  MONTH TO DATE    0.0                       0.0    0.0      0.0
  SINCE JUN 1      0.0                       0.0    0.0      0.0
  SINCE JUL 1      0.0                       0.0    0.0      0.0
  SNOW DEPTH       0

DEGREE DAYS
 HEATING
  YESTERDAY        0                         0      0        0
  MONTH TO DATE   10                         0     10       18
  SINCE JUN 1     51                        61    -10       67
  SINCE JUL 1     27                         8     19       28

 COOLING
  YESTERDAY        8                         5      3        4
  MONTH TO DATE   83                       113    -30       64
  SINCE JUN 1    389                       457    -68      450
  SINCE JAN 1    452                       503    -51      545
..................................................................


WIND (MPH)
  HIGHEST WIND SPEED    20   HIGHEST WIND DIRECTION     S (200)
  HIGHEST GUST SPEED    28   HIGHEST GUST DIRECTION     W (260)
  AVERAGE WIND SPEED     5.0


SKY COVER
  POSSIBLE SUNSHINE  MM
  AVERAGE SKY COVER 0.3


WEATHER CONDITIONS
 THE FOLLOWING WEATHER WAS RECORDED YESTERDAY.
  THUNDERSTORM
  HEAVY RAIN
  RAIN
  LIGHT RAIN
  FOG
  HAZE


RELATIVE HUMIDITY (PERCENT)
 HIGHEST    97           400 AM
 LOWEST     51           400 PM
 AVERAGE    74

..........................................................


THE MANSFIELD OH CLIMATE NORMALS FOR TODAY
                         NORMAL    RECORD    YEAR
 MAXIMUM TEMPERATURE (F)   80        93      1983
                                             1937
 MINIMUM TEMPERATURE (F)   60        35      1927


SUNRISE AND SUNSET
AUGUST 20 2014........SUNRISE   645 AM EDT   SUNSET   821 PM EDT
AUGUST 21 2014........SUNRISE   646 AM EDT   SUNSET   820 PM EDT


-  INDICATES NEGATIVE NUMBERS.
R  INDICATES RECORD WAS SET OR TIED.
MM INDICATES DATA IS MISSING.
T  INDICATES TRACE AMOUNT.




$$
