000
CDUS41 KCLE 032111
CLIMFD


CLIMATE REPORT
NATIONAL WEATHER SERVICE CLEVELAND OH
511 PM EDT THU JUL 3 2014


...................................

...THE MANSFIELD OH CLIMATE SUMMARY FOR JULY 3 2014...
VALID TODAY AS OF 0500 PM LOCAL TIME.

CLIMATE NORMAL PERIOD 1981 TO 2010
CLIMATE RECORD PERIOD 1916 TO 2014


WEATHER ITEM   OBSERVED TIME   RECORD YEAR NORMAL DEPARTURE LAST
                VALUE   (LST)  VALUE       VALUE  FROM      YEAR
                                                  NORMAL
..................................................................
TEMPERATURE (F)
 TODAY
  MAXIMUM         74   1217 PM  93    1966  82     -8       84
                                      1949
                                      1934
  MINIMUM         62    411 AM  44    1945  61      1       65
                                      1940
  AVERAGE         68                        71     -3       75

PRECIPITATION (IN)
  TODAY            0.04                      0.15  -0.11     0.32
  MONTH TO DATE    0.98                      0.44   0.54     0.57
  SINCE JUN 1      7.46                      5.19   2.27     7.56
  SINCE JAN 1     23.79                     22.52   1.27    21.43

SNOWFALL (IN)
  TODAY            0.0                       0.0    0.0      0.0
  MONTH TO DATE    0.0                       0.0    0.0      0.0
  SINCE JUN 1      0.0                       0.0    0.0      0.0
  SINCE JUL 1      0.0                       0.0    0.0      0.0
  SNOW DEPTH       0

DEGREE DAYS
 HEATING
  TODAY            0                         0      0        0
  MONTH TO DATE    0                         0      0        0
  SINCE JUN 1     24                        53    -29       39
  SINCE JUL 1      0                         0      0        0

 COOLING
  TODAY            3                         7     -4       10
  MONTH TO DATE   26                        21      5       23
  SINCE JUN 1    195                       155     40      171
  SINCE JAN 1    258                       201     57      266
..................................................................


WIND (MPH)
  HIGHEST WIND SPEED    15   HIGHEST WIND DIRECTION    NW (310)
  HIGHEST GUST SPEED    23   HIGHEST GUST DIRECTION     W (260)


SKY COVER
  POSSIBLE SUNSHINE  MM
  AVERAGE SKY COVER 0.8


WEATHER CONDITIONS
 THE FOLLOWING WEATHER WAS RECORDED TODAY.
  FOG


RELATIVE HUMIDITY (PERCENT)
 HIGHEST   100           300 AM
 LOWEST     61          1200 PM
 AVERAGE    81

..........................................................


THE MANSFIELD OH CLIMATE NORMALS FOR TOMORROW
                         NORMAL    RECORD    YEAR
 MAXIMUM TEMPERATURE (F)   82        96      2012
 MINIMUM TEMPERATURE (F)   61        42      1940


SUNRISE AND SUNSET
JULY  3 2014..........SUNRISE   603 AM EDT   SUNSET   905 PM EDT
JULY  4 2014..........SUNRISE   604 AM EDT   SUNSET   905 PM EDT


-  INDICATES NEGATIVE NUMBERS.
R  INDICATES RECORD WAS SET OR TIED.
MM INDICATES DATA IS MISSING.
T  INDICATES TRACE AMOUNT.




$$
