000
CDUS41 KCLE 182216
CLIMFD


CLIMATE REPORT
NATIONAL WEATHER SERVICE CLEVELAND OH
515 PM EST FRI NOV 18 2016


...................................

...THE MANSFIELD OH CLIMATE SUMMARY FOR NOVEMBER 18 2016...
VALID TODAY AS OF 0500 PM LOCAL TIME.

CLIMATE NORMAL PERIOD 1981 TO 2010
CLIMATE RECORD PERIOD 1916 TO 2016


WEATHER ITEM   OBSERVED TIME   RECORD YEAR NORMAL DEPARTURE LAST
                VALUE   (LST)  VALUE       VALUE  FROM      YEAR
                                                  NORMAL
..................................................................
TEMPERATURE (F)
 TODAY
  MAXIMUM         73R   329 PM  71    1971  48     25       68
  MINIMUM         51    329 AM   7    1959  32     19       57
  AVERAGE         62                        40     22       63

PRECIPITATION (IN)
  TODAY            0.00                      0.14  -0.14     0.09
  MONTH TO DATE    0.34                      2.28  -1.94     1.24
  SINCE SEP 1      7.52                      8.54  -1.02     6.38
  SINCE JAN 1     31.15                     39.37  -8.22    34.37

SNOWFALL (IN)
  TODAY            0.0                       0.1   -0.1      0.0
  MONTH TO DATE    0.0                       0.9   -0.9      0.0
  SINCE SEP 1      0.0                       1.4   -1.4      0.0
  SINCE JUL 1      0.0                       1.4   -1.4      0.0
  SNOW DEPTH       0

DEGREE DAYS
 HEATING
  TODAY            3                        25    -22        2
  MONTH TO DATE  262                       384   -122      235
  SINCE SEP 1    570                       927   -357      625
  SINCE JUL 1    571                       952   -381      642

 COOLING
  TODAY            0                         0      0        0
  MONTH TO DATE    6                         0      6        4
  SINCE SEP 1    180                        70    110      147
  SINCE JAN 1   1084                       632    452      778
..................................................................


WIND (MPH)
  HIGHEST WIND SPEED    23   HIGHEST WIND DIRECTION     S (180)
  HIGHEST GUST SPEED    32   HIGHEST GUST DIRECTION     S (170)


SKY COVER
  POSSIBLE SUNSHINE  MM
  AVERAGE SKY COVER 0.0


WEATHER CONDITIONS
 THE FOLLOWING WEATHER WAS RECORDED TODAY.
  NO SIGNIFICANT WEATHER WAS OBSERVED.


RELATIVE HUMIDITY (PERCENT)
 HIGHEST    66           300 AM
 LOWEST     38           300 PM
 AVERAGE    52

..........................................................


THE MANSFIELD OH CLIMATE NORMALS FOR TOMORROW
                         NORMAL    RECORD    YEAR
 MAXIMUM TEMPERATURE (F)   48        69      1985
 MINIMUM TEMPERATURE (F)   32        12      2014


SUNRISE AND SUNSET
NOVEMBER 18 2016......SUNRISE   721 AM EST   SUNSET   509 PM EST
NOVEMBER 19 2016......SUNRISE   722 AM EST   SUNSET   508 PM EST


-  INDICATES NEGATIVE NUMBERS.
R  INDICATES RECORD WAS SET OR TIED.
MM INDICATES DATA IS MISSING.
T  INDICATES TRACE AMOUNT.




$$
