000
CDUS41 KCLE 250527
CLIMFD


CLIMATE REPORT
NATIONAL WEATHER SERVICE CLEVELAND OH
127 AM EDT TUE APR 25 2017


...................................

...THE MANSFIELD OH CLIMATE SUMMARY FOR APRIL 24 2017...

CLIMATE NORMAL PERIOD 1981 TO 2010
CLIMATE RECORD PERIOD 1916 TO 2017


WEATHER ITEM   OBSERVED TIME   RECORD YEAR NORMAL DEPARTURE LAST
                VALUE   (LST)  VALUE       VALUE  FROM      YEAR
                                                  NORMAL
..................................................................
TEMPERATURE (F)
 YESTERDAY
  MAXIMUM         73    341 PM  87    1925  63     10       69
  MINIMUM         43    537 AM  24    1930  41      2       35
  AVERAGE         58                        52      6       52

PRECIPITATION (IN)
  YESTERDAY        0.00                      0.13  -0.13     0.00
  MONTH TO DATE    2.53                      3.34  -0.81     2.18
  SINCE MAR 1      6.29                      6.73  -0.44     6.33
  SINCE JAN 1     14.15                     11.99   2.16    11.23

SNOWFALL (IN)
  YESTERDAY        0.0                       0.0    0.0      0.0
  MONTH TO DATE    4.3                       2.4    1.9      4.2
  SINCE MAR 1     15.0                      10.2    4.8      7.2
  SINCE JUL 1     36.6                      48.1  -11.5     27.6
  SNOW DEPTH       0

DEGREE DAYS
 HEATING
  YESTERDAY        7                        13     -6       13
  MONTH TO DATE  254                       420   -166      449
  SINCE MAR 1   1076                      1285   -209     1068
  SINCE JUL 1   4746                      5910  -1164     4840

 COOLING
  YESTERDAY        0                         0      0        0
  MONTH TO DATE   14                         0     14        0
  SINCE MAR 1     14                         1     13        0
  SINCE JAN 1     14                         1     13        0
..................................................................


WIND (MPH)
  HIGHEST WIND SPEED    24   HIGHEST WIND DIRECTION    NE (60)
  HIGHEST GUST SPEED    31   HIGHEST GUST DIRECTION    SE (120)
  AVERAGE WIND SPEED    13.0


SKY COVER
  POSSIBLE SUNSHINE  MM
  AVERAGE SKY COVER 0.2


WEATHER CONDITIONS
 THE FOLLOWING WEATHER WAS RECORDED YESTERDAY.
  NO SIGNIFICANT WEATHER WAS OBSERVED.


RELATIVE HUMIDITY (PERCENT)
 HIGHEST    71          1100 PM
 LOWEST     17          1200 PM
 AVERAGE    44

..........................................................


THE MANSFIELD OH CLIMATE NORMALS FOR TODAY
                         NORMAL    RECORD    YEAR
 MAXIMUM TEMPERATURE (F)   63        85      2009
                                             1990
 MINIMUM TEMPERATURE (F)   41        24      1919


SUNRISE AND SUNSET
APRIL 25 2017.........SUNRISE   636 AM EDT   SUNSET   820 PM EDT
APRIL 26 2017.........SUNRISE   635 AM EDT   SUNSET   821 PM EDT


-  INDICATES NEGATIVE NUMBERS.
R  INDICATES RECORD WAS SET OR TIED.
MM INDICATES DATA IS MISSING.
T  INDICATES TRACE AMOUNT.




$$
