000
CDUS41 KCLE 110527
CLIMFD


CLIMATE REPORT
NATIONAL WEATHER SERVICE CLEVELAND OH
127 AM EDT MON APR 11 2016


...................................

...THE MANSFIELD OH CLIMATE SUMMARY FOR APRIL 10 2016...

CLIMATE NORMAL PERIOD 1981 TO 2010
CLIMATE RECORD PERIOD 1916 TO 2016


WEATHER ITEM   OBSERVED TIME   RECORD YEAR NORMAL DEPARTURE LAST
                VALUE   (LST)  VALUE       VALUE  FROM      YEAR
                                                  NORMAL
..................................................................
TEMPERATURE (F)
 YESTERDAY
  MAXIMUM         48   1159 PM  82    2011  57     -9       68
  MINIMUM         16R   103 AM  18    1997  36    -20       46
                                      1989
  AVERAGE         32                        47    -15       57

PRECIPITATION (IN)
  YESTERDAY        0.09                      0.15  -0.06     0.24
  MONTH TO DATE    1.33                      1.39  -0.06     4.36
  SINCE MAR 1      5.48                      4.78   0.70     7.23
  SINCE JAN 1     10.38                     10.04   0.34    12.39

SNOWFALL (IN)
  YESTERDAY        T                         0.1   -0.1      0.0
  MONTH TO DATE    4.2                       1.4    2.8      0.0
  SINCE MAR 1      7.2                       9.2   -2.0     10.7
  SINCE JUL 1     27.6                      47.1  -19.5     63.2
  SNOW DEPTH       0

DEGREE DAYS
 HEATING
  YESTERDAY       33                        18     15        8
  MONTH TO DATE  279                       202     77      132
  SINCE MAR 1    898                      1067   -169     1085
  SINCE JUL 1   4670                      5692  -1022     6157

 COOLING
  YESTERDAY        0                         0      0        0
  MONTH TO DATE    0                         0      0        0
  SINCE MAR 1      0                         1     -1        0
  SINCE JAN 1      0                         1     -1        0
..................................................................


WIND (MPH)
  HIGHEST WIND SPEED    25   HIGHEST WIND DIRECTION     S (160)
  HIGHEST GUST SPEED    31   HIGHEST GUST DIRECTION     S (160)
  AVERAGE WIND SPEED    14.7


SKY COVER
  POSSIBLE SUNSHINE  MM
  AVERAGE SKY COVER 0.8


WEATHER CONDITIONS
 THE FOLLOWING WEATHER WAS RECORDED YESTERDAY.
  LIGHT RAIN
  LIGHT SNOW


RELATIVE HUMIDITY (PERCENT)
 HIGHEST   100          1200 AM
 LOWEST     53           500 PM
 AVERAGE    77

..........................................................


THE MANSFIELD OH CLIMATE NORMALS FOR TODAY
                         NORMAL    RECORD    YEAR
 MAXIMUM TEMPERATURE (F)   58        87      1930
 MINIMUM TEMPERATURE (F)   37        21      1976
                                             1943


SUNRISE AND SUNSET
APRIL 11 2016.........SUNRISE   657 AM EDT   SUNSET   806 PM EDT
APRIL 12 2016.........SUNRISE   655 AM EDT   SUNSET   807 PM EDT


-  INDICATES NEGATIVE NUMBERS.
R  INDICATES RECORD WAS SET OR TIED.
MM INDICATES DATA IS MISSING.
T  INDICATES TRACE AMOUNT.




$$
