712
CDUS41 KCLE 140532
CLIMFD


CLIMATE REPORT
NATIONAL WEATHER SERVICE CLEVELAND OH
130 AM EDT THU JUL 14 2016


...................................

...THE MANSFIELD OH CLIMATE SUMMARY FOR JULY 13 2016...

CLIMATE NORMAL PERIOD 1981 TO 2010
CLIMATE RECORD PERIOD 1916 TO 2016


WEATHER ITEM   OBSERVED TIME   RECORD YEAR NORMAL DEPARTURE LAST
                VALUE   (LST)  VALUE       VALUE  FROM      YEAR
                                                  NORMAL
..................................................................
TEMPERATURE (F)
 YESTERDAY
  MAXIMUM         91    521 PM  98    1936  82      9       79
  MINIMUM         69   1155 PM  45    1940  62      7       64
  AVERAGE         80                        72      8       72

PRECIPITATION (IN)
  YESTERDAY        0.38                      0.14   0.24     0.00
  MONTH TO DATE    0.71                      1.92  -1.21     0.81
  SINCE JUN 1      2.80                      6.67  -3.87     8.25
  SINCE JAN 1     19.20                     24.00  -4.80    26.04

SNOWFALL (IN)
  YESTERDAY        0.0                       0.0    0.0      0.0
  MONTH TO DATE    0.0                       0.0    0.0      0.0
  SINCE JUN 1      0.0                       0.0    0.0      0.0
  SINCE JUL 1      0.0                       0.0    0.0      0.0
  SNOW DEPTH       0

DEGREE DAYS
 HEATING
  YESTERDAY        0                         0      0        0
  MONTH TO DATE    1                         0      1        0
  SINCE JUN 1     14                        53    -39       33
  SINCE JUL 1      1                         0      1        0

 COOLING
  YESTERDAY       15                         7      8        7
  MONTH TO DATE  107                        91     16       40
  SINCE JUN 1    289                       225     64      196
  SINCE JAN 1    351                       271     80      314
..................................................................


WIND (MPH)
  HIGHEST WIND SPEED    30   HIGHEST WIND DIRECTION    SW (220)
  HIGHEST GUST SPEED    42   HIGHEST GUST DIRECTION    SW (230)
  AVERAGE WIND SPEED     9.7


SKY COVER
  POSSIBLE SUNSHINE  MM
  AVERAGE SKY COVER 0.3


WEATHER CONDITIONS
 THE FOLLOWING WEATHER WAS RECORDED YESTERDAY.
  THUNDERSTORM
  RAIN
  LIGHT RAIN
  FOG
  HAZE


RELATIVE HUMIDITY (PERCENT)
 HIGHEST    97          1100 PM
 LOWEST     47           300 PM
 AVERAGE    72

..........................................................


THE MANSFIELD OH CLIMATE NORMALS FOR TODAY
                         NORMAL    RECORD    YEAR
 MAXIMUM TEMPERATURE (F)   82       104      1936
 MINIMUM TEMPERATURE (F)   62        43      1940


SUNRISE AND SUNSET
JULY 14 2016..........SUNRISE   611 AM EDT   SUNSET   901 PM EDT
JULY 15 2016..........SUNRISE   612 AM EDT   SUNSET   900 PM EDT


-  INDICATES NEGATIVE NUMBERS.
R  INDICATES RECORD WAS SET OR TIED.
MM INDICATES DATA IS MISSING.
T  INDICATES TRACE AMOUNT.




$$
