000
CDUS41 KCLE 210552
CLIMFD


CLIMATE REPORT
NATIONAL WEATHER SERVICE CLEVELAND OH
151 AM EDT SUN JUN 21 2015


...................................

...THE MANSFIELD OH CLIMATE SUMMARY FOR JUNE 20 2015...

CLIMATE NORMAL PERIOD 1981 TO 2010
CLIMATE RECORD PERIOD 1916 TO 2015


WEATHER ITEM   OBSERVED TIME   RECORD YEAR NORMAL DEPARTURE LAST
                VALUE   (LST)  VALUE       VALUE  FROM      YEAR
                                                  NORMAL
..................................................................
TEMPERATURE (F)
 YESTERDAY
  MAXIMUM         75    708 PM  94    1988  80     -5       77
                                      1953
                                      1933
  MINIMUM         63   1202 AM  41    1947  59      4       61
  AVERAGE         69                        69      0       69

PRECIPITATION (IN)
  YESTERDAY        0.07                      0.16  -0.09     0.24
  MONTH TO DATE    4.57                      3.25   1.32     4.81
  SINCE JUN 1      4.57                      3.25   1.32     4.81
  SINCE JAN 1     22.36                     20.58   1.78    21.14

SNOWFALL (IN)
  YESTERDAY        0.0                       0.0    0.0      0.0
  MONTH TO DATE    0.0                       0.0    0.0      0.0
  SINCE JUN 1      0.0                       0.0    0.0      0.0
  SINCE JUL 1     63.2                      48.3   14.9     65.4
  SNOW DEPTH       0

DEGREE DAYS
 HEATING
  YESTERDAY        0                         1     -1        0
  MONTH TO DATE   28                        45    -17       24
  SINCE JUN 1     28                        45    -17       24
  SINCE JUL 1   6597                      6262    335     6715

 COOLING
  YESTERDAY        4                         5     -1        4
  MONTH TO DATE  116                        76     40       79
  SINCE JUN 1    116                        76     40       79
  SINCE JAN 1    234                       122    112      142
..................................................................


WIND (MPH)
  HIGHEST WIND SPEED    16   HIGHEST WIND DIRECTION    SE (120)
  HIGHEST GUST SPEED    18   HIGHEST GUST DIRECTION    SE (120)
  AVERAGE WIND SPEED     6.6


SKY COVER
  POSSIBLE SUNSHINE  MM
  AVERAGE SKY COVER 0.7


WEATHER CONDITIONS
 THE FOLLOWING WEATHER WAS RECORDED YESTERDAY.
  LIGHT RAIN
  FOG


RELATIVE HUMIDITY (PERCENT)
 HIGHEST   100           300 AM
 LOWEST     79           700 PM
 AVERAGE    90

..........................................................


THE MANSFIELD OH CLIMATE NORMALS FOR TODAY
                         NORMAL    RECORD    YEAR
 MAXIMUM TEMPERATURE (F)   80        96      1988
                                             1933
 MINIMUM TEMPERATURE (F)   59        40      1940


SUNRISE AND SUNSET
JUNE 21 2015..........SUNRISE   559 AM EDT   SUNSET   905 PM EDT
JUNE 22 2015..........SUNRISE   559 AM EDT   SUNSET   905 PM EDT


-  INDICATES NEGATIVE NUMBERS.
R  INDICATES RECORD WAS SET OR TIED.
MM INDICATES DATA IS MISSING.
T  INDICATES TRACE AMOUNT.




$$
