000
CDUS41 KCLE 102129
CLIMFD


CLIMATE REPORT
NATIONAL WEATHER SERVICE CLEVELAND OH
529 PM EDT MON APR 10 2017


...................................

...THE MANSFIELD OH CLIMATE SUMMARY FOR APRIL 10 2017...
VALID TODAY AS OF 0500 PM LOCAL TIME.

CLIMATE NORMAL PERIOD 1981 TO 2010
CLIMATE RECORD PERIOD 1916 TO 2017


WEATHER ITEM   OBSERVED TIME   RECORD YEAR NORMAL DEPARTURE LAST
                VALUE   (LST)  VALUE       VALUE  FROM      YEAR
                                                  NORMAL
..................................................................
TEMPERATURE (F)
 TODAY
  MAXIMUM         77    336 PM  82    2011  57     20       48
  MINIMUM         62    649 AM  16    2016  36     26       16
  AVERAGE         70                        47     23       32

PRECIPITATION (IN)
  TODAY            0.00                      0.15  -0.15     0.09
  MONTH TO DATE    1.53                      1.39   0.14     1.33
  SINCE MAR 1      5.29                      4.78   0.51     5.48
  SINCE JAN 1     13.15                     10.04   3.11    10.38

SNOWFALL (IN)
  TODAY            0.0                       0.1   -0.1       T
  MONTH TO DATE    4.3                       1.4    2.9      4.2
  SINCE MAR 1     15.0                       9.2    5.8      7.2
  SINCE JUL 1     36.6                      47.1  -10.5     27.6
  SNOW DEPTH       0

DEGREE DAYS
 HEATING
  TODAY            0                        18    -18       33
  MONTH TO DATE  150                       202    -52      279
  SINCE MAR 1    972                      1067    -95      898
  SINCE JUL 1   4642                      5692  -1050     4670

 COOLING
  TODAY            5                         0      5        0
  MONTH TO DATE    5                         0      5        0
  SINCE MAR 1      5                         1      4        0
  SINCE JAN 1      5                         1      4        0
..................................................................


WIND (MPH)
  HIGHEST WIND SPEED    26   HIGHEST WIND DIRECTION     S (200)
  HIGHEST GUST SPEED    36   HIGHEST GUST DIRECTION    SW (220)


SKY COVER
  POSSIBLE SUNSHINE  MM
  AVERAGE SKY COVER 0.1


WEATHER CONDITIONS
 THE FOLLOWING WEATHER WAS RECORDED TODAY.
  NO SIGNIFICANT WEATHER WAS OBSERVED.


RELATIVE HUMIDITY (PERCENT)
 HIGHEST    47          1200 PM
 LOWEST     30           200 AM
 AVERAGE    39

..........................................................


THE MANSFIELD OH CLIMATE NORMALS FOR TOMORROW
                         NORMAL    RECORD    YEAR
 MAXIMUM TEMPERATURE (F)   58        87      1930
 MINIMUM TEMPERATURE (F)   37        21      1976
                                             1943


SUNRISE AND SUNSET
APRIL 10 2017.........SUNRISE   659 AM EDT   SUNSET   805 PM EDT
APRIL 11 2017.........SUNRISE   657 AM EDT   SUNSET   806 PM EDT


-  INDICATES NEGATIVE NUMBERS.
R  INDICATES RECORD WAS SET OR TIED.
MM INDICATES DATA IS MISSING.
T  INDICATES TRACE AMOUNT.




$$
