000
CDUS41 KCLE 110536
CLIMFD


CLIMATE REPORT
NATIONAL WEATHER SERVICE CLEVELAND OH
1235 AM EST SAT MAR 11 2017


...................................

...THE MANSFIELD OH CLIMATE SUMMARY FOR MARCH 10 2017...

CLIMATE NORMAL PERIOD 1981 TO 2010
CLIMATE RECORD PERIOD 1916 TO 2017


WEATHER ITEM   OBSERVED TIME   RECORD YEAR NORMAL DEPARTURE LAST
                VALUE   (LST)  VALUE       VALUE  FROM      YEAR
                                                  NORMAL
..................................................................
TEMPERATURE (F)
 YESTERDAY
  MAXIMUM         33    301 AM  72    1973  44    -11       60
  MINIMUM         17   1159 PM   6    1984  26     -9       44
  AVERAGE         25                        35    -10       52

PRECIPITATION (IN)
  YESTERDAY        0.12                      0.10   0.02     0.79
  MONTH TO DATE    1.71                      0.95   0.76     1.77
  SINCE MAR 1      1.71                      0.95   0.76     1.77
  SINCE JAN 1      9.57                      6.21   3.36     6.67

SNOWFALL (IN)
  YESTERDAY        1.2                       0.3    0.9      0.0
  MONTH TO DATE    2.7                       3.3   -0.6      3.0
  SINCE MAR 1      2.7                       3.3   -0.6      3.0
  SINCE JUL 1     24.3                      41.2  -16.9     23.4
  SNOW DEPTH       2

DEGREE DAYS
 HEATING
  YESTERDAY       40                        30     10       13
  MONTH TO DATE  269                       318    -49      243
  SINCE MAR 1    269                       318    -49      243
  SINCE JUL 1   3939                      4943  -1004     4015

 COOLING
  YESTERDAY        0                         0      0        0
  MONTH TO DATE    0                         0      0        0
  SINCE MAR 1      0                         0      0        0
  SINCE JAN 1      0                         0      0        0
..................................................................


WIND (MPH)
  HIGHEST WIND SPEED    25   HIGHEST WIND DIRECTION    NW (310)
  HIGHEST GUST SPEED    35   HIGHEST GUST DIRECTION    NW (310)
  AVERAGE WIND SPEED    12.9


SKY COVER
  POSSIBLE SUNSHINE  MM
  AVERAGE SKY COVER 0.8


WEATHER CONDITIONS
 THE FOLLOWING WEATHER WAS RECORDED YESTERDAY.
  LIGHT SNOW
  FOG


RELATIVE HUMIDITY (PERCENT)
 HIGHEST   100          1200 AM
 LOWEST     42           600 PM
 AVERAGE    71

..........................................................


THE MANSFIELD OH CLIMATE NORMALS FOR TODAY
                         NORMAL    RECORD    YEAR
 MAXIMUM TEMPERATURE (F)   44        72      1990
 MINIMUM TEMPERATURE (F)   26         5      1960


SUNRISE AND SUNSET
MARCH 11 2017.........SUNRISE   648 AM EST   SUNSET   633 PM EST
MARCH 12 2017.........SUNRISE   746 AM EDT   SUNSET   734 PM EDT


-  INDICATES NEGATIVE NUMBERS.
R  INDICATES RECORD WAS SET OR TIED.
MM INDICATES DATA IS MISSING.
T  INDICATES TRACE AMOUNT.




$$
