000
CDUS41 KCLE 290545
CLIMFD


CLIMATE REPORT
NATIONAL WEATHER SERVICE CLEVELAND OH
145 AM EDT FRI SEP 29 2017


...................................

...THE MANSFIELD OH CLIMATE SUMMARY FOR SEPTEMBER 28 2017...

CLIMATE NORMAL PERIOD 1981 TO 2010
CLIMATE RECORD PERIOD 1916 TO 2017


WEATHER ITEM   OBSERVED TIME   RECORD YEAR NORMAL DEPARTURE LAST
                VALUE   (LST)  VALUE       VALUE  FROM      YEAR
                                                  NORMAL
..................................................................
TEMPERATURE (F)
 YESTERDAY
  MAXIMUM         68    209 PM  88    1959  68      0       59
  MINIMUM         48   1126 PM  26    1957  48      0       53
  AVERAGE         58                        58      0       56

PRECIPITATION (IN)
  YESTERDAY        0.00                      0.11  -0.11     0.96
  MONTH TO DATE    1.60                      3.12  -1.52     3.50
  SINCE SEP 1      1.60                      3.12  -1.52     3.50
  SINCE JAN 1     38.18                     33.95   4.23    27.13

SNOWFALL (IN)
  YESTERDAY        0.0                       0.0    0.0      0.0
  MONTH TO DATE    0.0                       0.0    0.0      0.0
  SINCE SEP 1      0.0                       0.0    0.0      0.0
  SINCE JUL 1      0.0                       0.0    0.0      0.0
  SNOW DEPTH       0

DEGREE DAYS
 HEATING
  YESTERDAY        7                         8     -1        9
  MONTH TO DATE   72                       107    -35       24
  SINCE SEP 1     72                       107    -35       24
  SINCE JUL 1     86                       132    -46       25

 COOLING
  YESTERDAY        0                         1     -1        0
  MONTH TO DATE  112                        62     50      146
  SINCE SEP 1    112                        62     50      146
  SINCE JAN 1    729                       624    105     1050
..................................................................


WIND (MPH)
  HIGHEST WIND SPEED    18   HIGHEST WIND DIRECTION     N (340)
  HIGHEST GUST SPEED    24   HIGHEST GUST DIRECTION    NW (320)
  AVERAGE WIND SPEED     8.1


SKY COVER
  POSSIBLE SUNSHINE  MM
  AVERAGE SKY COVER 0.2


WEATHER CONDITIONS
 THE FOLLOWING WEATHER WAS RECORDED YESTERDAY.
  NO SIGNIFICANT WEATHER WAS OBSERVED.


RELATIVE HUMIDITY (PERCENT)
 HIGHEST    86           200 AM
 LOWEST     45          1200 PM
 AVERAGE    66

..........................................................


THE MANSFIELD OH CLIMATE NORMALS FOR TODAY
                         NORMAL    RECORD    YEAR
 MAXIMUM TEMPERATURE (F)   68        92      1953
 MINIMUM TEMPERATURE (F)   47        27      1942


SUNRISE AND SUNSET
SEPTEMBER 29 2017.....SUNRISE   725 AM EDT   SUNSET   715 PM EDT
SEPTEMBER 30 2017.....SUNRISE   726 AM EDT   SUNSET   713 PM EDT


-  INDICATES NEGATIVE NUMBERS.
R  INDICATES RECORD WAS SET OR TIED.
MM INDICATES DATA IS MISSING.
T  INDICATES TRACE AMOUNT.




$$
