000
CDUS41 KCLE 240526
CLIMFD


CLIMATE REPORT
NATIONAL WEATHER SERVICE CLEVELAND OH
1225 AM EST FRI NOV 24 2017


...................................

...THE MANSFIELD OH CLIMATE SUMMARY FOR NOVEMBER 23 2017...

CLIMATE NORMAL PERIOD 1981 TO 2010
CLIMATE RECORD PERIOD 1916 TO 2017


WEATHER ITEM   OBSERVED TIME   RECORD YEAR NORMAL DEPARTURE LAST
                VALUE   (LST)  VALUE       VALUE  FROM      YEAR
                                                  NORMAL
..................................................................
TEMPERATURE (F)
 YESTERDAY
  MAXIMUM         39    359 PM  73    1931  46     -7       40
  MINIMUM         22    253 AM   6    1956  31     -9       23
  AVERAGE         31                        38     -7       32

PRECIPITATION (IN)
  YESTERDAY        0.00                      0.13  -0.13     0.06
  MONTH TO DATE    6.15                      2.94   3.21     0.58
  SINCE SEP 1     10.68                      9.20   1.48     7.76
  SINCE JAN 1     47.26                     40.03   7.23    31.39

SNOWFALL (IN)
  YESTERDAY        0.0                       0.1   -0.1      0.0
  MONTH TO DATE    0.1                       1.3   -1.2      0.2
  SINCE SEP 1      0.1                       1.8   -1.7      0.2
  SINCE JUL 1      0.1                       1.8   -1.7      0.2
  SNOW DEPTH       0

DEGREE DAYS
 HEATING
  YESTERDAY       34                        27      7       33
  MONTH TO DATE  558                       513     45      418
  SINCE SEP 1    921                      1056   -135      726
  SINCE JUL 1    935                      1081   -146      727

 COOLING
  YESTERDAY        0                         0      0        0
  MONTH TO DATE    0                         0      0        6
  SINCE SEP 1    131                        70     61      180
  SINCE JAN 1    748                       632    116     1084
..................................................................


WIND (MPH)
  HIGHEST WIND SPEED    15   HIGHEST WIND DIRECTION     S (190)
  HIGHEST GUST SPEED    19   HIGHEST GUST DIRECTION     S (180)
  AVERAGE WIND SPEED     7.8


SKY COVER
  POSSIBLE SUNSHINE  MM
  AVERAGE SKY COVER 0.4


WEATHER CONDITIONS
 THE FOLLOWING WEATHER WAS RECORDED YESTERDAY.
  NO SIGNIFICANT WEATHER WAS OBSERVED.


RELATIVE HUMIDITY (PERCENT)
 HIGHEST    92           200 AM
 LOWEST     59           100 PM
 AVERAGE    76

..........................................................


THE MANSFIELD OH CLIMATE NORMALS FOR TODAY
                         NORMAL    RECORD    YEAR
 MAXIMUM TEMPERATURE (F)   45        65      1931
 MINIMUM TEMPERATURE (F)   30         3      1956


SUNRISE AND SUNSET
NOVEMBER 24 2017......SUNRISE   728 AM EST   SUNSET   506 PM EST
NOVEMBER 25 2017......SUNRISE   729 AM EST   SUNSET   505 PM EST


-  INDICATES NEGATIVE NUMBERS.
R  INDICATES RECORD WAS SET OR TIED.
MM INDICATES DATA IS MISSING.
T  INDICATES TRACE AMOUNT.




$$
